{"id":5227,"date":"2025-06-28T17:07:54","date_gmt":"2025-06-28T15:07:54","guid":{"rendered":"https:\/\/uj.adatbank.ro\/lexikon\/termek\/bornemisza-janos-jozsef-kaszoni-br-bornemissza-jozsef-csaladneve-kaszoni-janos-jozsef-kaszoni-1717-ig\/"},"modified":"2025-06-28T17:07:54","modified_gmt":"2025-06-28T15:07:54","slug":"bornemisza-janos-jozsef-kaszoni-br-bornemissza-jozsef-csaladneve-kaszoni-janos-jozsef-kaszoni-1717-ig","status":"publish","type":"product","link":"https:\/\/uj.adatbank.ro\/lexikon\/termek\/bornemisza-janos-jozsef-kaszoni-br-bornemissza-jozsef-csaladneve-kaszoni-janos-jozsef-kaszoni-1717-ig\/","title":{"rendered":"BORNEMISZA J\u00e1nos J\u00f3zsef, k\u00e1szoni, br., Bornemissza J\u00f3zsef, Csal\u00e1dneve: K\u00e1szoni J\u00e1nos J\u00f3zsef, k\u00e1szoni (1717-ig)"},"content":{"rendered":"<p>Cs\u00edknagyk\u00e1szon, 1672 k. \u2020\u00a0B\u00e9cs, 1742. okt. 23.: kir\u00e1lyb\u00edr\u00f3, alkancell\u00e1r, fejedelmi tan\u00e1csos. \u2013 K\u00e1szoni P\u00e1l \u00e9s Sebessi Kl\u00e1ra fia. Feles\u00e9ge 1. vajdaszentiv\u00e1ni Bodoni Kl\u00e1ra (esk. 1706; \u2020 B\u00e9cs, 1707; ), 2. gr. hallerk\u0151i Haller Borb\u00e1la (1691\u20131733, esk, 1722), Haller Istv\u00e1n Torda vm. f\u0151isp\u00e1nj\u00e1nak le\u00e1nya. Gyermekeik: Ferenc, K\u00e1roly, Ign\u00e1c J\u00f3zsef (1707\u201369.), J\u00e1nos (\u20131747), Kriszti\u00e1n, Cordula, P\u00e1l (1730\u201370). \u2013 A kv.-i jezsuita iskol\u00e1ban tanult. T\u00f6bb h\u00f3napot B\u00e9csben t\u00f6lt\u00f6tt (1694). A kolozsi s\u00f3akna m\u00e9rlegmestere, b\u00e1nyafel\u00fcgyel\u0151je (1696\u2013), az erd\u00e9lyi orsz\u00e1gos ad\u00f3szed\u0151i hivatal vezet\u0151je (1701), a kincst\u00e1ri j\u00f6vedelmek f\u0151p\u00e9nzt\u00e1rnoka (1708\u2013). Cs\u00edk-, Gyergy\u00f3- \u00e9s K\u00e1szonsz\u00e9k f\u0151kir\u00e1lyb\u00edr\u00e1j\u00e1v\u00e1 nevezt\u00e9k ki (1708\u2013). K\u00e9s\u0151bb a Habsburgok szolg\u00e1lat\u00e1ba \u00e1llt. VI. K\u00e1roly koron\u00e1z\u00e1sakor B\u00e9csben a sz\u00e9kelys\u00e9g k\u00e9pvisel\u0151je (1711). Kinevezt\u00e9k az Erd\u00e9lyi Udvari Kancell\u00e1ria alkancell\u00e1rj\u00e1v\u00e1 (1713\u20131742), kieszk\u00f6z\u00f6lte a b\u00e1r\u00f3i rangot \u00e9s k\u00e1szoni el\u0151n\u00e9vvel csal\u00e1dnev\u00e9nek Bornemisz\u00e1ra v\u00e1ltoztat\u00e1s\u00e1t k\u00e9t fia Ign\u00e1cz (1707\u201369.) tordai f\u0151isp\u00e1n \u00e9s P\u00e1l (1730\u201370.) csiki f\u0151kir\u00e1lyb\u00edr\u00f3 sz\u00e1m\u00e1ra is (1717). Seg\u00edtette a szamos\u00fajv\u00e1ri \u00f6rm\u00e9nyeket a v\u00e1ros ter\u00fclet\u00e9nek megv\u00e1s\u00e1rl\u00e1s\u00e1ban (1715 k.). F\u0151korm\u00e1nysz\u00e9ki tan\u00e1csos (1721\u2013), orsz\u00e1gos eln\u00f6k (1735\u2013). Birtokszerz\u0151 tev\u00e9kenys\u00e9g\u00e9vel megalapozta a csal\u00e1d vagyon\u00e1t. 99 \u00e9vre z\u00e1logba vette a g\u00f6rg\u00e9nyi fisk\u00e1lis uradalmat (1717). Az uradalomhoz tartozott: G\u00f6rg\u00e9ny v\u00e1ra, G\u00f6rg\u00e9nyszentimre, Abaf\u00e1ja, Ludv\u00e9g, Mv., Marosillye, Hod\u00e1k, Orsova, Kincses, Kisoroszfalu, Soroph\u00e1za, Ol\u00e1h- \u00e9s Magyarb\u00f6lk\u00e9ny, H\u00e9tb\u00fckk, Radn\u00f3tf\u00e1ja, Adorj\u00e1n, Lib\u00e1nfalva, Fels\u0151- Als\u00f3k\u00f6h\u00e9r, Szentmih\u00e1lytelke. A birtok hossz\u00fa peresked\u00e9s ut\u00e1n 1870-ben ker\u00fclt vissza a kincst\u00e1r birtok\u00e1ba. A k\u00f6vetkez\u0151 \u00e9vekben G\u00f6rg\u00e9nyszentimr\u00e9n pomp\u00e1s barokk kast\u00e9lyt \u00e9p\u00edtettek \u00e9s a csal\u00e1d fel\u00faj\u00edtotta a k\u00f6z\u00e9pkori templomot \u00e9s kisk\u00e1poln\u00e1t \u00e9p\u00edtetett Szent Imre tisztelet\u00e9re (1710). A birtokra pap\u00edrmalmot, \u00fcveghut\u00e1t \u00e9s porcel\u00e1n manufakt\u00far\u00e1t telep\u00edttek. A kast\u00e9ly m\u00f6g\u00f6tt angolkertet alak\u00edtottak ki, majd ebb\u0151l alak\u00edtott\u00e1k ki a dendrol\u00f3giai parkot (1890 k.). Az abaf\u00e1ji birtokot feles\u00e9ge Haller Borb\u00e1la r\u00e9v\u00e9n szerezte meg. Vajdaszentiv\u00e1nyon is voltak birtokai. V\u00e1rmez\u0151n \u2013 k\u00e1poln\u00e1t \u00e9p\u00edttetett (18. sz. elej\u00e9n). V\u00e9grendeletileg h\u00e1rom fi\u00e1nak hagyta a birtokot, azonban Ign\u00e1c tulajdon\u00e1ba ment \u00e1t (1745). <br \/><strong>Irod.:<\/strong> \u00c1rva Bethlen K.; Bicsok\u2013Orb\u00e1n; B\u00edr\u00f3 Don\u00e1t; Fekete; Gl\u0103j\u0103rie; Gudenus; K\u00e1d\u00e1r \u2013 P\u00e1l-Antal; Kelemen Lajos 1977; Kelemen Lajos 2009; Kov\u00e1sznai; Kov\u00e1cs Zsolt: A Bornemisz\u00e1k g\u00f6rg\u00e9nyszentimrei kast\u00e9lya (Korunk, 12. sz., 2005. dec.); L\u00e9sty\u00e1n \u2013 templomok 1.; Maros megye; MNZS; Mure\u015f, jude\u0163; Nagy-Bod\u00f3 Tibor C\u00e1rok, tr\u00f3n\u00f6r\u00f6k\u00f6s\u00f6k \u00e9s kir\u00e1lyok kast\u00e9lya (N\u00fa., Sz\u00ednes Vil\u00e1g, 3. sz., 2023. jan. 20.); P\u00e1l-Antal 2002; Sz\u00e9pr\u00e9ti: R\u00e9gi \u00e9s \u00faj vil\u00e1g; Tr\u00f3cs\u00e1nyi 1988; Vajdaszentiv\u00e1ny<\/br><\/p>\n","protected":false},"excerpt":{"rendered":"<p>Cs\u00edknagyk\u00e1szon, 1672 k. \u2020\u00a0B\u00e9cs, 1742. okt. 23.: kir\u00e1lyb\u00edr\u00f3, alkancell\u00e1r, fejedelmi tan\u00e1csos. \u2013 K\u00e1szoni P\u00e1l \u00e9s Sebessi Kl\u00e1ra fia. Feles\u00e9ge 1. vajdaszentiv\u00e1ni Bodoni Kl\u00e1ra (esk. 1706; \u2020 B\u00e9cs, 1707; ), 2. gr. hallerk\u0151i Haller Borb\u00e1la (1691\u20131733, esk, 1722), Haller Istv\u00e1n Torda vm. f\u0151isp\u00e1nj\u00e1nak le\u00e1nya. Gyermekeik: Ferenc, K\u00e1roly, Ign\u00e1c J\u00f3zsef (1707\u201369.), J\u00e1nos (\u20131747), Kriszti\u00e1n, Cordula, P\u00e1l (1730\u201370). [&hellip;]<\/p>\n","protected":false},"featured_media":0,"comment_status":"open","ping_status":"closed","template":"","meta":[],"product_brand":[],"product_cat":[137],"product_tag":[],"class_list":{"0":"post-5227","1":"product","2":"type-product","3":"status-publish","5":"product_cat-maros-megyei-eletrajzi-lexikon","7":"first","8":"instock","9":"shipping-taxable","10":"product-type-simple"},"_links":{"self":[{"href":"https:\/\/uj.adatbank.ro\/lexikon\/wp-json\/wp\/v2\/product\/5227","targetHints":{"allow":["GET"]}}],"collection":[{"href":"https:\/\/uj.adatbank.ro\/lexikon\/wp-json\/wp\/v2\/product"}],"about":[{"href":"https:\/\/uj.adatbank.ro\/lexikon\/wp-json\/wp\/v2\/types\/product"}],"replies":[{"embeddable":true,"href":"https:\/\/uj.adatbank.ro\/lexikon\/wp-json\/wp\/v2\/comments?post=5227"}],"wp:attachment":[{"href":"https:\/\/uj.adatbank.ro\/lexikon\/wp-json\/wp\/v2\/media?parent=5227"}],"wp:term":[{"taxonomy":"product_brand","embeddable":true,"href":"https:\/\/uj.adatbank.ro\/lexikon\/wp-json\/wp\/v2\/product_brand?post=5227"},{"taxonomy":"product_cat","embeddable":true,"href":"https:\/\/uj.adatbank.ro\/lexikon\/wp-json\/wp\/v2\/product_cat?post=5227"},{"taxonomy":"product_tag","embeddable":true,"href":"https:\/\/uj.adatbank.ro\/lexikon\/wp-json\/wp\/v2\/product_tag?post=5227"}],"curies":[{"name":"wp","href":"https:\/\/api.w.org\/{rel}","templated":true}]}}

BORNEMISZA János József, kászoni, br., Bornemissza József, Családneve: Kászoni János József, kászoni (1717-ig)

<p>Csíknagykászon, 1672 k. † Bécs, 1742. okt. 23.: királybíró, alkancellár, fejedelmi tanácsos. – Kászoni Pál és Sebessi Klára fia. Felesége 1. vajdaszentiváni Bodoni Klára (esk. 1706; † Bécs, 1707; ), 2. gr. hallerkői Haller Borbála (1691–1733, esk, 1722), Haller István Torda vm. főispánjának leánya. Gyermekeik: Ferenc, Károly, Ignác József (1707–69.), János (–1747), Krisztián, Cordula, Pál (1730–70). – A kv.-i jezsuita iskolában tanult. Több hónapot Bécsben töltött (1694). A kolozsi sóakna mérlegmestere, bányafelügyelője (1696–), az erdélyi országos adószedői hivatal vezetője (1701), a kincstári jövedelmek főpénztárnoka (1708–). Csík-, Gyergyó- és Kászonszék főkirálybírájává nevezték ki (1708–). Később a Habsburgok szolgálatába állt. VI. Károly koronázásakor Bécsben a székelység képviselője (1711). Kinevezték az Erdélyi Udvari Kancellária alkancellárjává (1713–1742), kieszközölte a bárói rangot és kászoni előnévvel családnevének Bornemiszára változtatását két fia Ignácz (1707–69.) tordai főispán és Pál (1730–70.) csiki főkirálybíró számára is (1717). Segítette a szamosújvári örményeket a város területének megvásárlásában (1715 k.). Főkormányszéki tanácsos (1721–), országos elnök (1735–). Birtokszerző tevékenységével megalapozta a család vagyonát. 99 évre zálogba vette a görgényi fiskális uradalmat (1717). Az uradalomhoz tartozott: Görgény vára, Görgényszentimre, Abafája, Ludvég, Mv., Marosillye, Hodák, Orsova, Kincses, Kisoroszfalu, Soropháza, Oláh- és Magyarbölkény, Hétbükk, Radnótfája, Adorján, Libánfalva, Felső- Alsóköhér, Szentmihálytelke. A birtok hosszú pereskedés után 1870-ben került vissza a kincstár birtokába. A következő években Görgényszentimrén pompás barokk kastélyt építettek és a család felújította a középkori templomot és kiskápolnát építetett Szent Imre tiszteletére (1710). A birtokra papírmalmot, üveghutát és porcelán manufaktúrát telepíttek. A kastély mögött angolkertet alakítottak ki, majd ebből alakították ki a dendrológiai parkot (1890 k.). Az abafáji birtokot felesége Haller Borbála révén szerezte meg. Vajdaszentiványon is voltak birtokai. Vármezőn – kápolnát építtetett (18. sz. elején). Végrendeletileg három fiának hagyta a birtokot, azonban Ignác tulajdonába ment át (1745). <br /><strong>Irod.:</strong> Árva Bethlen K.; Bicsok–Orbán; Bíró Donát; Fekete; Glăjărie; Gudenus; Kádár – Pál-Antal; Kelemen Lajos 1977; Kelemen Lajos 2009; Kovásznai; Kovács Zsolt: A Bornemiszák görgényszentimrei kastélya (Korunk, 12. sz., 2005. dec.); Léstyán – templomok 1.; Maros megye; MNZS; Mureş, judeţ; Nagy-Bodó Tibor Cárok, trónörökösök és királyok kastélya (Nú., Színes Világ, 3. sz., 2023. jan. 20.); Pál-Antal 2002; Szépréti: Régi és új világ; Trócsányi 1988; Vajdaszentivány</br></p>

<p>Csíknagykászon, 1672 k. † Bécs, 1742. okt. 23.: királybíró, alkancellár, fejedelmi tanácsos. – Kászoni Pál és Sebessi Klára fia. Felesége 1. vajdaszentiváni Bodoni Klára (esk. 1706; † Bécs, 1707; ), 2. gr. hallerkői Haller Borbála (1691–1733, esk, 1722), Haller István Torda vm. főispánjának leánya. Gyermekeik: Ferenc, Károly, Ignác József (1707–69.), János (–1747), Krisztián, Cordula, Pál (1730–70). [&hellip;]</p>
