{"id":5231,"date":"2025-06-28T17:08:00","date_gmt":"2025-06-28T15:08:00","guid":{"rendered":"https:\/\/uj.adatbank.ro\/lexikon\/termek\/bornemisza-jozsef-janos-kaszoni-es-imperfalvi-br\/"},"modified":"2025-06-28T17:08:00","modified_gmt":"2025-06-28T15:08:00","slug":"bornemisza-jozsef-janos-kaszoni-es-imperfalvi-br","status":"publish","type":"product","link":"https:\/\/uj.adatbank.ro\/lexikon\/termek\/bornemisza-jozsef-janos-kaszoni-es-imperfalvi-br\/","title":{"rendered":"BORNEMISZA J\u00f3zsef J\u00e1nos, k\u00e1szoni \u00e9s imp\u00e9rfalvi br."},"content":{"rendered":"<p>G\u00f3g\u00e1nv\u00e1ralja, 1867. j\u00fal. 22. \u2020 Ny\u00e1r\u00e1dszentbenedek, 1933. j\u00fal. 20. Gog\u00e1nv\u00e1ralj\u00e1n a csal\u00e1di sirboltba temett\u00e9k: f\u00f6ldbirtokos. \u2013 Feles\u00e9ge: Osdolai gr. Kuun J\u00falia (\u00d6rd\u00f6gkereszt\u00far, 1877. m\u00e1j. 4.- Kv., 1928. szept. 1). K. K\u00e1roly t\u00e1blab\u00edr\u00f3 \u00e9s tolcsvai \u00e9s pacs\u00e9ri K\u00e1szonyi Polyxena le\u00e1nya. (Esk\u00fcv\u0151: 1899. aug. 15). Gyermekeik: Margit; K\u00e1roly, feles\u00e9ge Steiner N\u00f3ra; J\u00f3zsef; Lip\u00f3t (Gog\u00e1nv\u00e1ralja, 1901. jan. 21.-San Jose de Costa Rica, 1955. szept. 16.) <br \/><strong>Irod.:<\/strong> Gudenus, Internet: a br. k\u00e1szoni Bornemisza csal\u00e1dfa; Lev\u00e9lt\u00e1ri gy\u00e1szj; P\u00e1lmay<\/br><\/p>\n","protected":false},"excerpt":{"rendered":"<p>G\u00f3g\u00e1nv\u00e1ralja, 1867. j\u00fal. 22. \u2020 Ny\u00e1r\u00e1dszentbenedek, 1933. j\u00fal. 20. Gog\u00e1nv\u00e1ralj\u00e1n a csal\u00e1di sirboltba temett\u00e9k: f\u00f6ldbirtokos. \u2013 Feles\u00e9ge: Osdolai gr. Kuun J\u00falia (\u00d6rd\u00f6gkereszt\u00far, 1877. m\u00e1j. 4.- Kv., 1928. szept. 1). K. K\u00e1roly t\u00e1blab\u00edr\u00f3 \u00e9s tolcsvai \u00e9s pacs\u00e9ri K\u00e1szonyi Polyxena le\u00e1nya. (Esk\u00fcv\u0151: 1899. aug. 15). Gyermekeik: Margit; K\u00e1roly, feles\u00e9ge Steiner N\u00f3ra; J\u00f3zsef; Lip\u00f3t (Gog\u00e1nv\u00e1ralja, 1901. jan. 21.-San [&hellip;]<\/p>\n","protected":false},"featured_media":0,"comment_status":"open","ping_status":"closed","template":"","meta":[],"product_brand":[],"product_cat":[137],"product_tag":[],"class_list":{"0":"post-5231","1":"product","2":"type-product","3":"status-publish","5":"product_cat-maros-megyei-eletrajzi-lexikon","7":"first","8":"instock","9":"shipping-taxable","10":"product-type-simple"},"_links":{"self":[{"href":"https:\/\/uj.adatbank.ro\/lexikon\/wp-json\/wp\/v2\/product\/5231","targetHints":{"allow":["GET"]}}],"collection":[{"href":"https:\/\/uj.adatbank.ro\/lexikon\/wp-json\/wp\/v2\/product"}],"about":[{"href":"https:\/\/uj.adatbank.ro\/lexikon\/wp-json\/wp\/v2\/types\/product"}],"replies":[{"embeddable":true,"href":"https:\/\/uj.adatbank.ro\/lexikon\/wp-json\/wp\/v2\/comments?post=5231"}],"wp:attachment":[{"href":"https:\/\/uj.adatbank.ro\/lexikon\/wp-json\/wp\/v2\/media?parent=5231"}],"wp:term":[{"taxonomy":"product_brand","embeddable":true,"href":"https:\/\/uj.adatbank.ro\/lexikon\/wp-json\/wp\/v2\/product_brand?post=5231"},{"taxonomy":"product_cat","embeddable":true,"href":"https:\/\/uj.adatbank.ro\/lexikon\/wp-json\/wp\/v2\/product_cat?post=5231"},{"taxonomy":"product_tag","embeddable":true,"href":"https:\/\/uj.adatbank.ro\/lexikon\/wp-json\/wp\/v2\/product_tag?post=5231"}],"curies":[{"name":"wp","href":"https:\/\/api.w.org\/{rel}","templated":true}]}}

BORNEMISZA József János, kászoni és impérfalvi br.

<p>Gógánváralja, 1867. júl. 22. † Nyárádszentbenedek, 1933. júl. 20. Gogánváralján a családi sirboltba temették: földbirtokos. – Felesége: Osdolai gr. Kuun Júlia (Ördögkeresztúr, 1877. máj. 4.- Kv., 1928. szept. 1). K. Károly táblabíró és tolcsvai és pacséri Kászonyi Polyxena leánya. (Esküvő: 1899. aug. 15). Gyermekeik: Margit; Károly, felesége Steiner Nóra; József; Lipót (Gogánváralja, 1901. jan. 21.-San Jose de Costa Rica, 1955. szept. 16.) <br /><strong>Irod.:</strong> Gudenus, Internet: a br. kászoni Bornemisza családfa; Levéltári gyászj; Pálmay</br></p>

<p>Gógánváralja, 1867. júl. 22. † Nyárádszentbenedek, 1933. júl. 20. Gogánváralján a családi sirboltba temették: földbirtokos. – Felesége: Osdolai gr. Kuun Júlia (Ördögkeresztúr, 1877. máj. 4.- Kv., 1928. szept. 1). K. Károly táblabíró és tolcsvai és pacséri Kászonyi Polyxena leánya. (Esküvő: 1899. aug. 15). Gyermekeik: Margit; Károly, felesége Steiner Nóra; József; Lipót (Gogánváralja, 1901. jan. 21.-San [&hellip;]</p>
