{"id":5236,"date":"2025-06-28T17:08:14","date_gmt":"2025-06-28T15:08:14","guid":{"rendered":"https:\/\/uj.adatbank.ro\/lexikon\/termek\/bornemisza-karoly-kaszoni-es-imperfalvi-br-bornemissza-karl\/"},"modified":"2025-06-28T17:08:14","modified_gmt":"2025-06-28T15:08:14","slug":"bornemisza-karoly-kaszoni-es-imperfalvi-br-bornemissza-karl","status":"publish","type":"product","link":"https:\/\/uj.adatbank.ro\/lexikon\/termek\/bornemisza-karoly-kaszoni-es-imperfalvi-br-bornemissza-karl\/","title":{"rendered":"BORNEMISZA K\u00e1roly, k\u00e1szoni \u00e9s imp\u00e9rfalvi br., Bornemissza Karl"},"content":{"rendered":"<p>Abaf\u00e1ja, 1840. nov. 26., \u2020 1912 k\u00a0: cs. k. husz\u00e1rhadnagy, f\u0151isp\u00e1n, az erd\u00e9lyi r. k. st\u00e1tusgy\u0171l\u00e9s \u00e9s a m. f\u0151rendih\u00e1z tagja. \u2013 B. P\u00e1l \u00e9s Mikes Kl\u00e1ra gr.-n\u0151 fia. Feles\u00e9ge zabolai Mikes Etelka (sz. Kv., 1843. febr. 10. ev. ref.), esk\u00fcv\u0151 1862. \u2013 Tanulm\u00e1nyait Kv-on folytatta, \u00e9retts\u00e9gi ut\u00e1n a Berlinben hallgatott filoz\u00f3fi\u00e1t. Nagydebreken telepedett le (1862), az\u00f3ta r\u00e9szt vett Szolnok-Dob\u00f3ka megye politikai \u00e9let\u00e9ben: a magyarl\u00e1posi ker\u00fcletet k\u00e9pviselte a parlamentben szabadelv\u0171p\u00e1rti programmal (1887\u2013), Szolnok-Dob\u00f3ka vm. f\u0151isp\u00e1nja (1890. febr. \u2013 1902. \u00e1pr.); a f\u0151rendih\u00e1znak \u00e9letfogytiglani tagja (1910\u2013). Az EMKE aleln\u00f6ke. Az Erd\u00e9lyr\u00e9szi Sz\u00edniker\u00fclet eln\u00f6ke (1901\u2013). Gyermekkir\u00e1lyn\u0151 c. operettj\u00e9t melynek sz\u00f6veg\u00e9t is maga \u00edrta a kv.-i Nemzeti Sz\u00ednh\u00e1z mutatta be (1890. dec. 20.). Birtokai: Szil\u00e1gy-Cseh, Fels\u0151- \u00e9s Als\u00f3-Sziv\u00e1gy, B\u00e1bcza (Szil\u00e1gymegye), Sz\u00e1sz-Ludv\u00e9g (Kolozsmegye), Nagy-Debrek, L\u00e1bfalva \u00e9s Sz\u00e9k (Szolnok-Dobokam.). Lak\u00e1s: Nagy-Debrek. <br \/><strong>Irod.:<\/strong> Guly\u00e1s; A m. ogy. (Bp., 1906); MNZS; P\u00e1l Judit: Erd\u00e9lyi f\u0151isp\u00e1nok a Tisza-\u00e9ra v\u00e9g\u00e9n (1890\u201391) (II.) (Korunk, 4. sz., 2009), Politikai Mo. (Bp., 1912\u201314); Szab\u00f3\u2013Simon\u2013Sz\u00f6gi<\/br><\/p>\n","protected":false},"excerpt":{"rendered":"<p>Abaf\u00e1ja, 1840. nov. 26., \u2020 1912 k\u00a0: cs. k. husz\u00e1rhadnagy, f\u0151isp\u00e1n, az erd\u00e9lyi r. k. st\u00e1tusgy\u0171l\u00e9s \u00e9s a m. f\u0151rendih\u00e1z tagja. \u2013 B. P\u00e1l \u00e9s Mikes Kl\u00e1ra gr.-n\u0151 fia. Feles\u00e9ge zabolai Mikes Etelka (sz. Kv., 1843. febr. 10. ev. ref.), esk\u00fcv\u0151 1862. \u2013 Tanulm\u00e1nyait Kv-on folytatta, \u00e9retts\u00e9gi ut\u00e1n a Berlinben hallgatott filoz\u00f3fi\u00e1t. Nagydebreken telepedett le [&hellip;]<\/p>\n","protected":false},"featured_media":0,"comment_status":"open","ping_status":"closed","template":"","meta":[],"product_brand":[],"product_cat":[137],"product_tag":[],"class_list":{"0":"post-5236","1":"product","2":"type-product","3":"status-publish","5":"product_cat-maros-megyei-eletrajzi-lexikon","7":"first","8":"instock","9":"shipping-taxable","10":"product-type-simple"},"_links":{"self":[{"href":"https:\/\/uj.adatbank.ro\/lexikon\/wp-json\/wp\/v2\/product\/5236","targetHints":{"allow":["GET"]}}],"collection":[{"href":"https:\/\/uj.adatbank.ro\/lexikon\/wp-json\/wp\/v2\/product"}],"about":[{"href":"https:\/\/uj.adatbank.ro\/lexikon\/wp-json\/wp\/v2\/types\/product"}],"replies":[{"embeddable":true,"href":"https:\/\/uj.adatbank.ro\/lexikon\/wp-json\/wp\/v2\/comments?post=5236"}],"wp:attachment":[{"href":"https:\/\/uj.adatbank.ro\/lexikon\/wp-json\/wp\/v2\/media?parent=5236"}],"wp:term":[{"taxonomy":"product_brand","embeddable":true,"href":"https:\/\/uj.adatbank.ro\/lexikon\/wp-json\/wp\/v2\/product_brand?post=5236"},{"taxonomy":"product_cat","embeddable":true,"href":"https:\/\/uj.adatbank.ro\/lexikon\/wp-json\/wp\/v2\/product_cat?post=5236"},{"taxonomy":"product_tag","embeddable":true,"href":"https:\/\/uj.adatbank.ro\/lexikon\/wp-json\/wp\/v2\/product_tag?post=5236"}],"curies":[{"name":"wp","href":"https:\/\/api.w.org\/{rel}","templated":true}]}}

BORNEMISZA Károly, kászoni és impérfalvi br., Bornemissza Karl

<p>Abafája, 1840. nov. 26., † 1912 k : cs. k. huszárhadnagy, főispán, az erdélyi r. k. státusgyűlés és a m. főrendiház tagja. – B. Pál és Mikes Klára gr.-nő fia. Felesége zabolai Mikes Etelka (sz. Kv., 1843. febr. 10. ev. ref.), esküvő 1862. – Tanulmányait Kv-on folytatta, érettségi után a Berlinben hallgatott filozófiát. Nagydebreken telepedett le (1862), azóta részt vett Szolnok-Dobóka megye politikai életében: a magyarláposi kerületet képviselte a parlamentben szabadelvűpárti programmal (1887–), Szolnok-Dobóka vm. főispánja (1890. febr. – 1902. ápr.); a főrendiháznak életfogytiglani tagja (1910–). Az EMKE alelnöke. Az Erdélyrészi Színikerület elnöke (1901–). Gyermekkirálynő c. operettjét melynek szövegét is maga írta a kv.-i Nemzeti Színház mutatta be (1890. dec. 20.). Birtokai: Szilágy-Cseh, Felső- és Alsó-Szivágy, Bábcza (Szilágymegye), Szász-Ludvég (Kolozsmegye), Nagy-Debrek, Lábfalva és Szék (Szolnok-Dobokam.). Lakás: Nagy-Debrek. <br /><strong>Irod.:</strong> Gulyás; A m. ogy. (Bp., 1906); MNZS; Pál Judit: Erdélyi főispánok a Tisza-éra végén (1890–91) (II.) (Korunk, 4. sz., 2009), Politikai Mo. (Bp., 1912–14); Szabó–Simon–Szögi</br></p>

<p>Abafája, 1840. nov. 26., † 1912 k : cs. k. huszárhadnagy, főispán, az erdélyi r. k. státusgyűlés és a m. főrendiház tagja. – B. Pál és Mikes Klára gr.-nő fia. Felesége zabolai Mikes Etelka (sz. Kv., 1843. febr. 10. ev. ref.), esküvő 1862. – Tanulmányait Kv-on folytatta, érettségi után a Berlinben hallgatott filozófiát. Nagydebreken telepedett le [&hellip;]</p>
