{"id":5239,"date":"2025-06-28T17:08:19","date_gmt":"2025-06-28T15:08:19","guid":{"rendered":"https:\/\/uj.adatbank.ro\/lexikon\/termek\/bornemisza-leopold-bornemisza-lipot-kaszoni-es-imperfalvi-br\/"},"modified":"2025-06-28T17:08:19","modified_gmt":"2025-06-28T15:08:19","slug":"bornemisza-leopold-bornemisza-lipot-kaszoni-es-imperfalvi-br","status":"publish","type":"product","link":"https:\/\/uj.adatbank.ro\/lexikon\/termek\/bornemisza-leopold-bornemisza-lipot-kaszoni-es-imperfalvi-br\/","title":{"rendered":"BORNEMISZA Leopold, Bornemisza Lip\u00f3t; k\u00e1szoni \u00e9s imp\u00e9rfalvi br."},"content":{"rendered":"<p>1771, \u2020 G\u00f6rg\u00e9ny, 1836. m\u00e1rc. 13. Mikh\u00e1z\u00e1n temett\u00e9k: katonatiszt, cs. k. kamar\u00e1s, f\u00f6ldbirtokos. \u2013 B. J\u00e1nos \u00e9s P\u00e1lffy M\u00e1ria Jozefa fia. Ign\u00e1c unok\u00e1ja. Feles\u00e9ge Bornemisza R\u00f3za (1782.? \u2013 G\u00f6rg\u00e9ny, 1815. febr. 2 16., Mikh\u00e1z\u00e1n a templomban nyugszik) cs. kir. palotah\u00f6lgy volt. \u2013 Lovaskapit\u00e1ny, a nap\u00f3leoni h\u00e1bor\u00fakban s\u00falyosan megsebes\u00fclt. K\u00e9s\u0151bb cs. kir. kamar\u00e1s volt. G\u00f6rg\u00e9nyszentimr\u00e9n a kast\u00e9ly m\u00f6g\u00f6tt hatalmas angolkertet alak\u00edtott ki, t\u00e1jk\u00e9pi st\u00edlusban, val\u00f3sz\u00edn\u0171 angliai tanulm\u00e1nyai hat\u00e1s\u00e1ra (1820\u201330 k.). \u00dcvegcs\u0171rt \u00e9s porcel\u00e1n manufakt\u00far\u00e1t l\u00e9tes\u00edtett, k\u00e9tszintes gabon\u00e1st \u00e9p\u00edttetett (1807), amelyet k\u00e9s\u0151bb vend\u00e9gh\u00e1zz\u00e1 alak\u00edtottak. G\u00f6rg\u00e9nyszentimr\u00e9n ferences k\u00e1pl\u00e1nok szolg\u00e1ltak (1821\u201372). Telket adom\u00e1nyozott \u00faj templom \u00e9p\u00edt\u00e9s\u00e9re (1832). <br \/><strong>Irod.:<\/strong> Gudenus; Gy\u00f6rgy: A ferencrendiek; Gy\u00e1szjelent\u0151; Kr\u00f3n F\u00fcz. (1936 17\u201318 sz.); Kelemen Lajos 2009; L\u00e9sty\u00e1n \u2013 templomok; Pesty 2014; \u00dajfalvi S\u00e1ndor: Az erd\u00e9lyi r\u00e9gebbi \u00e9s k\u00f6zelebbi vad\u00e1szatok (Kv., 1927)<\/br><\/p>\n","protected":false},"excerpt":{"rendered":"<p>1771, \u2020 G\u00f6rg\u00e9ny, 1836. m\u00e1rc. 13. Mikh\u00e1z\u00e1n temett\u00e9k: katonatiszt, cs. k. kamar\u00e1s, f\u00f6ldbirtokos. \u2013 B. J\u00e1nos \u00e9s P\u00e1lffy M\u00e1ria Jozefa fia. Ign\u00e1c unok\u00e1ja. Feles\u00e9ge Bornemisza R\u00f3za (1782.? \u2013 G\u00f6rg\u00e9ny, 1815. febr. 2 16., Mikh\u00e1z\u00e1n a templomban nyugszik) cs. kir. palotah\u00f6lgy volt. \u2013 Lovaskapit\u00e1ny, a nap\u00f3leoni h\u00e1bor\u00fakban s\u00falyosan megsebes\u00fclt. K\u00e9s\u0151bb cs. kir. kamar\u00e1s volt. G\u00f6rg\u00e9nyszentimr\u00e9n a [&hellip;]<\/p>\n","protected":false},"featured_media":0,"comment_status":"open","ping_status":"closed","template":"","meta":[],"product_brand":[],"product_cat":[137],"product_tag":[],"class_list":{"0":"post-5239","1":"product","2":"type-product","3":"status-publish","5":"product_cat-maros-megyei-eletrajzi-lexikon","7":"first","8":"instock","9":"shipping-taxable","10":"product-type-simple"},"_links":{"self":[{"href":"https:\/\/uj.adatbank.ro\/lexikon\/wp-json\/wp\/v2\/product\/5239","targetHints":{"allow":["GET"]}}],"collection":[{"href":"https:\/\/uj.adatbank.ro\/lexikon\/wp-json\/wp\/v2\/product"}],"about":[{"href":"https:\/\/uj.adatbank.ro\/lexikon\/wp-json\/wp\/v2\/types\/product"}],"replies":[{"embeddable":true,"href":"https:\/\/uj.adatbank.ro\/lexikon\/wp-json\/wp\/v2\/comments?post=5239"}],"wp:attachment":[{"href":"https:\/\/uj.adatbank.ro\/lexikon\/wp-json\/wp\/v2\/media?parent=5239"}],"wp:term":[{"taxonomy":"product_brand","embeddable":true,"href":"https:\/\/uj.adatbank.ro\/lexikon\/wp-json\/wp\/v2\/product_brand?post=5239"},{"taxonomy":"product_cat","embeddable":true,"href":"https:\/\/uj.adatbank.ro\/lexikon\/wp-json\/wp\/v2\/product_cat?post=5239"},{"taxonomy":"product_tag","embeddable":true,"href":"https:\/\/uj.adatbank.ro\/lexikon\/wp-json\/wp\/v2\/product_tag?post=5239"}],"curies":[{"name":"wp","href":"https:\/\/api.w.org\/{rel}","templated":true}]}}