{"id":5245,"date":"2025-06-28T17:08:30","date_gmt":"2025-06-28T15:08:30","guid":{"rendered":"https:\/\/uj.adatbank.ro\/lexikon\/termek\/bornemisza-pal-kaszoni-es-imperfalvi-br-2\/"},"modified":"2025-06-28T17:08:30","modified_gmt":"2025-06-28T15:08:30","slug":"bornemisza-pal-kaszoni-es-imperfalvi-br-2","status":"publish","type":"product","link":"https:\/\/uj.adatbank.ro\/lexikon\/termek\/bornemisza-pal-kaszoni-es-imperfalvi-br-2\/","title":{"rendered":"BORNEMISZA P\u00e1l, k\u00e1szoni \u00e9s imp\u00e9rfalvi br."},"content":{"rendered":"<p>1730. dec. 12. \u2020 Abaf\u00e1ja, 1770.: abaf\u00e1ji birtokos, f\u0151isp\u00e1n. \u2013 B. J\u00e1nos J\u00f3zsef \u00e9s Haller Borb\u00e1la (1691\u20131733) fia. Feles\u00e9ge zabolai gr. Mikes Anna (1736-Kv., 1817. m\u00e1rc. 19.) (esk.: Abaf\u00e1ja, 1770). Gyermekeik: Borb\u00e1la Gyulai S\u00e1mueln\u00e9; J\u00f3zsef (1761\u20131822), \u2013 K\u00e1szonsz\u00e9k f\u0151kir\u00e1lyb\u00edr\u00e1ja (1762\u201365). Fej\u00e9r vm. f\u0151isp\u00e1nja. Apj\u00e1t\u00f3l \u00f6r\u00f6k\u00f6lte az abaf\u00e1ji birtokot, ahol mag\u00e1n h\u00e1zik\u00e1polna l\u00e9tezett (1750\u20131848), ferences k\u00e1pl\u00e1n m\u0171k\u00f6d\u00f6tt (1750\u20131806). \u201eMikes Kelemen is \u00f6r\u00f6mmel eml\u00e9kezik meg arr\u00f3l, hogy Abaf\u00e1j\u00e1nak pl\u00e9b\u00e1nosa van (1761)\u201d \u2013 \u00edrta L\u00e9sty\u00e1n Ferenc. <br \/><strong>Irod.:<\/strong> Barab\u00e1s Endre; B\u00edr\u00f3 Don\u00e1t; Cs\u0151sz Irma: N\u00e9phagyom\u00e1nyok Disznaj\u00f3n (Mv., 1998); Gudenus; Gy\u00f6rgy: A ferencrendiek; L\u00e9sty\u00e1n \u2013 templomok; P\u00e1l-Antal 2002<\/br><\/p>\n","protected":false},"excerpt":{"rendered":"<p>1730. dec. 12. \u2020 Abaf\u00e1ja, 1770.: abaf\u00e1ji birtokos, f\u0151isp\u00e1n. \u2013 B. J\u00e1nos J\u00f3zsef \u00e9s Haller Borb\u00e1la (1691\u20131733) fia. Feles\u00e9ge zabolai gr. Mikes Anna (1736-Kv., 1817. m\u00e1rc. 19.) (esk.: Abaf\u00e1ja, 1770). Gyermekeik: Borb\u00e1la Gyulai S\u00e1mueln\u00e9; J\u00f3zsef (1761\u20131822), \u2013 K\u00e1szonsz\u00e9k f\u0151kir\u00e1lyb\u00edr\u00e1ja (1762\u201365). Fej\u00e9r vm. f\u0151isp\u00e1nja. Apj\u00e1t\u00f3l \u00f6r\u00f6k\u00f6lte az abaf\u00e1ji birtokot, ahol mag\u00e1n h\u00e1zik\u00e1polna l\u00e9tezett (1750\u20131848), ferences k\u00e1pl\u00e1n [&hellip;]<\/p>\n","protected":false},"featured_media":0,"comment_status":"open","ping_status":"closed","template":"","meta":[],"product_brand":[],"product_cat":[137],"product_tag":[],"class_list":{"0":"post-5245","1":"product","2":"type-product","3":"status-publish","5":"product_cat-maros-megyei-eletrajzi-lexikon","7":"first","8":"instock","9":"shipping-taxable","10":"product-type-simple"},"_links":{"self":[{"href":"https:\/\/uj.adatbank.ro\/lexikon\/wp-json\/wp\/v2\/product\/5245","targetHints":{"allow":["GET"]}}],"collection":[{"href":"https:\/\/uj.adatbank.ro\/lexikon\/wp-json\/wp\/v2\/product"}],"about":[{"href":"https:\/\/uj.adatbank.ro\/lexikon\/wp-json\/wp\/v2\/types\/product"}],"replies":[{"embeddable":true,"href":"https:\/\/uj.adatbank.ro\/lexikon\/wp-json\/wp\/v2\/comments?post=5245"}],"wp:attachment":[{"href":"https:\/\/uj.adatbank.ro\/lexikon\/wp-json\/wp\/v2\/media?parent=5245"}],"wp:term":[{"taxonomy":"product_brand","embeddable":true,"href":"https:\/\/uj.adatbank.ro\/lexikon\/wp-json\/wp\/v2\/product_brand?post=5245"},{"taxonomy":"product_cat","embeddable":true,"href":"https:\/\/uj.adatbank.ro\/lexikon\/wp-json\/wp\/v2\/product_cat?post=5245"},{"taxonomy":"product_tag","embeddable":true,"href":"https:\/\/uj.adatbank.ro\/lexikon\/wp-json\/wp\/v2\/product_tag?post=5245"}],"curies":[{"name":"wp","href":"https:\/\/api.w.org\/{rel}","templated":true}]}}

BORNEMISZA Pál, kászoni és impérfalvi br.

<p>1730. dec. 12. † Abafája, 1770.: abafáji birtokos, főispán. – B. János József és Haller Borbála (1691–1733) fia. Felesége zabolai gr. Mikes Anna (1736-Kv., 1817. márc. 19.) (esk.: Abafája, 1770). Gyermekeik: Borbála Gyulai Sámuelné; József (1761–1822), – Kászonszék főkirálybírája (1762–65). Fejér vm. főispánja. Apjától örökölte az abafáji birtokot, ahol magán házikápolna létezett (1750–1848), ferences káplán működött (1750–1806). „Mikes Kelemen is örömmel emlékezik meg arról, hogy Abafájának plébánosa van (1761)” – írta Léstyán Ferenc. <br /><strong>Irod.:</strong> Barabás Endre; Bíró Donát; Csősz Irma: Néphagyományok Disznajón (Mv., 1998); Gudenus; György: A ferencrendiek; Léstyán – templomok; Pál-Antal 2002</br></p>

<p>1730. dec. 12. † Abafája, 1770.: abafáji birtokos, főispán. – B. János József és Haller Borbála (1691–1733) fia. Felesége zabolai gr. Mikes Anna (1736-Kv., 1817. márc. 19.) (esk.: Abafája, 1770). Gyermekeik: Borbála Gyulai Sámuelné; József (1761–1822), – Kászonszék főkirálybírája (1762–65). Fejér vm. főispánja. Apjától örökölte az abafáji birtokot, ahol magán házikápolna létezett (1750–1848), ferences káplán [&hellip;]</p>
