{"id":5246,"date":"2025-06-28T17:08:31","date_gmt":"2025-06-28T15:08:31","guid":{"rendered":"https:\/\/uj.adatbank.ro\/lexikon\/termek\/bornemisza-sandor-nagykaszoni-br\/"},"modified":"2025-06-28T17:08:31","modified_gmt":"2025-06-28T15:08:31","slug":"bornemisza-sandor-nagykaszoni-br","status":"publish","type":"product","link":"https:\/\/uj.adatbank.ro\/lexikon\/termek\/bornemisza-sandor-nagykaszoni-br\/","title":{"rendered":"BORNEMISZA S\u00e1ndor, nagyk\u00e1szoni, br."},"content":{"rendered":"<p>1826.? \u2020\u00a0Abaf\u00e1ja, 1861. j\u00fan. 2. csal\u00e1di s\u00edrbolt.: f\u00f6ldbirtokos. \u2013 Testv\u00e9rei: J\u00f3zsef \u00e9s Borb\u00e1ra, gr. Klebelsbergn\u00e9. \u2013 Disznaj\u00f3n szerepelt a k\u00e1rp\u00f3tl\u00e1si list\u00e1n (1860). Csal\u00e1di k\u00e1poln\u00e1j\u00e1b\u00f3l sok kegyt\u00e1rgyat \u00e1tadott a abaf\u00e1ji templomnak (1865). <br \/><strong>Irod.:<\/strong> Abaf\u00e1ja; Cs\u0151sz Irma: N\u00e9phagyom\u00e1nyok Disznaj\u00f3n (Mv., 1998); Gy\u00e1szjelent\u0151<\/br><\/p>\n","protected":false},"excerpt":{"rendered":"<p>1826.? \u2020\u00a0Abaf\u00e1ja, 1861. j\u00fan. 2. csal\u00e1di s\u00edrbolt.: f\u00f6ldbirtokos. \u2013 Testv\u00e9rei: J\u00f3zsef \u00e9s Borb\u00e1ra, gr. Klebelsbergn\u00e9. \u2013 Disznaj\u00f3n szerepelt a k\u00e1rp\u00f3tl\u00e1si list\u00e1n (1860). Csal\u00e1di k\u00e1poln\u00e1j\u00e1b\u00f3l sok kegyt\u00e1rgyat \u00e1tadott a abaf\u00e1ji templomnak (1865). Irod.: Abaf\u00e1ja; Cs\u0151sz Irma: N\u00e9phagyom\u00e1nyok Disznaj\u00f3n (Mv., 1998); Gy\u00e1szjelent\u0151<\/p>\n","protected":false},"featured_media":0,"comment_status":"open","ping_status":"closed","template":"","meta":[],"product_brand":[],"product_cat":[137],"product_tag":[],"class_list":{"0":"post-5246","1":"product","2":"type-product","3":"status-publish","5":"product_cat-maros-megyei-eletrajzi-lexikon","7":"first","8":"instock","9":"shipping-taxable","10":"product-type-simple"},"_links":{"self":[{"href":"https:\/\/uj.adatbank.ro\/lexikon\/wp-json\/wp\/v2\/product\/5246","targetHints":{"allow":["GET"]}}],"collection":[{"href":"https:\/\/uj.adatbank.ro\/lexikon\/wp-json\/wp\/v2\/product"}],"about":[{"href":"https:\/\/uj.adatbank.ro\/lexikon\/wp-json\/wp\/v2\/types\/product"}],"replies":[{"embeddable":true,"href":"https:\/\/uj.adatbank.ro\/lexikon\/wp-json\/wp\/v2\/comments?post=5246"}],"wp:attachment":[{"href":"https:\/\/uj.adatbank.ro\/lexikon\/wp-json\/wp\/v2\/media?parent=5246"}],"wp:term":[{"taxonomy":"product_brand","embeddable":true,"href":"https:\/\/uj.adatbank.ro\/lexikon\/wp-json\/wp\/v2\/product_brand?post=5246"},{"taxonomy":"product_cat","embeddable":true,"href":"https:\/\/uj.adatbank.ro\/lexikon\/wp-json\/wp\/v2\/product_cat?post=5246"},{"taxonomy":"product_tag","embeddable":true,"href":"https:\/\/uj.adatbank.ro\/lexikon\/wp-json\/wp\/v2\/product_tag?post=5246"}],"curies":[{"name":"wp","href":"https:\/\/api.w.org\/{rel}","templated":true}]}}