{"id":5249,"date":"2025-06-28T17:08:39","date_gmt":"2025-06-28T15:08:39","guid":{"rendered":"https:\/\/uj.adatbank.ro\/lexikon\/termek\/boros-ferenc-gampe-ferenc\/"},"modified":"2025-06-28T17:08:39","modified_gmt":"2025-06-28T15:08:39","slug":"boros-ferenc-gampe-ferenc","status":"publish","type":"product","link":"https:\/\/uj.adatbank.ro\/lexikon\/termek\/boros-ferenc-gampe-ferenc\/","title":{"rendered":"BOROS Ferenc, Gampe Ferenc"},"content":{"rendered":"<p>? \u2020 ? Az \u00fcvegcs\u0171ri temet\u0151ben nyugszik: igazgat\u00f3tan\u00edt\u00f3. \u2013 Tan\u00edt\u00f3i okl.-t Cs\u00edksomly\u00f3ban szerzett. G\u00f6rg\u00e9ny\u00fcvegcs\u0171rben tan\u00edtott t\u00f6bb \u00e9ven kereszt\u00fcl a r. k. iskol\u00e1ban, majd az \u00e1llamiban m. nyelven (1891. nov. 1. \u2013 1926). Munk\u00e1ja nyom\u00e1n a tanul\u00f3k l\u00e9tsz\u00e1ma \u00e1lland\u00f3an n\u0151tt (pl. 1896-ban 182 gyermek j\u00e1rt iskolba: 166 m. \u00e9s 16 rom\u00e1n.). A tan\u00edt\u00e1son k\u00edv\u00fcl a kat. egyh\u00e1zk\u00f6zs\u00e9g jegyz\u0151je, n\u00e9h\u00e1ny h\u00f3napon kereszt\u00fcl a falu polg\u00e1rmestere is volt. \u00d6szt\u00f6nz\u00e9s\u00e9re t\u00f6bb tan\u00edtv\u00e1nya v\u00e9gzett fels\u0151bb iskol\u00e1kat, \u00e9s v\u00e1lt h\u00edress\u00e9. Meg\u00edrta G\u00f6rg\u00e9ny\u00fcvegcs\u0171r monogr\u00e1fi\u00e1j\u00e1t, amelyet Tim\u00e1r S\u00e1ndor r. k. lelk\u00e9sz Domus Historia c. munk\u00e1j\u00e1nak alapj\u00e1ul szolg\u00e1lt. <br \/><strong>Irod.:<\/strong> Gl\u0103j\u0103riei<\/br><\/p>\n","protected":false},"excerpt":{"rendered":"<p>? \u2020 ? Az \u00fcvegcs\u0171ri temet\u0151ben nyugszik: igazgat\u00f3tan\u00edt\u00f3. \u2013 Tan\u00edt\u00f3i okl.-t Cs\u00edksomly\u00f3ban szerzett. G\u00f6rg\u00e9ny\u00fcvegcs\u0171rben tan\u00edtott t\u00f6bb \u00e9ven kereszt\u00fcl a r. k. iskol\u00e1ban, majd az \u00e1llamiban m. nyelven (1891. nov. 1. \u2013 1926). Munk\u00e1ja nyom\u00e1n a tanul\u00f3k l\u00e9tsz\u00e1ma \u00e1lland\u00f3an n\u0151tt (pl. 1896-ban 182 gyermek j\u00e1rt iskolba: 166 m. \u00e9s 16 rom\u00e1n.). A tan\u00edt\u00e1son k\u00edv\u00fcl a kat. [&hellip;]<\/p>\n","protected":false},"featured_media":0,"comment_status":"open","ping_status":"closed","template":"","meta":[],"product_brand":[],"product_cat":[137],"product_tag":[],"class_list":{"0":"post-5249","1":"product","2":"type-product","3":"status-publish","5":"product_cat-maros-megyei-eletrajzi-lexikon","7":"first","8":"instock","9":"shipping-taxable","10":"product-type-simple"},"_links":{"self":[{"href":"https:\/\/uj.adatbank.ro\/lexikon\/wp-json\/wp\/v2\/product\/5249","targetHints":{"allow":["GET"]}}],"collection":[{"href":"https:\/\/uj.adatbank.ro\/lexikon\/wp-json\/wp\/v2\/product"}],"about":[{"href":"https:\/\/uj.adatbank.ro\/lexikon\/wp-json\/wp\/v2\/types\/product"}],"replies":[{"embeddable":true,"href":"https:\/\/uj.adatbank.ro\/lexikon\/wp-json\/wp\/v2\/comments?post=5249"}],"wp:attachment":[{"href":"https:\/\/uj.adatbank.ro\/lexikon\/wp-json\/wp\/v2\/media?parent=5249"}],"wp:term":[{"taxonomy":"product_brand","embeddable":true,"href":"https:\/\/uj.adatbank.ro\/lexikon\/wp-json\/wp\/v2\/product_brand?post=5249"},{"taxonomy":"product_cat","embeddable":true,"href":"https:\/\/uj.adatbank.ro\/lexikon\/wp-json\/wp\/v2\/product_cat?post=5249"},{"taxonomy":"product_tag","embeddable":true,"href":"https:\/\/uj.adatbank.ro\/lexikon\/wp-json\/wp\/v2\/product_tag?post=5249"}],"curies":[{"name":"wp","href":"https:\/\/api.w.org\/{rel}","templated":true}]}}

<p>? † ? Az üvegcsűri temetőben nyugszik: igazgatótanító. – Tanítói okl.-t Csíksomlyóban szerzett. Görgényüvegcsűrben tanított több éven keresztül a r. k. iskolában, majd az államiban m. nyelven (1891. nov. 1. – 1926). Munkája nyomán a tanulók létszáma állandóan nőtt (pl. 1896-ban 182 gyermek járt iskolba: 166 m. és 16 román.). A tanításon kívül a kat. egyházközség jegyzője, néhány hónapon keresztül a falu polgármestere is volt. Ösztönzésére több tanítványa végzett felsőbb iskolákat, és vált híressé. Megírta Görgényüvegcsűr monográfiáját, amelyet Timár Sándor r. k. lelkész Domus Historia c. munkájának alapjául szolgált. <br /><strong>Irod.:</strong> Glăjăriei</br></p>

<p>? † ? Az üvegcsűri temetőben nyugszik: igazgatótanító. – Tanítói okl.-t Csíksomlyóban szerzett. Görgényüvegcsűrben tanított több éven keresztül a r. k. iskolában, majd az államiban m. nyelven (1891. nov. 1. – 1926). Munkája nyomán a tanulók létszáma állandóan nőtt (pl. 1896-ban 182 gyermek járt iskolba: 166 m. és 16 román.). A tanításon kívül a kat. [&hellip;]</p>
