{"id":5251,"date":"2025-06-28T17:08:44","date_gmt":"2025-06-28T15:08:44","guid":{"rendered":"https:\/\/uj.adatbank.ro\/lexikon\/termek\/boros-gergely-kereszturi\/"},"modified":"2025-06-28T17:08:44","modified_gmt":"2025-06-28T15:08:44","slug":"boros-gergely-kereszturi","status":"publish","type":"product","link":"https:\/\/uj.adatbank.ro\/lexikon\/termek\/boros-gergely-kereszturi\/","title":{"rendered":"BOROS Gergely, kereszt\u00fari"},"content":{"rendered":"<p>?, \u2020\u00a0? : l\u00f3f\u0151. \u2013 Primipil\u00e1ris levelet kapott (l\u00f3f\u0151s\u00e9g) R\u00e1k\u00f3czi Zsigmondt\u00f3l (1607. j\u00fan. 19.). <br \/><strong>Irod.:<\/strong> Kempelen; P\u00e1lmay<\/br><\/p>\n","protected":false},"excerpt":{"rendered":"<p>?, \u2020\u00a0? : l\u00f3f\u0151. \u2013 Primipil\u00e1ris levelet kapott (l\u00f3f\u0151s\u00e9g) R\u00e1k\u00f3czi Zsigmondt\u00f3l (1607. j\u00fan. 19.). Irod.: Kempelen; P\u00e1lmay<\/p>\n","protected":false},"featured_media":0,"comment_status":"open","ping_status":"closed","template":"","meta":[],"product_brand":[],"product_cat":[137],"product_tag":[],"class_list":{"0":"post-5251","1":"product","2":"type-product","3":"status-publish","5":"product_cat-maros-megyei-eletrajzi-lexikon","7":"first","8":"instock","9":"shipping-taxable","10":"product-type-simple"},"_links":{"self":[{"href":"https:\/\/uj.adatbank.ro\/lexikon\/wp-json\/wp\/v2\/product\/5251","targetHints":{"allow":["GET"]}}],"collection":[{"href":"https:\/\/uj.adatbank.ro\/lexikon\/wp-json\/wp\/v2\/product"}],"about":[{"href":"https:\/\/uj.adatbank.ro\/lexikon\/wp-json\/wp\/v2\/types\/product"}],"replies":[{"embeddable":true,"href":"https:\/\/uj.adatbank.ro\/lexikon\/wp-json\/wp\/v2\/comments?post=5251"}],"wp:attachment":[{"href":"https:\/\/uj.adatbank.ro\/lexikon\/wp-json\/wp\/v2\/media?parent=5251"}],"wp:term":[{"taxonomy":"product_brand","embeddable":true,"href":"https:\/\/uj.adatbank.ro\/lexikon\/wp-json\/wp\/v2\/product_brand?post=5251"},{"taxonomy":"product_cat","embeddable":true,"href":"https:\/\/uj.adatbank.ro\/lexikon\/wp-json\/wp\/v2\/product_cat?post=5251"},{"taxonomy":"product_tag","embeddable":true,"href":"https:\/\/uj.adatbank.ro\/lexikon\/wp-json\/wp\/v2\/product_tag?post=5251"}],"curies":[{"name":"wp","href":"https:\/\/api.w.org\/{rel}","templated":true}]}}