{"id":5262,"date":"2025-06-28T17:09:07","date_gmt":"2025-06-28T15:09:07","guid":{"rendered":"https:\/\/uj.adatbank.ro\/lexikon\/termek\/boros-mozes\/"},"modified":"2025-06-28T17:09:07","modified_gmt":"2025-06-28T15:09:07","slug":"boros-mozes","status":"publish","type":"product","link":"https:\/\/uj.adatbank.ro\/lexikon\/termek\/boros-mozes\/","title":{"rendered":"BOROS M\u00f3zes"},"content":{"rendered":"<p>1893, \u2020 Jobb\u00e1gyfalva, 1973.: k\u00e1ntortan\u00edt\u00f3. \u2013 A jobb\u00e1gyfalvi unit. templom cinterm\u00e9ben l\u00e1that\u00f3 eml\u00e9km\u0171ve. \u2013 Az unit. iskol\u00e1ban Sz\u00e9kelykereszt\u00faron tanult \u00e9s Kv.-on v\u00e9gzett (1922). Iszl\u00f3n kezdte meg m\u0171k\u00f6d\u00e9s\u00e9t, Jobb\u00e1gyfalv\u00e1n folytatta (1926\u2013). A templom (1936\u201338) k\u00f6z\u00f6tt \u00e9p\u00fclt M\u00e1th\u00e9 Zsigmond lelk\u00e9sz, B. M. \u00e9nekvez\u00e9r idej\u00e9ben. R\u00e9szt vett az els\u0151 vh.-ban, a sz\u00e9kely hadoszt\u00e1lyban harcolt, mint \u00f6nk\u00e9ntes tizedes szerelt le. Helyt\u00f6rt\u00e9neti \u00edr\u00e1sai forr\u00e1s\u00e9rt\u00e9k\u00fcek. <br \/><strong>Irod.:<\/strong> Cs\u00edkfalva; Sepsisz\u00e9ki; Sz\u00e9kelyf\u00f6ld \u00ed. k<\/br><\/p>\n","protected":false},"excerpt":{"rendered":"<p>1893, \u2020 Jobb\u00e1gyfalva, 1973.: k\u00e1ntortan\u00edt\u00f3. \u2013 A jobb\u00e1gyfalvi unit. templom cinterm\u00e9ben l\u00e1that\u00f3 eml\u00e9km\u0171ve. \u2013 Az unit. iskol\u00e1ban Sz\u00e9kelykereszt\u00faron tanult \u00e9s Kv.-on v\u00e9gzett (1922). Iszl\u00f3n kezdte meg m\u0171k\u00f6d\u00e9s\u00e9t, Jobb\u00e1gyfalv\u00e1n folytatta (1926\u2013). A templom (1936\u201338) k\u00f6z\u00f6tt \u00e9p\u00fclt M\u00e1th\u00e9 Zsigmond lelk\u00e9sz, B. M. \u00e9nekvez\u00e9r idej\u00e9ben. R\u00e9szt vett az els\u0151 vh.-ban, a sz\u00e9kely hadoszt\u00e1lyban harcolt, mint \u00f6nk\u00e9ntes tizedes szerelt [&hellip;]<\/p>\n","protected":false},"featured_media":0,"comment_status":"open","ping_status":"closed","template":"","meta":[],"product_brand":[],"product_cat":[137],"product_tag":[],"class_list":{"0":"post-5262","1":"product","2":"type-product","3":"status-publish","5":"product_cat-maros-megyei-eletrajzi-lexikon","7":"first","8":"instock","9":"shipping-taxable","10":"product-type-simple"},"_links":{"self":[{"href":"https:\/\/uj.adatbank.ro\/lexikon\/wp-json\/wp\/v2\/product\/5262","targetHints":{"allow":["GET"]}}],"collection":[{"href":"https:\/\/uj.adatbank.ro\/lexikon\/wp-json\/wp\/v2\/product"}],"about":[{"href":"https:\/\/uj.adatbank.ro\/lexikon\/wp-json\/wp\/v2\/types\/product"}],"replies":[{"embeddable":true,"href":"https:\/\/uj.adatbank.ro\/lexikon\/wp-json\/wp\/v2\/comments?post=5262"}],"wp:attachment":[{"href":"https:\/\/uj.adatbank.ro\/lexikon\/wp-json\/wp\/v2\/media?parent=5262"}],"wp:term":[{"taxonomy":"product_brand","embeddable":true,"href":"https:\/\/uj.adatbank.ro\/lexikon\/wp-json\/wp\/v2\/product_brand?post=5262"},{"taxonomy":"product_cat","embeddable":true,"href":"https:\/\/uj.adatbank.ro\/lexikon\/wp-json\/wp\/v2\/product_cat?post=5262"},{"taxonomy":"product_tag","embeddable":true,"href":"https:\/\/uj.adatbank.ro\/lexikon\/wp-json\/wp\/v2\/product_tag?post=5262"}],"curies":[{"name":"wp","href":"https:\/\/api.w.org\/{rel}","templated":true}]}}

BOROS Mózes

<p>1893, † Jobbágyfalva, 1973.: kántortanító. – A jobbágyfalvi unit. templom cintermében látható emlékműve. – Az unit. iskolában Székelykeresztúron tanult és Kv.-on végzett (1922). Iszlón kezdte meg működését, Jobbágyfalván folytatta (1926–). A templom (1936–38) között épült Máthé Zsigmond lelkész, B. M. énekvezér idejében. Részt vett az első vh.-ban, a székely hadosztályban harcolt, mint önkéntes tizedes szerelt le. Helytörténeti írásai forrásértéküek. <br /><strong>Irod.:</strong> Csíkfalva; Sepsiszéki; Székelyföld í. k</br></p>

<p>1893, † Jobbágyfalva, 1973.: kántortanító. – A jobbágyfalvi unit. templom cintermében látható emlékműve. – Az unit. iskolában Székelykeresztúron tanult és Kv.-on végzett (1922). Iszlón kezdte meg működését, Jobbágyfalván folytatta (1926–). A templom (1936–38) között épült Máthé Zsigmond lelkész, B. M. énekvezér idejében. Részt vett az első vh.-ban, a székely hadosztályban harcolt, mint önkéntes tizedes szerelt [&hellip;]</p>
