{"id":5266,"date":"2025-06-28T17:09:15","date_gmt":"2025-06-28T15:09:15","guid":{"rendered":"https:\/\/uj.adatbank.ro\/lexikon\/termek\/boros-viktor-%c2%a7\/"},"modified":"2025-06-28T17:09:15","modified_gmt":"2025-06-28T15:09:15","slug":"boros-viktor-%c2%a7","status":"publish","type":"product","link":"https:\/\/uj.adatbank.ro\/lexikon\/termek\/boros-viktor-%c2%a7\/","title":{"rendered":"BOROS Viktor, \u00a7"},"content":{"rendered":"<p>Csittszentiv\u00e1ny, 1898., \u2020\u00a0? : bankigazgat\u00f3, gy\u00e1ros. \u2013 Mv.-en \u00e9retts\u00e9gizett. Az els\u0151 vh.-ban a 22. gy. ezred keret\u00e9ben az olasz fronton harcolt mint hadapr\u00f3d\u0151rmester. Az I. ez\u00fcst vit.-\u00e9rem, a bronz vit. \u00e9rem \u00e9s a K\u00e1roly Csapatkereszt kit\u00fcntetettje. A mv.-i Albina Takar\u00e9k \u00e9s Hitelsz\u00f6vetkezet Rt. szolg\u00e1lat\u00e1ba l\u00e9pett (1920), a bank igazgat\u00f3ja (1939\u2013). Maros k\u00f6rzet megv\u00e1lasztott k\u00e9pvisel\u0151je a Rom\u00e1n Parlamentben (1939). A Boros Ker\u00e1mia- \u00e9s Agyaged\u00e9ny Ipar vezet\u0151je, tulajdonosa (1939\u2013), mely \u00fczem \u00faj ir\u00e1nyzatot jelentett a Sz\u00e9kelyf\u00f6ld ipar\u00e1nak fejleszt\u00e9s\u00e9ben, mivel a sz\u00fckebb anyagi viszonyok k\u00f6z\u00f6tt \u00e9l\u0151 t\u00e1rsadalmi r\u00e9teg ed\u00e9nysz\u00fcks\u00e9glet\u00e9nek ell\u00e1t\u00e1s\u00e1ra rendezkedett be, ugyanakkor a kor k\u00f6vetelm\u00e9nyeinek megfelel\u0151en a legmodernebb \u00e9get\u0151kemenc\u00e9kkel, g\u00e1zf\u00fct\u00e9ses sz\u00e1r\u00edt\u00f3kkal volt ell\u00e1tva. A Marosmente egyed\u00fcli agyaged\u00e9ny nagy\u00fczeme, 24 csal\u00e1dnak biztos\u00edtott \u00e1lland\u00f3 meg\u00e9lhet\u00e9st. Minden sz\u00e1mottev\u0151 helybeli kereskedelmi, ipari \u00e9s kultur\u00e1lis egyes\u00fclet \u00e9s int\u00e9zm\u00e9ny vezet\u00e9s\u00e9ben r\u00e9szt vett. A Mv.-i Kereskedelmi \u00e9s Ipar Kamara eln\u00f6ke (1947). <br \/><strong>Irod.:<\/strong> Nan: Camera de comer\u0163; Pan\u0103; Sz\u00e9kelyf\u00f6ld \u00ed. k<\/br><\/p>\n","protected":false},"excerpt":{"rendered":"<p>Csittszentiv\u00e1ny, 1898., \u2020\u00a0? : bankigazgat\u00f3, gy\u00e1ros. \u2013 Mv.-en \u00e9retts\u00e9gizett. Az els\u0151 vh.-ban a 22. gy. ezred keret\u00e9ben az olasz fronton harcolt mint hadapr\u00f3d\u0151rmester. Az I. ez\u00fcst vit.-\u00e9rem, a bronz vit. \u00e9rem \u00e9s a K\u00e1roly Csapatkereszt kit\u00fcntetettje. A mv.-i Albina Takar\u00e9k \u00e9s Hitelsz\u00f6vetkezet Rt. szolg\u00e1lat\u00e1ba l\u00e9pett (1920), a bank igazgat\u00f3ja (1939\u2013). Maros k\u00f6rzet megv\u00e1lasztott k\u00e9pvisel\u0151je a [&hellip;]<\/p>\n","protected":false},"featured_media":0,"comment_status":"open","ping_status":"closed","template":"","meta":[],"product_brand":[],"product_cat":[137],"product_tag":[],"class_list":{"0":"post-5266","1":"product","2":"type-product","3":"status-publish","5":"product_cat-maros-megyei-eletrajzi-lexikon","7":"first","8":"instock","9":"shipping-taxable","10":"product-type-simple"},"_links":{"self":[{"href":"https:\/\/uj.adatbank.ro\/lexikon\/wp-json\/wp\/v2\/product\/5266","targetHints":{"allow":["GET"]}}],"collection":[{"href":"https:\/\/uj.adatbank.ro\/lexikon\/wp-json\/wp\/v2\/product"}],"about":[{"href":"https:\/\/uj.adatbank.ro\/lexikon\/wp-json\/wp\/v2\/types\/product"}],"replies":[{"embeddable":true,"href":"https:\/\/uj.adatbank.ro\/lexikon\/wp-json\/wp\/v2\/comments?post=5266"}],"wp:attachment":[{"href":"https:\/\/uj.adatbank.ro\/lexikon\/wp-json\/wp\/v2\/media?parent=5266"}],"wp:term":[{"taxonomy":"product_brand","embeddable":true,"href":"https:\/\/uj.adatbank.ro\/lexikon\/wp-json\/wp\/v2\/product_brand?post=5266"},{"taxonomy":"product_cat","embeddable":true,"href":"https:\/\/uj.adatbank.ro\/lexikon\/wp-json\/wp\/v2\/product_cat?post=5266"},{"taxonomy":"product_tag","embeddable":true,"href":"https:\/\/uj.adatbank.ro\/lexikon\/wp-json\/wp\/v2\/product_tag?post=5266"}],"curies":[{"name":"wp","href":"https:\/\/api.w.org\/{rel}","templated":true}]}}

<p>Csittszentivány, 1898., † ? : bankigazgató, gyáros. – Mv.-en érettségizett. Az első vh.-ban a 22. gy. ezred keretében az olasz fronton harcolt mint hadapródőrmester. Az I. ezüst vit.-érem, a bronz vit. érem és a Károly Csapatkereszt kitüntetettje. A mv.-i Albina Takarék és Hitelszövetkezet Rt. szolgálatába lépett (1920), a bank igazgatója (1939–). Maros körzet megválasztott képviselője a Román Parlamentben (1939). A Boros Kerámia- és Agyagedény Ipar vezetője, tulajdonosa (1939–), mely üzem új irányzatot jelentett a Székelyföld iparának fejlesztésében, mivel a szükebb anyagi viszonyok között élő társadalmi réteg edényszükségletének ellátására rendezkedett be, ugyanakkor a kor követelményeinek megfelelően a legmodernebb égetőkemencékkel, gázfütéses szárítókkal volt ellátva. A Marosmente egyedüli agyagedény nagyüzeme, 24 családnak biztosított állandó megélhetést. Minden számottevő helybeli kereskedelmi, ipari és kulturális egyesület és intézmény vezetésében részt vett. A Mv.-i Kereskedelmi és Ipar Kamara elnöke (1947). <br /><strong>Irod.:</strong> Nan: Camera de comerţ; Pană; Székelyföld í. k</br></p>

<p>Csittszentivány, 1898., † ? : bankigazgató, gyáros. – Mv.-en érettségizett. Az első vh.-ban a 22. gy. ezred keretében az olasz fronton harcolt mint hadapródőrmester. Az I. ezüst vit.-érem, a bronz vit. érem és a Károly Csapatkereszt kitüntetettje. A mv.-i Albina Takarék és Hitelszövetkezet Rt. szolgálatába lépett (1920), a bank igazgatója (1939–). Maros körzet megválasztott képviselője a [&hellip;]</p>
