{"id":5275,"date":"2025-06-28T17:09:38","date_gmt":"2025-06-28T15:09:38","guid":{"rendered":"https:\/\/uj.adatbank.ro\/lexikon\/termek\/borosnyai-lukacs-janos-borosnyai-lukats-janos\/"},"modified":"2025-06-28T17:09:38","modified_gmt":"2025-06-28T15:09:38","slug":"borosnyai-lukacs-janos-borosnyai-lukats-janos","status":"publish","type":"product","link":"https:\/\/uj.adatbank.ro\/lexikon\/termek\/borosnyai-lukacs-janos-borosnyai-lukats-janos\/","title":{"rendered":"BOROSNYAI LUK\u00c1CS J\u00e1nos, Borosnyai Luk\u00e1ts J\u00e1nos"},"content":{"rendered":"<p>1767. k., ? \u2020 Mv., 1848. okt. 15.: tan\u00e1r, term\u00e9szettud\u00f3s, \u00edr\u00f3. \u2013 Nagyapja, B. L. J., ref. p\u00fcsp\u00f6k, apja B. L. Simon ref. lelk\u00e9sz (Sz\u00e9kelyudvarhely, 1731. v. 1737. m\u00e1rc. 4.-Mv., 1802. \u00e1pr. 4.), anyja, H\u00fag Margit, berni sz\u00e1rmaz\u00e1s\u00fa. Feles\u00e9ge: Galambos Zsuzsa (\u20131817), Galambos J\u00f3zsef le\u00e1nya. Gyermekeik: J\u00e1nos orvos; Anna \u00f6zv. Szathm\u00e1ri Lajosn\u00e9; D\u00e1niel kataszteri biztos, feles\u00e9ge Dendgelegi Juli; K\u00e1roly gazda; Zsuzs\u00fanna Szil\u00e1gyi D\u00e1nieln\u00e9; Erzs\u00e9bet (\u2020 Mv., 1863.); P\u00f3lix\u00e9nia \u00fcgyv\u00e9d Pallocska Lajosn\u00e9; Simon bonyhai pap. \u2013 Tanult a mv.-i Ref. Koll.-ban, ahol de\u00e1k lett \u00e9s subscrib\u00e1lt (1786), majd a fels\u0151bb tudom\u00e1nyok elv\u00e9gz\u00e9se ut\u00e1n a poetikai oszt\u00e1lyt vezette, \u00e9s mint praeses el\u0151k\u00e9sz\u00edtett a filoz\u00f3fi\u00e1ban (1791\u201392). Egyetemi tanulm\u00e1nyokra Genfbe \u00e9s Bernbe ment, r\u00e9szint a francia nyelv elsaj\u00e1t\u00edt\u00e1sa v\u00e9gett, mert apja \u00e9s nagyapja is ott tanultak, valamint anyja berni sz\u00e1rmaz\u00e1s\u00fa volt (1792). Haza \u00e9rkez\u00e9se ut\u00e1n beiktatt\u00e1k a mv.-i Ref. Koll. tan\u00e1ri sz\u00e9k\u00e9be, ahol a koll. els\u0151 term\u00e9szetrajz tan\u00e1ra lett. Tan\u00edtott a term\u00e9szetrajz mellett, t\u00f6rt\u00e9nelmet, franci\u00e1t, n\u00e9metet nyugalomba vonul\u00e1s\u00e1ig (1797. szept. 9. \u2013 1844.), rektor is volt (1804\u20131806). Mv. polg\u00e1r\u00e1va esk\u00fcdt (1805). Nyugalomba vonulva vers\u00edr\u00e1ssal foglalkozott. A R\u00f6vid term\u00e9szethist\u00f3ria c. munk\u00e1j\u00e1ban a term\u00e9szetrajz t\u00e1rgyait r\u00edmes versekbe foglalva adta ki. Minden szakaszhoz bevezet\u00e9st \u00edrt. A feltett k\u00e9rd\u00e9s egy sorban, pr\u00f3z\u00e1ban \u00e9s az arra alkalmazott felelet k\u00e9tsoros r\u00edmes vers, alul pedig a jegyzet rovatban a t\u00e1rgy: \u00e1llat, n\u00f6v\u00e9ny tudom\u00e1nyos neve is fel van t\u00fcntetve. \u00d6r\u00f6k eml\u00e9ket akart \u00e1ll\u00edtani sz\u00fcl\u0151v\u00e1ros\u00e1nak, versbe szedve \u00e9s jegyzetekkel ell\u00e1tva meg\u00edrta Mv. t\u00f6rt\u00e9net\u00e9t. A bor\u00edt\u00f3lapra pedig ezt \u00edrta: \u201eV\u00e1s\u00e1rfija a Szent M\u00e1rton napi sokadalomra\u201d. A m\u0171 bevezet\u0151j\u00e9\u00fcl kiadott \u201eJelent\u00e9sben\u201d a beig\u00e9rt \u201eaj\u00e1nd\u00e9kotsk\u00e1b\u00f3l\u201d mind\u00f6ssze k\u00e9t k\u00f6nyvecske jelent meg: az \u201eEls\u0151 dal\u201d \u2013 amelyben a v\u00e1ros eredet\u00e9t nyomozza ki \u00e9s az \u201eEls\u0151 \u00e9nek\u201d \u2013 amelyben a v\u00e1ros \u201ePiattz\u00e1r\u00f3l\u201d ad \u00f6r\u00f6k eml\u00e9ket. A versek egymagukba v\u00e9ve nagyobb irodalmi \u00e9rt\u00e9ket nem k\u00e9pviselnek, ink\u00e1bb a hozz\u00e1f\u0171z\u00f6tt jegyzetek igen sok \u00e9rt\u00e9kes t\u00f6rt\u00e9nelmi adatot tartalmaznak, valamint a sz\u00e1z \u00e9v el\u0151tti Mv. v\u00e1ros arculat\u00e1t szeml\u00e9ltette \u00e9s a hiteles szemtan\u00fa b\u0151besz\u00e9d\u0171s\u00e9g\u00e9vel elevenitette meg a m\u00falt eml\u00e9keit. Maga a kiadv\u00e1ny mint a helyi kezd\u0151 nyomdaipar term\u00e9k\u00e9nek egy ritka p\u00e9ld\u00e1nya \u00e9rdemel figyelmet. A M\u00e1jusi bokr\u00e9ta c. munk\u00e1j\u00e1nak az el\u0151szav\u00e1t pr\u00f3z\u00e1ban, a n\u00f6v\u00e9nyek elrendez\u00e9s\u00e9nek \u00e1ttekint\u00e9se Line\u00e9 szerint 24 classisban \u00edrta meg. A V\u00e1rtemplom toronygombirat\u00e1ban (1822), mint f\u00f6ldrajz \u00e9s term\u00e9szetrajz prof.-t \u00e9s mint a ref. ekl\u00e9zsia f\u0151kur\u00e1tor\u00e1t eml\u00edtett\u00e9k. \u2013 <strong>F. m.:<\/strong> R\u00f6vid term\u00e9szethist\u00f3ria, melyet a tanul\u00f3 gyermekek sz\u00e1m\u00e1ra k\u00e9sz\u00edtett \u00e9s elm\u00e9jekhez alkalmaztatva r\u00f6vid k\u00e9rd\u00e9sekben \u00e9s versekbeli feleletekben foglalva kiadott. I. szak a sz\u00f3l\u00f3 \u00e1llatokr\u00f3l 12 rendben; II. Szak a madarakr\u00f3l 9 rendben, 7 sz\u00e1raz \u00e9s 2 vizi rendben; III. szak a k\u00e9t\u00e9lt\u0171ekr\u0151l 2 rendben; IV szak a halakr\u00f3l 6 rendben; V. szak. bogarakr\u00f3l 7 rendben, VI. Szak. a ny\u00fcvekr\u0151l vagy f\u00e9rgekr\u0151l 5 rendben (Mv., 1826, 1836, 1839); R\u00e9gi \u00e9s \u00faj V\u00e1s\u00e1rhely, vagyis az Erd\u00e9ly orsz\u00e1gi nagy fejedelems\u00e9gben lev\u0151 szabad Kir\u00e1lyi Sz\u00e9kely Mez\u0151-V\u00e1rosnak Maros V\u00e1s\u00e1rhelynek k\u00f6r\u00fclm\u00e9nyes le \u00edr\u00e1sa. Versben hozz\u00e1 tett vil\u00e1gos\u00edt\u00f3 \u00e9s magyar\u00e1z\u00f3 jegyzetekkel. 1\u20132 f\u00fczet (Mv., 1836, 1937); <strong>antol\u00f3g.:<\/strong> R\u00e9gi \u00e9s \u00faj V\u00e1s\u00e1rhely (Fodor Istv\u00e1n bevezet\u0151je: B. L. J. sz\u00e1z\u00e9ves v\u00e1s\u00e1rfi\u00e1ja a Szent M\u00e1rton napi sokadalomra 1837\u20131937) = Marossz\u00e9ki kr\u00f3nik\u00e1k, 2; M\u00e1jusi bokr\u00e9ta, vagyis f\u0171v\u00e9sztudom\u00e1ny, mellyel az azt tanulni igyekez\u0151knek, egy\u00fcgy\u0171en ugyan, m\u00e9gis amint lehetett gy\u00f6ny\u00f6rk\u00f6dtet\u0151leg \u00e9s tudom\u00e1nyos renddel, versekbe foglalva kiv\u00e1n kedveskedni B. L. J. (Mv., 1837\u201343). <br \/><strong>Irod.:<\/strong> Er\u0151s v\u00e1runk; Gy\u00e1szjelent\u0151; Gy\u0151ry; Id\u0151t\u00e1r 2; Kempelen, Keszeg; Kiss-K\u00e1lm\u00e1n-Bierbrunner; Koncz; Koncz J\u00f3zsef; Kozma; Kr\u00f3n F\u00fcz. (1939, 4\/7); Marossz\u00e9ki kr\u00f3nik\u00e1k, 2.; P\u00e1l-Antal 2006; P\u00e1l-Antal 2009; Peth\u0151 Gyula: A magyar term\u00e9szettudom\u00e1nyi irodalom fejl\u0151d\u00e9se \u00e9s f\u00f6llend\u00fcl\u00e9se (Bp., 1900); RMIL; Rugonfalvi Kiss; Szab\u00f3\u2013Sz\u00f6gi; Szinnyei; Szinnyei J; Szinnyei J-Sz. J; Thury, Todea\u2013F\u00fcl\u00f6p\u2013Avram; \u00daj Magyar Athenas (Bp., 1887); Vincze Frigyes: Szakoktat\u00e1sunk m\u00faltja \u00e9s jelene (Bp., 1937)<\/br><\/p>\n","protected":false},"excerpt":{"rendered":"<p>1767. k., ? \u2020 Mv., 1848. okt. 15.: tan\u00e1r, term\u00e9szettud\u00f3s, \u00edr\u00f3. \u2013 Nagyapja, B. L. J., ref. p\u00fcsp\u00f6k, apja B. L. Simon ref. lelk\u00e9sz (Sz\u00e9kelyudvarhely, 1731. v. 1737. m\u00e1rc. 4.-Mv., 1802. \u00e1pr. 4.), anyja, H\u00fag Margit, berni sz\u00e1rmaz\u00e1s\u00fa. Feles\u00e9ge: Galambos Zsuzsa (\u20131817), Galambos J\u00f3zsef le\u00e1nya. Gyermekeik: J\u00e1nos orvos; Anna \u00f6zv. Szathm\u00e1ri Lajosn\u00e9; D\u00e1niel kataszteri biztos, [&hellip;]<\/p>\n","protected":false},"featured_media":0,"comment_status":"open","ping_status":"closed","template":"","meta":[],"product_brand":[],"product_cat":[137],"product_tag":[],"class_list":{"0":"post-5275","1":"product","2":"type-product","3":"status-publish","5":"product_cat-maros-megyei-eletrajzi-lexikon","7":"first","8":"instock","9":"shipping-taxable","10":"product-type-simple"},"_links":{"self":[{"href":"https:\/\/uj.adatbank.ro\/lexikon\/wp-json\/wp\/v2\/product\/5275","targetHints":{"allow":["GET"]}}],"collection":[{"href":"https:\/\/uj.adatbank.ro\/lexikon\/wp-json\/wp\/v2\/product"}],"about":[{"href":"https:\/\/uj.adatbank.ro\/lexikon\/wp-json\/wp\/v2\/types\/product"}],"replies":[{"embeddable":true,"href":"https:\/\/uj.adatbank.ro\/lexikon\/wp-json\/wp\/v2\/comments?post=5275"}],"wp:attachment":[{"href":"https:\/\/uj.adatbank.ro\/lexikon\/wp-json\/wp\/v2\/media?parent=5275"}],"wp:term":[{"taxonomy":"product_brand","embeddable":true,"href":"https:\/\/uj.adatbank.ro\/lexikon\/wp-json\/wp\/v2\/product_brand?post=5275"},{"taxonomy":"product_cat","embeddable":true,"href":"https:\/\/uj.adatbank.ro\/lexikon\/wp-json\/wp\/v2\/product_cat?post=5275"},{"taxonomy":"product_tag","embeddable":true,"href":"https:\/\/uj.adatbank.ro\/lexikon\/wp-json\/wp\/v2\/product_tag?post=5275"}],"curies":[{"name":"wp","href":"https:\/\/api.w.org\/{rel}","templated":true}]}}

BOROSNYAI LUKÁCS János, Borosnyai Lukáts János

<p>1767. k., ? † Mv., 1848. okt. 15.: tanár, természettudós, író. – Nagyapja, B. L. J., ref. püspök, apja B. L. Simon ref. lelkész (Székelyudvarhely, 1731. v. 1737. márc. 4.-Mv., 1802. ápr. 4.), anyja, Húg Margit, berni származású. Felesége: Galambos Zsuzsa (–1817), Galambos József leánya. Gyermekeik: János orvos; Anna özv. Szathmári Lajosné; Dániel kataszteri biztos, felesége Dendgelegi Juli; Károly gazda; Zsuzsúnna Szilágyi Dánielné; Erzsébet († Mv., 1863.); Pólixénia ügyvéd Pallocska Lajosné; Simon bonyhai pap. – Tanult a mv.-i Ref. Koll.-ban, ahol deák lett és subscribált (1786), majd a felsőbb tudományok elvégzése után a poetikai osztályt vezette, és mint praeses előkészített a filozófiában (1791–92). Egyetemi tanulmányokra Genfbe és Bernbe ment, részint a francia nyelv elsajátítása végett, mert apja és nagyapja is ott tanultak, valamint anyja berni származású volt (1792). Haza érkezése után beiktatták a mv.-i Ref. Koll. tanári székébe, ahol a koll. első természetrajz tanára lett. Tanított a természetrajz mellett, történelmet, franciát, németet nyugalomba vonulásáig (1797. szept. 9. – 1844.), rektor is volt (1804–1806). Mv. polgáráva esküdt (1805). Nyugalomba vonulva versírással foglalkozott. A Rövid természethistória c. munkájában a természetrajz tárgyait rímes versekbe foglalva adta ki. Minden szakaszhoz bevezetést írt. A feltett kérdés egy sorban, prózában és az arra alkalmazott felelet kétsoros rímes vers, alul pedig a jegyzet rovatban a tárgy: állat, növény tudományos neve is fel van tüntetve. Örök emléket akart állítani szülővárosának, versbe szedve és jegyzetekkel ellátva megírta Mv. történetét. A borítólapra pedig ezt írta: „Vásárfija a Szent Márton napi sokadalomra”. A mű bevezetőjéül kiadott „Jelentésben” a beigért „ajándékotskából” mindössze két könyvecske jelent meg: az „Első dal” – amelyben a város eredetét nyomozza ki és az „Első ének” – amelyben a város „Piattzáról” ad örök emléket. A versek egymagukba véve nagyobb irodalmi értéket nem képviselnek, inkább a hozzáfűzött jegyzetek igen sok értékes történelmi adatot tartalmaznak, valamint a száz év előtti Mv. város arculatát szemléltette és a hiteles szemtanú bőbeszédűségével elevenitette meg a múlt emlékeit. Maga a kiadvány mint a helyi kezdő nyomdaipar termékének egy ritka példánya érdemel figyelmet. A Májusi bokréta c. munkájának az előszavát prózában, a növények elrendezésének áttekintése Lineé szerint 24 classisban írta meg. A Vártemplom toronygombiratában (1822), mint földrajz és természetrajz prof.-t és mint a ref. eklézsia főkurátorát említették. – <strong>F. m.:</strong> Rövid természethistória, melyet a tanuló gyermekek számára készített és elméjekhez alkalmaztatva rövid kérdésekben és versekbeli feleletekben foglalva kiadott. I. szak a szóló állatokról 12 rendben; II. Szak a madarakról 9 rendben, 7 száraz és 2 vizi rendben; III. szak a kétéltűekről 2 rendben; IV szak a halakról 6 rendben; V. szak. bogarakról 7 rendben, VI. Szak. a nyüvekről vagy férgekről 5 rendben (Mv., 1826, 1836, 1839); Régi és új Vásárhely, vagyis az Erdély országi nagy fejedelemségben levő szabad Királyi Székely Mező-Városnak Maros Vásárhelynek körülményes le írása. Versben hozzá tett világosító és magyarázó jegyzetekkel. 1–2 füzet (Mv., 1836, 1937); <strong>antológ.:</strong> Régi és új Vásárhely (Fodor István bevezetője: B. L. J. százéves vásárfiája a Szent Márton napi sokadalomra 1837–1937) = Marosszéki krónikák, 2; Májusi bokréta, vagyis fűvésztudomány, mellyel az azt tanulni igyekezőknek, együgyűen ugyan, mégis amint lehetett gyönyörködtetőleg és tudományos renddel, versekbe foglalva kiván kedveskedni B. L. J. (Mv., 1837–43). <br /><strong>Irod.:</strong> Erős várunk; Gyászjelentő; Győry; Időtár 2; Kempelen, Keszeg; Kiss-Kálmán-Bierbrunner; Koncz; Koncz József; Kozma; Krón Füz. (1939, 4/7); Marosszéki krónikák, 2.; Pál-Antal 2006; Pál-Antal 2009; Pethő Gyula: A magyar természettudományi irodalom fejlődése és föllendülése (Bp., 1900); RMIL; Rugonfalvi Kiss; Szabó–Szögi; Szinnyei; Szinnyei J; Szinnyei J-Sz. J; Thury, Todea–Fülöp–Avram; Új Magyar Athenas (Bp., 1887); Vincze Frigyes: Szakoktatásunk múltja és jelene (Bp., 1937)</br></p>

<p>1767. k., ? † Mv., 1848. okt. 15.: tanár, természettudós, író. – Nagyapja, B. L. J., ref. püspök, apja B. L. Simon ref. lelkész (Székelyudvarhely, 1731. v. 1737. márc. 4.-Mv., 1802. ápr. 4.), anyja, Húg Margit, berni származású. Felesége: Galambos Zsuzsa (–1817), Galambos József leánya. Gyermekeik: János orvos; Anna özv. Szathmári Lajosné; Dániel kataszteri biztos, [&hellip;]</p>
