{"id":5279,"date":"2025-06-28T17:09:46","date_gmt":"2025-06-28T15:09:46","guid":{"rendered":"https:\/\/uj.adatbank.ro\/lexikon\/termek\/borosnyai-lukacs-oszkar-lukacs-oszkar-borosnyoi-borosnyay-oszkar\/"},"modified":"2025-06-28T17:09:46","modified_gmt":"2025-06-28T15:09:46","slug":"borosnyai-lukacs-oszkar-lukacs-oszkar-borosnyoi-borosnyay-oszkar","status":"publish","type":"product","link":"https:\/\/uj.adatbank.ro\/lexikon\/termek\/borosnyai-lukacs-oszkar-lukacs-oszkar-borosnyoi-borosnyay-oszkar\/","title":{"rendered":"BOROSNYAI Luk\u00e1cs Oszk\u00e1r, Luk\u00e1cs Oszk\u00e1r, borosny\u00f3i, Borosnyay Oszk\u00e1r"},"content":{"rendered":"<p>Mv., 1839., \u2020 Bp., 1910.: miniszteri tan\u00e1csos. \u2013 Tanulm\u00e1nyait sz\u00fcl\u0151v\u00e1ros\u00e1ban, Kv.-on, Nagyszombatban, Nagyk\u0151r\u00f6s\u00f6n \u00e9s a bp.-i egyetemen v\u00e9gezte. \u00c1llami szolg\u00e1latba l\u00e9pett (1867); a p\u00e9nz\u00fcgyminiszt\u00e9riumban titk\u00e1r (1880), oszt\u00e1lytan\u00e1csos, c. miniszteri tan\u00e1csos. Munkat\u00e1rsa volt a M. Tisztvisel\u0151 \u00e9s az \u00c1ll. Tisztvisel\u0151k Lapja c. lapoknak. Enged\u00e9lyt kapott a borosny\u00f3i el\u0151n\u00e9v megtart\u00e1sa mellett az addig viselt Luk\u00e1cs csal\u00e1dn\u00e9v helyett a Borosnyay n\u00e9v haszn\u00e1lat\u00e1ra (1883, m\u00e1j. 14). <br \/><strong>Irod.:<\/strong> Guly\u00e1s<\/br><\/p>\n","protected":false},"excerpt":{"rendered":"<p>Mv., 1839., \u2020 Bp., 1910.: miniszteri tan\u00e1csos. \u2013 Tanulm\u00e1nyait sz\u00fcl\u0151v\u00e1ros\u00e1ban, Kv.-on, Nagyszombatban, Nagyk\u0151r\u00f6s\u00f6n \u00e9s a bp.-i egyetemen v\u00e9gezte. \u00c1llami szolg\u00e1latba l\u00e9pett (1867); a p\u00e9nz\u00fcgyminiszt\u00e9riumban titk\u00e1r (1880), oszt\u00e1lytan\u00e1csos, c. miniszteri tan\u00e1csos. Munkat\u00e1rsa volt a M. Tisztvisel\u0151 \u00e9s az \u00c1ll. Tisztvisel\u0151k Lapja c. lapoknak. Enged\u00e9lyt kapott a borosny\u00f3i el\u0151n\u00e9v megtart\u00e1sa mellett az addig viselt Luk\u00e1cs csal\u00e1dn\u00e9v helyett [&hellip;]<\/p>\n","protected":false},"featured_media":0,"comment_status":"open","ping_status":"closed","template":"","meta":[],"product_brand":[],"product_cat":[137],"product_tag":[],"class_list":{"0":"post-5279","1":"product","2":"type-product","3":"status-publish","5":"product_cat-maros-megyei-eletrajzi-lexikon","7":"first","8":"instock","9":"shipping-taxable","10":"product-type-simple"},"_links":{"self":[{"href":"https:\/\/uj.adatbank.ro\/lexikon\/wp-json\/wp\/v2\/product\/5279","targetHints":{"allow":["GET"]}}],"collection":[{"href":"https:\/\/uj.adatbank.ro\/lexikon\/wp-json\/wp\/v2\/product"}],"about":[{"href":"https:\/\/uj.adatbank.ro\/lexikon\/wp-json\/wp\/v2\/types\/product"}],"replies":[{"embeddable":true,"href":"https:\/\/uj.adatbank.ro\/lexikon\/wp-json\/wp\/v2\/comments?post=5279"}],"wp:attachment":[{"href":"https:\/\/uj.adatbank.ro\/lexikon\/wp-json\/wp\/v2\/media?parent=5279"}],"wp:term":[{"taxonomy":"product_brand","embeddable":true,"href":"https:\/\/uj.adatbank.ro\/lexikon\/wp-json\/wp\/v2\/product_brand?post=5279"},{"taxonomy":"product_cat","embeddable":true,"href":"https:\/\/uj.adatbank.ro\/lexikon\/wp-json\/wp\/v2\/product_cat?post=5279"},{"taxonomy":"product_tag","embeddable":true,"href":"https:\/\/uj.adatbank.ro\/lexikon\/wp-json\/wp\/v2\/product_tag?post=5279"}],"curies":[{"name":"wp","href":"https:\/\/api.w.org\/{rel}","templated":true}]}}