{"id":5281,"date":"2025-06-28T17:09:50","date_gmt":"2025-06-28T15:09:50","guid":{"rendered":"https:\/\/uj.adatbank.ro\/lexikon\/termek\/borosnyai-lukacs-pal-nagyborosnyoi-borosnyay-pal\/"},"modified":"2025-06-28T17:09:50","modified_gmt":"2025-06-28T15:09:50","slug":"borosnyai-lukacs-pal-nagyborosnyoi-borosnyay-pal","status":"publish","type":"product","link":"https:\/\/uj.adatbank.ro\/lexikon\/termek\/borosnyai-lukacs-pal-nagyborosnyoi-borosnyay-pal\/","title":{"rendered":"BOROSNYAI Luk\u00e1cs P\u00e1l, nagyborosny\u00f3i; Borosnyay P\u00e1l"},"content":{"rendered":"<p>1814. \u2020\u00a0Mv., 1885. febr. 24.: polg\u00e1rmester, ogy.-i k\u00e9pvisel\u0151. \u2013 Feles\u00e9ge: 1. \u00e9rszodorai Nagy Juli\u00e1nna; 2. szathm\u00e1ri Ily\u00e9s Jusztina (1828-Mv., 1903. m\u00e1rc. 27.). \u2013 Az 1848\/49-es forradalomban honv\u00e9d husz\u00e1rsz\u00e1zados, Bem alt\u00e1bornagy sz\u00e1rnyseg\u00e9de, a szabads\u00e1gharc II. o. \u00e9remtulajdonosa, a Ferenc J\u00f3zsef rend lovagja, a Honv\u00e9d Egylet Bem szoborbizotts\u00e1g\u00e1nak eln\u00f6ke. A bizotts\u00e1g felh\u00edv\u00f3 al\u00e1\u00edr\u00e1si \u00edveket bocs\u00e1tott ki a p\u00e9nzalap el\u0151teremt\u00e9s\u00e9re (1868). A bizotts\u00e1g h\u00e1romtag\u00fa v\u00e1lasztm\u00e1nyt nevezett ki a szobor elk\u00e9sz\u00edttet\u00e9se \u00e9rdek\u00e9ben ( Borosnyai P\u00e1l, dr. Kn\u00f6pfler Vilmos \u00e9s Bereczky S\u00e1ndor ogy.-i k\u00e9pvisel\u0151, volt honv\u00e9dtiszt szem\u00e9ly\u00e9ben). Kivitelez\u0151je p\u00e1ly\u00e1zat \u00fatj\u00e1n Husz\u00e1r Adolf, szobr\u00e1szm\u0171v\u00e9sz lett. A szobrot a v\u00e1ros f\u0151ter\u00e9n leplezt\u00e9k le (1880. okt. 17.). A t\u00f6rt\u00e9nelem viharaiban az ut\u00f3kor nem becs\u00fclte meg Mv. egyik h\u00edres szobr\u00e1t sem, amelyek a v\u00e1ros lak\u00f3inak adakoz\u00e1s\u00e1b\u00f3l \u00e9p\u00fcltek (Kossuth-, Bem-, II. R\u00e1k\u00f3czi Ferenc- szobrok \u00e9s a Pet\u0151fi-eml\u00e9koszlopot mind led\u00f6nt\u00f6tt\u00e9k (1919. m\u00e1rc. 20. \u00e9jjel). K\u00e9t \u00edzben volt Mv. polg\u00e1rmestere (1872\u20131875, 1884\u20131885), ogy.-i k\u00e9pvisel\u0151. Rudolf tr\u00f3n\u00f6r\u00f6k\u00f6st \u00e9s feles\u00e9g\u00e9t fogadta mv.-i l\u00e1togat\u00e1sukkor, elk\u00e9sett, az \u00e1llom\u00e1sra a kocsija a vonattal egyid\u0151ben \u00e9rkezett, m\u00e9g lihegve mondta el \u00fcdv\u00f6zl\u0151 besz\u00e9d\u00e9t, emiatt k\u00e9s\u0151bb lemondatt\u00e1k. Enged\u00e9lyt kapott a borosny\u00f3i el\u0151n\u00e9v megtart\u00e1sa mellett az addig viselt Luk\u00e1cs csal\u00e1dn\u00e9v helyett a Borosnyay n\u00e9v haszn\u00e1lat\u00e1ra (1883. m\u00e1j. 14). <br \/><strong>Irod.:<\/strong> Csekme; Fodor\u2013Bal\u00e1s; Gy\u00e1szjelent\u0151; P\u00e1l-Antal-Szab\u00f3 2.; A ref. V\u00e1rtemplom lelk\u00e9szei (dr. Pusk\u00e1s Katalin k\u00e9zirata); \u00d6kr\u00f6s; P\u00e1lmay J\u00f3zsef<\/br><\/p>\n","protected":false},"excerpt":{"rendered":"<p>1814. \u2020\u00a0Mv., 1885. febr. 24.: polg\u00e1rmester, ogy.-i k\u00e9pvisel\u0151. \u2013 Feles\u00e9ge: 1. \u00e9rszodorai Nagy Juli\u00e1nna; 2. szathm\u00e1ri Ily\u00e9s Jusztina (1828-Mv., 1903. m\u00e1rc. 27.). \u2013 Az 1848\/49-es forradalomban honv\u00e9d husz\u00e1rsz\u00e1zados, Bem alt\u00e1bornagy sz\u00e1rnyseg\u00e9de, a szabads\u00e1gharc II. o. \u00e9remtulajdonosa, a Ferenc J\u00f3zsef rend lovagja, a Honv\u00e9d Egylet Bem szoborbizotts\u00e1g\u00e1nak eln\u00f6ke. A bizotts\u00e1g felh\u00edv\u00f3 al\u00e1\u00edr\u00e1si \u00edveket bocs\u00e1tott ki a [&hellip;]<\/p>\n","protected":false},"featured_media":0,"comment_status":"open","ping_status":"closed","template":"","meta":[],"product_brand":[],"product_cat":[137],"product_tag":[],"class_list":{"0":"post-5281","1":"product","2":"type-product","3":"status-publish","5":"product_cat-maros-megyei-eletrajzi-lexikon","7":"first","8":"instock","9":"shipping-taxable","10":"product-type-simple"},"_links":{"self":[{"href":"https:\/\/uj.adatbank.ro\/lexikon\/wp-json\/wp\/v2\/product\/5281","targetHints":{"allow":["GET"]}}],"collection":[{"href":"https:\/\/uj.adatbank.ro\/lexikon\/wp-json\/wp\/v2\/product"}],"about":[{"href":"https:\/\/uj.adatbank.ro\/lexikon\/wp-json\/wp\/v2\/types\/product"}],"replies":[{"embeddable":true,"href":"https:\/\/uj.adatbank.ro\/lexikon\/wp-json\/wp\/v2\/comments?post=5281"}],"wp:attachment":[{"href":"https:\/\/uj.adatbank.ro\/lexikon\/wp-json\/wp\/v2\/media?parent=5281"}],"wp:term":[{"taxonomy":"product_brand","embeddable":true,"href":"https:\/\/uj.adatbank.ro\/lexikon\/wp-json\/wp\/v2\/product_brand?post=5281"},{"taxonomy":"product_cat","embeddable":true,"href":"https:\/\/uj.adatbank.ro\/lexikon\/wp-json\/wp\/v2\/product_cat?post=5281"},{"taxonomy":"product_tag","embeddable":true,"href":"https:\/\/uj.adatbank.ro\/lexikon\/wp-json\/wp\/v2\/product_tag?post=5281"}],"curies":[{"name":"wp","href":"https:\/\/api.w.org\/{rel}","templated":true}]}}