{"id":5284,"date":"2025-06-28T17:10:00","date_gmt":"2025-06-28T15:10:00","guid":{"rendered":"https:\/\/uj.adatbank.ro\/lexikon\/termek\/borosnyai-pal-nagyborosnyoi-borosnyay-pal\/"},"modified":"2025-06-28T17:10:00","modified_gmt":"2025-06-28T15:10:00","slug":"borosnyai-pal-nagyborosnyoi-borosnyay-pal","status":"publish","type":"product","link":"https:\/\/uj.adatbank.ro\/lexikon\/termek\/borosnyai-pal-nagyborosnyoi-borosnyay-pal\/","title":{"rendered":"BOROSNYAI P\u00e1l, nagyborosny\u00f3i , Borosnyay P\u00e1l"},"content":{"rendered":"<p>1814. \u2020\u00a0Mv., 1885. febr. 24.: polg\u00e1rmester, ogy.-i k\u00e9pvisel\u0151. \u2013 Feles\u00e9ge: Szathm\u00e1ry Ily\u00e9s Jusztina (\u2020\u00a0Mv., 1903. m\u00e1rc. 26.), a Ferenc J\u00f3zsef Rend aranykeresztese, a n\u0151egylet t. b. eln\u00f6ke. \u2013 R\u00e9szt vett az 1848\u201349. szabads\u00e1gharcban, mint husz\u00e1rsz\u00e1zados, Bem t\u00e1bornok sz\u00e1rnyseg\u00e9dje. Mv. polg\u00e1rmestere k\u00e9t alkalommal (1872-?; \u2013 1884. dec. 31-ig), k\u00e9tszer volt ogy. k\u00e9pvisel\u0151 is (1875. j\u00fal. 7.-\u00a0?). A mv.-i Csizmadia C\u00e9h sz\u00e9kh\u00e1z\u00e1nak bizony\u00edtv\u00e1ny\u00e1t bocs\u00e1jtotta ki (1872. nov. 16.). Ferencz J\u00f3zsef lovagrend keresztese, a marossz\u00e9ki \u00e9s Mv. sz. kir. v\u00e1rosi honv\u00e9d-egylet \u00e9s a Bem szoborbizottm\u00e1ny aleln\u00f6ke, majd eln\u00f6ke (1873. febr. 2. \u2013). <br \/><strong>Irod.:<\/strong> Gy\u00e1szjelent\u0151; [Nekrol\u00f3g] (Marosvid\u00e9k, 1885. febr. 26.); M\u00e1th\u00e9 \u00c9va: Egy c\u00e9h \u00fajj\u00e1sz\u00fcletik [Csizmadia T\u00e1rsas\u00e1g Mv.-en] (N\u00fa., 1996. dec. 6); P\u00e1lmay J\u00f3zsef; Szentgy\u00f6rgyi<\/br><\/p>\n","protected":false},"excerpt":{"rendered":"<p>1814. \u2020\u00a0Mv., 1885. febr. 24.: polg\u00e1rmester, ogy.-i k\u00e9pvisel\u0151. \u2013 Feles\u00e9ge: Szathm\u00e1ry Ily\u00e9s Jusztina (\u2020\u00a0Mv., 1903. m\u00e1rc. 26.), a Ferenc J\u00f3zsef Rend aranykeresztese, a n\u0151egylet t. b. eln\u00f6ke. \u2013 R\u00e9szt vett az 1848\u201349. szabads\u00e1gharcban, mint husz\u00e1rsz\u00e1zados, Bem t\u00e1bornok sz\u00e1rnyseg\u00e9dje. Mv. polg\u00e1rmestere k\u00e9t alkalommal (1872-?; \u2013 1884. dec. 31-ig), k\u00e9tszer volt ogy. k\u00e9pvisel\u0151 is (1875. j\u00fal. 7.-\u00a0?). [&hellip;]<\/p>\n","protected":false},"featured_media":0,"comment_status":"open","ping_status":"closed","template":"","meta":[],"product_brand":[],"product_cat":[137],"product_tag":[],"class_list":{"0":"post-5284","1":"product","2":"type-product","3":"status-publish","5":"product_cat-maros-megyei-eletrajzi-lexikon","7":"first","8":"instock","9":"shipping-taxable","10":"product-type-simple"},"_links":{"self":[{"href":"https:\/\/uj.adatbank.ro\/lexikon\/wp-json\/wp\/v2\/product\/5284","targetHints":{"allow":["GET"]}}],"collection":[{"href":"https:\/\/uj.adatbank.ro\/lexikon\/wp-json\/wp\/v2\/product"}],"about":[{"href":"https:\/\/uj.adatbank.ro\/lexikon\/wp-json\/wp\/v2\/types\/product"}],"replies":[{"embeddable":true,"href":"https:\/\/uj.adatbank.ro\/lexikon\/wp-json\/wp\/v2\/comments?post=5284"}],"wp:attachment":[{"href":"https:\/\/uj.adatbank.ro\/lexikon\/wp-json\/wp\/v2\/media?parent=5284"}],"wp:term":[{"taxonomy":"product_brand","embeddable":true,"href":"https:\/\/uj.adatbank.ro\/lexikon\/wp-json\/wp\/v2\/product_brand?post=5284"},{"taxonomy":"product_cat","embeddable":true,"href":"https:\/\/uj.adatbank.ro\/lexikon\/wp-json\/wp\/v2\/product_cat?post=5284"},{"taxonomy":"product_tag","embeddable":true,"href":"https:\/\/uj.adatbank.ro\/lexikon\/wp-json\/wp\/v2\/product_tag?post=5284"}],"curies":[{"name":"wp","href":"https:\/\/api.w.org\/{rel}","templated":true}]}}

BOROSNYAI Pál, nagyborosnyói , Borosnyay Pál

<p>1814. † Mv., 1885. febr. 24.: polgármester, ogy.-i képviselő. – Felesége: Szathmáry Ilyés Jusztina († Mv., 1903. márc. 26.), a Ferenc József Rend aranykeresztese, a nőegylet t. b. elnöke. – Részt vett az 1848–49. szabadságharcban, mint huszárszázados, Bem tábornok szárnysegédje. Mv. polgármestere két alkalommal (1872-?; – 1884. dec. 31-ig), kétszer volt ogy. képviselő is (1875. júl. 7.- ?). A mv.-i Csizmadia Céh székházának bizonyítványát bocsájtotta ki (1872. nov. 16.). Ferencz József lovagrend keresztese, a marosszéki és Mv. sz. kir. városi honvéd-egylet és a Bem szoborbizottmány alelnöke, majd elnöke (1873. febr. 2. –). <br /><strong>Irod.:</strong> Gyászjelentő; [Nekrológ] (Marosvidék, 1885. febr. 26.); Máthé Éva: Egy céh újjászületik [Csizmadia Társaság Mv.-en] (Nú., 1996. dec. 6); Pálmay József; Szentgyörgyi</br></p>

<p>1814. † Mv., 1885. febr. 24.: polgármester, ogy.-i képviselő. – Felesége: Szathmáry Ilyés Jusztina († Mv., 1903. márc. 26.), a Ferenc József Rend aranykeresztese, a nőegylet t. b. elnöke. – Részt vett az 1848–49. szabadságharcban, mint huszárszázados, Bem tábornok szárnysegédje. Mv. polgármestere két alkalommal (1872-?; – 1884. dec. 31-ig), kétszer volt ogy. képviselő is (1875. júl. 7.- ?). [&hellip;]</p>
