{"id":5288,"date":"2025-06-28T17:10:08","date_gmt":"2025-06-28T15:10:08","guid":{"rendered":"https:\/\/uj.adatbank.ro\/lexikon\/termek\/bors-imre\/"},"modified":"2025-06-28T17:10:08","modified_gmt":"2025-06-28T15:10:08","slug":"bors-imre","status":"publish","type":"product","link":"https:\/\/uj.adatbank.ro\/lexikon\/termek\/bors-imre\/","title":{"rendered":"BORS Imre"},"content":{"rendered":"<p>Nagyernye, 1785., \u2020 ? : szabad sz\u00e9kely, falusb\u00edr\u00f3, unit. presbiter. \u2013 Fokozatosan emelkedett a ranglist\u00e1n: a falu egyik esk\u00fcdtje (1819); falusb\u00edr\u00f3 (1825). Az ernyei unit\u00e1riusok k\u00e9pvisel\u0151je minden egyh\u00e1zk\u00f6zs\u00e9gi \u00f6sszej\u00f6vetelen pl. temet\u0151kim\u00e9r\u00e9sn\u00e9l (1834), a ref. f\u00f6ldek \u00f6ssze\u00edr\u00e1s\u00e1n\u00e1l, peresked\u00e9sekben. <br \/><strong>Irod.:<\/strong> Nagyernye<\/br><\/p>\n","protected":false},"excerpt":{"rendered":"<p>Nagyernye, 1785., \u2020 ? : szabad sz\u00e9kely, falusb\u00edr\u00f3, unit. presbiter. \u2013 Fokozatosan emelkedett a ranglist\u00e1n: a falu egyik esk\u00fcdtje (1819); falusb\u00edr\u00f3 (1825). Az ernyei unit\u00e1riusok k\u00e9pvisel\u0151je minden egyh\u00e1zk\u00f6zs\u00e9gi \u00f6sszej\u00f6vetelen pl. temet\u0151kim\u00e9r\u00e9sn\u00e9l (1834), a ref. f\u00f6ldek \u00f6ssze\u00edr\u00e1s\u00e1n\u00e1l, peresked\u00e9sekben. Irod.: Nagyernye<\/p>\n","protected":false},"featured_media":0,"comment_status":"open","ping_status":"closed","template":"","meta":[],"product_brand":[],"product_cat":[137],"product_tag":[],"class_list":{"0":"post-5288","1":"product","2":"type-product","3":"status-publish","5":"product_cat-maros-megyei-eletrajzi-lexikon","7":"first","8":"instock","9":"shipping-taxable","10":"product-type-simple"},"_links":{"self":[{"href":"https:\/\/uj.adatbank.ro\/lexikon\/wp-json\/wp\/v2\/product\/5288","targetHints":{"allow":["GET"]}}],"collection":[{"href":"https:\/\/uj.adatbank.ro\/lexikon\/wp-json\/wp\/v2\/product"}],"about":[{"href":"https:\/\/uj.adatbank.ro\/lexikon\/wp-json\/wp\/v2\/types\/product"}],"replies":[{"embeddable":true,"href":"https:\/\/uj.adatbank.ro\/lexikon\/wp-json\/wp\/v2\/comments?post=5288"}],"wp:attachment":[{"href":"https:\/\/uj.adatbank.ro\/lexikon\/wp-json\/wp\/v2\/media?parent=5288"}],"wp:term":[{"taxonomy":"product_brand","embeddable":true,"href":"https:\/\/uj.adatbank.ro\/lexikon\/wp-json\/wp\/v2\/product_brand?post=5288"},{"taxonomy":"product_cat","embeddable":true,"href":"https:\/\/uj.adatbank.ro\/lexikon\/wp-json\/wp\/v2\/product_cat?post=5288"},{"taxonomy":"product_tag","embeddable":true,"href":"https:\/\/uj.adatbank.ro\/lexikon\/wp-json\/wp\/v2\/product_tag?post=5288"}],"curies":[{"name":"wp","href":"https:\/\/api.w.org\/{rel}","templated":true}]}}