{"id":5296,"date":"2025-06-28T17:10:28","date_gmt":"2025-06-28T15:10:28","guid":{"rendered":"https:\/\/uj.adatbank.ro\/lexikon\/termek\/borsai-gabor\/"},"modified":"2025-06-28T17:10:28","modified_gmt":"2025-06-28T15:10:28","slug":"borsai-gabor","status":"publish","type":"product","link":"https:\/\/uj.adatbank.ro\/lexikon\/termek\/borsai-gabor\/","title":{"rendered":"BORSAI G\u00e1bor"},"content":{"rendered":"<p>1929. aug. 26., \u2020\u00a0Hajfa (Izrael), 2023. jan. 13.: dr. orvos. \u2013 Borsai Imre orvos \u00e9s Kov\u00e1cs Ilona tan\u00e1rn\u0151 fia. Feles\u00e9ge: Metz Olga, orvos. (1950), le\u00e1nyaik: \u00c9va (1952) orvos \u00e9s Ildik\u00f3 M\u00e1ria (1957) orvos. \u2013 Mv.-en az OGYI v\u00e9gzettje (1953) Alap\u00edt\u00f3 tagja a Mv.-i I. sz. Belgy\u00f3gy\u00e1szati Klinika hematol\u00f3giai oszt\u00e1ly\u00e1ban: konzult\u00e1ns orvos (1953\u201357), szakorvos (1957\u201372), f\u0151orvos (1972\u201381), igazgat\u00f3-f\u0151orvos (1981\u201386). A v\u00e9rad\u00e1s, v\u00e9rkonzerv\u00e1l\u00e1s \u00e9s v\u00e9r\u00e1t\u00f6mleszt\u00e9s elm\u00e9leti \u00e9s gyakorlati k\u00e9rd\u00e9seivel foglalkozott. Tudom\u00e1nyos dolgozatait, 40-n\u00e9l t\u00f6bb, ezeket r\u00e9szben magyar \u00e9s n\u00e9met foly\u00f3iratokban k\u00f6z\u00f6lt\u00e9k. Tagja volt az International Society of Haematology (1982\u2013) \u00e9s a Magyar Haematol\u00f3giai T\u00e1rsas\u00e1gnak (1975\u2013). <br \/><strong>Irod.:<\/strong> EMKK; G\u00e1lfin\u00e9 Kenedich Piroska: R\u00e9szv\u00e9tnyilv\u00e1n\u00edt\u00e1s (N\u00fa., 2023. jan. 17.)<\/br><\/p>\n","protected":false},"excerpt":{"rendered":"<p>1929. aug. 26., \u2020\u00a0Hajfa (Izrael), 2023. jan. 13.: dr. orvos. \u2013 Borsai Imre orvos \u00e9s Kov\u00e1cs Ilona tan\u00e1rn\u0151 fia. Feles\u00e9ge: Metz Olga, orvos. (1950), le\u00e1nyaik: \u00c9va (1952) orvos \u00e9s Ildik\u00f3 M\u00e1ria (1957) orvos. \u2013 Mv.-en az OGYI v\u00e9gzettje (1953) Alap\u00edt\u00f3 tagja a Mv.-i I. sz. Belgy\u00f3gy\u00e1szati Klinika hematol\u00f3giai oszt\u00e1ly\u00e1ban: konzult\u00e1ns orvos (1953\u201357), szakorvos (1957\u201372), f\u0151orvos [&hellip;]<\/p>\n","protected":false},"featured_media":0,"comment_status":"open","ping_status":"closed","template":"","meta":[],"product_brand":[],"product_cat":[137],"product_tag":[],"class_list":{"0":"post-5296","1":"product","2":"type-product","3":"status-publish","5":"product_cat-maros-megyei-eletrajzi-lexikon","7":"first","8":"instock","9":"shipping-taxable","10":"product-type-simple"},"_links":{"self":[{"href":"https:\/\/uj.adatbank.ro\/lexikon\/wp-json\/wp\/v2\/product\/5296","targetHints":{"allow":["GET"]}}],"collection":[{"href":"https:\/\/uj.adatbank.ro\/lexikon\/wp-json\/wp\/v2\/product"}],"about":[{"href":"https:\/\/uj.adatbank.ro\/lexikon\/wp-json\/wp\/v2\/types\/product"}],"replies":[{"embeddable":true,"href":"https:\/\/uj.adatbank.ro\/lexikon\/wp-json\/wp\/v2\/comments?post=5296"}],"wp:attachment":[{"href":"https:\/\/uj.adatbank.ro\/lexikon\/wp-json\/wp\/v2\/media?parent=5296"}],"wp:term":[{"taxonomy":"product_brand","embeddable":true,"href":"https:\/\/uj.adatbank.ro\/lexikon\/wp-json\/wp\/v2\/product_brand?post=5296"},{"taxonomy":"product_cat","embeddable":true,"href":"https:\/\/uj.adatbank.ro\/lexikon\/wp-json\/wp\/v2\/product_cat?post=5296"},{"taxonomy":"product_tag","embeddable":true,"href":"https:\/\/uj.adatbank.ro\/lexikon\/wp-json\/wp\/v2\/product_tag?post=5296"}],"curies":[{"name":"wp","href":"https:\/\/api.w.org\/{rel}","templated":true}]}}