{"id":5300,"date":"2025-06-28T17:10:34","date_gmt":"2025-06-28T15:10:34","guid":{"rendered":"https:\/\/uj.adatbank.ro\/lexikon\/termek\/borsos-arpad\/"},"modified":"2025-06-28T17:10:34","modified_gmt":"2025-06-28T15:10:34","slug":"borsos-arpad","status":"publish","type":"product","link":"https:\/\/uj.adatbank.ro\/lexikon\/termek\/borsos-arpad\/","title":{"rendered":"BORSOS \u00c1rp\u00e1d"},"content":{"rendered":"<p>Teke, 1954. dec. 26. \u2020 Mv., 1997. \u00e1pr. 1.: ref. lelk\u00e9sz. \u2013 Elemi isk.-t a sz\u00fcl\u0151faluban el\u0151bb n\u00e9met, majd m. tagozaton v\u00e9gzett. Beszterc\u00e9n az Andrei Saguna Lic.-ban \u00e9retts\u00e9gizett (1973). Kv.-on v\u00e9gezte a teol\u00f3gi\u00e1t (1976\u201380). Mv.-en lett seg\u00e9dlelk\u00e9sz, majd f\u00e9l \u00e9ven \u00e1t a b\u00e1k\u00f3i szorv\u00e1nygy\u00fclekezet lp.-a volt. Szolg\u00e1lt m\u00e9g G\u00f6rg\u00e9nyszentimr\u00e9n \u00e9s Sz\u00e9kelyk\u00f6vesden, majd Somosdra ker\u00fclt (1992. okt. 1- hal\u00e1l\u00e1ig). Somosdi szolg\u00e1lata alatt testv\u00e9rgy\u00fclekezeti kapcsolatot l\u00e9tes\u00edtett a holland Klundert ref. gy\u00fclekezet\u00e9vel. Az \u0151 seg\u00edts\u00e9g\u00fckkel \u00e9p\u00fclt fel az ifj\u00fas\u00e1gi \u00e9s gy\u00fclekezeti h\u00e1z, valamint renov\u00e1lt\u00e1k a par\u00f3ki\u00e1t, templomot, vezett\u00e9k be az ifj\u00fas\u00e1gi h\u00e1zba, az isk.-ba \u00e9s a kut\u00farotthonba a vizet. \u00dajj\u00e1szervezt\u00e9k a n\u0151sz\u00f6vets\u00e9get, megkezdt\u00e9k a betegek \u00e9s id\u0151sek vas\u00e1rnapj\u00e1nak meg\u00fcnnepl\u00e9s\u00e9t. Szint\u00e9n testv\u00e9rgy\u00fclekezeti kapcsolatot l\u00e9tes\u00edtett a Bp.-\u00dajpest-Bels\u0151v\u00e1rosi gy\u00fclekezettel (2000\u2013) \u00e9s a holland Bergschenhoeki gy\u00fclekezettel (1998\u2013). <br \/><strong>Irod.:<\/strong> [Nekrol\u00f3g] (N\u00fa., 1997. \u00e1pr. 2.); Somosd Tr\u00f3cs\u00e1nyi 1988<\/br><\/p>\n","protected":false},"excerpt":{"rendered":"<p>Teke, 1954. dec. 26. \u2020 Mv., 1997. \u00e1pr. 1.: ref. lelk\u00e9sz. \u2013 Elemi isk.-t a sz\u00fcl\u0151faluban el\u0151bb n\u00e9met, majd m. tagozaton v\u00e9gzett. Beszterc\u00e9n az Andrei Saguna Lic.-ban \u00e9retts\u00e9gizett (1973). Kv.-on v\u00e9gezte a teol\u00f3gi\u00e1t (1976\u201380). Mv.-en lett seg\u00e9dlelk\u00e9sz, majd f\u00e9l \u00e9ven \u00e1t a b\u00e1k\u00f3i szorv\u00e1nygy\u00fclekezet lp.-a volt. Szolg\u00e1lt m\u00e9g G\u00f6rg\u00e9nyszentimr\u00e9n \u00e9s Sz\u00e9kelyk\u00f6vesden, majd Somosdra ker\u00fclt (1992. [&hellip;]<\/p>\n","protected":false},"featured_media":0,"comment_status":"open","ping_status":"closed","template":"","meta":[],"product_brand":[],"product_cat":[137],"product_tag":[],"class_list":{"0":"post-5300","1":"product","2":"type-product","3":"status-publish","5":"product_cat-maros-megyei-eletrajzi-lexikon","7":"first","8":"instock","9":"shipping-taxable","10":"product-type-simple"},"_links":{"self":[{"href":"https:\/\/uj.adatbank.ro\/lexikon\/wp-json\/wp\/v2\/product\/5300","targetHints":{"allow":["GET"]}}],"collection":[{"href":"https:\/\/uj.adatbank.ro\/lexikon\/wp-json\/wp\/v2\/product"}],"about":[{"href":"https:\/\/uj.adatbank.ro\/lexikon\/wp-json\/wp\/v2\/types\/product"}],"replies":[{"embeddable":true,"href":"https:\/\/uj.adatbank.ro\/lexikon\/wp-json\/wp\/v2\/comments?post=5300"}],"wp:attachment":[{"href":"https:\/\/uj.adatbank.ro\/lexikon\/wp-json\/wp\/v2\/media?parent=5300"}],"wp:term":[{"taxonomy":"product_brand","embeddable":true,"href":"https:\/\/uj.adatbank.ro\/lexikon\/wp-json\/wp\/v2\/product_brand?post=5300"},{"taxonomy":"product_cat","embeddable":true,"href":"https:\/\/uj.adatbank.ro\/lexikon\/wp-json\/wp\/v2\/product_cat?post=5300"},{"taxonomy":"product_tag","embeddable":true,"href":"https:\/\/uj.adatbank.ro\/lexikon\/wp-json\/wp\/v2\/product_tag?post=5300"}],"curies":[{"name":"wp","href":"https:\/\/api.w.org\/{rel}","templated":true}]}}

BORSOS Árpád

<p>Teke, 1954. dec. 26. † Mv., 1997. ápr. 1.: ref. lelkész. – Elemi isk.-t a szülőfaluban előbb német, majd m. tagozaton végzett. Besztercén az Andrei Saguna Lic.-ban érettségizett (1973). Kv.-on végezte a teológiát (1976–80). Mv.-en lett segédlelkész, majd fél éven át a bákói szorványgyülekezet lp.-a volt. Szolgált még Görgényszentimrén és Székelykövesden, majd Somosdra került (1992. okt. 1- haláláig). Somosdi szolgálata alatt testvérgyülekezeti kapcsolatot létesített a holland Klundert ref. gyülekezetével. Az ő segítségükkel épült fel az ifjúsági és gyülekezeti ház, valamint renoválták a parókiát, templomot, vezették be az ifjúsági házba, az isk.-ba és a kutúrotthonba a vizet. Újjászervezték a nőszövetséget, megkezdték a betegek és idősek vasárnapjának megünneplését. Szintén testvérgyülekezeti kapcsolatot létesített a Bp.-Újpest-Belsővárosi gyülekezettel (2000–) és a holland Bergschenhoeki gyülekezettel (1998–). <br /><strong>Irod.:</strong> [Nekrológ] (Nú., 1997. ápr. 2.); Somosd Trócsányi 1988</br></p>

<p>Teke, 1954. dec. 26. † Mv., 1997. ápr. 1.: ref. lelkész. – Elemi isk.-t a szülőfaluban előbb német, majd m. tagozaton végzett. Besztercén az Andrei Saguna Lic.-ban érettségizett (1973). Kv.-on végezte a teológiát (1976–80). Mv.-en lett segédlelkész, majd fél éven át a bákói szorványgyülekezet lp.-a volt. Szolgált még Görgényszentimrén és Székelykövesden, majd Somosdra került (1992. [&hellip;]</p>
