{"id":5304,"date":"2025-06-28T17:10:40","date_gmt":"2025-06-28T15:10:40","guid":{"rendered":"https:\/\/uj.adatbank.ro\/lexikon\/termek\/borsos-sebestyen-marosvasarhelyi\/"},"modified":"2025-06-28T17:10:40","modified_gmt":"2025-06-28T15:10:40","slug":"borsos-sebestyen-marosvasarhelyi","status":"publish","type":"product","link":"https:\/\/uj.adatbank.ro\/lexikon\/termek\/borsos-sebestyen-marosvasarhelyi\/","title":{"rendered":"BORSOS Sebesty\u00e9n, marosv\u00e1s\u00e1rhelyi"},"content":{"rendered":"<p>Sz\u00e9kelyv\u00e1s\u00e1rhely, ma Mv., 1520 k., \u2020 Mv., 1584. szept. 8.: b\u00edr\u00f3, kr\u00f3nika\u00edr\u00f3. \u2013 B. Tam\u00e1s apja. J\u00f3m\u00f3d\u0171 keresked\u0151; Mv.-nek t\u00f6bb \u00edzben f\u0151b\u00edr\u00e1ja (1565\u201382). K\u00e9t feles\u00e9ge volt K\u00f6peczi Tam\u00e1s l\u00e1nya, Kata (1550\u201354, meghalt sz\u00fcletett gyermek\u00e9vel) majd kv.-i Hosszu Krisztina (1555\u2013), akit\u00f3l 5 gyermeke sz\u00fcletett k\u00f6zt\u00fck Tam\u00e1s, t\u00e1blab\u00edr\u00f3, t\u00f6r\u00f6k k\u00f6vet. \u2013 Mv.-en kezdte \u00edrni Kr\u00f3nik\u00e1j\u00e1t (1556), amelyben az 1562\u201383 k\u00f6z\u00f6tti esem\u00e9nyeket t\u00e1rgyalja, c\u00edme: Chronica a vil\u00e1gnak lett dolgair\u00f3l. Az 1571\u201379 k\u00f6z\u00f6tti \u00e9vekr\u0151l jegyzetei elvesztek. A gyermekkorban vagy kor\u00e1bban t\u00f6rt\u00e9ntteket Sz\u00e9kely Istv\u00e1n kr\u00f3nik\u00e1j\u00e1t felhaszn\u00e1lva \u00edrta (1490\u20131560) \u00e9s 1560\u20131583-ig a saj\u00e1t \u00e9lm\u00e9nyanyag\u00e1t, a hireket, \u00e1t\u00e9lt esem\u00e9nyeket \u00edrta meg. A politikai esem\u00e9nyek mellett csal\u00e1dt\u00f6rt\u00e9netet \u00e9s vagyonlelt\u00e1rt is tartalmaz, \u00edgy egyed\u00fcl\u00e1ll\u00f3 forr\u00e1s a 16 sz. v\u00e9gi polg\u00e1ri h\u00e9tk\u00f6znapokr\u00f3l. Hal\u00e1la ut\u00e1n unok\u00e1ja Nagy Szab\u00f3 Ferenc folytatta, \u0151 az 1580\u20131658 k\u00f6z\u00f6tti esem\u00e9nyeket \u00edrta le kieg\u00e9sz\u00edtve nagyapja munk\u00e1j\u00e1t. A t\u00f6r\u00f6k-tat\u00e1r bet\u00f6r\u00e9sr\u0151l \u00edrt (1653. febr. 20. \u2013 1658. aug. 29.).<\/br><\/p>\n","protected":false},"excerpt":{"rendered":"<p>Sz\u00e9kelyv\u00e1s\u00e1rhely, ma Mv., 1520 k., \u2020 Mv., 1584. szept. 8.: b\u00edr\u00f3, kr\u00f3nika\u00edr\u00f3. \u2013 B. Tam\u00e1s apja. J\u00f3m\u00f3d\u0171 keresked\u0151; Mv.-nek t\u00f6bb \u00edzben f\u0151b\u00edr\u00e1ja (1565\u201382). K\u00e9t feles\u00e9ge volt K\u00f6peczi Tam\u00e1s l\u00e1nya, Kata (1550\u201354, meghalt sz\u00fcletett gyermek\u00e9vel) majd kv.-i Hosszu Krisztina (1555\u2013), akit\u00f3l 5 gyermeke sz\u00fcletett k\u00f6zt\u00fck Tam\u00e1s, t\u00e1blab\u00edr\u00f3, t\u00f6r\u00f6k k\u00f6vet. \u2013 Mv.-en kezdte \u00edrni Kr\u00f3nik\u00e1j\u00e1t (1556), amelyben [&hellip;]<\/p>\n","protected":false},"featured_media":0,"comment_status":"open","ping_status":"closed","template":"","meta":[],"product_brand":[],"product_cat":[137],"product_tag":[],"class_list":{"0":"post-5304","1":"product","2":"type-product","3":"status-publish","5":"product_cat-maros-megyei-eletrajzi-lexikon","7":"first","8":"instock","9":"shipping-taxable","10":"product-type-simple"},"_links":{"self":[{"href":"https:\/\/uj.adatbank.ro\/lexikon\/wp-json\/wp\/v2\/product\/5304","targetHints":{"allow":["GET"]}}],"collection":[{"href":"https:\/\/uj.adatbank.ro\/lexikon\/wp-json\/wp\/v2\/product"}],"about":[{"href":"https:\/\/uj.adatbank.ro\/lexikon\/wp-json\/wp\/v2\/types\/product"}],"replies":[{"embeddable":true,"href":"https:\/\/uj.adatbank.ro\/lexikon\/wp-json\/wp\/v2\/comments?post=5304"}],"wp:attachment":[{"href":"https:\/\/uj.adatbank.ro\/lexikon\/wp-json\/wp\/v2\/media?parent=5304"}],"wp:term":[{"taxonomy":"product_brand","embeddable":true,"href":"https:\/\/uj.adatbank.ro\/lexikon\/wp-json\/wp\/v2\/product_brand?post=5304"},{"taxonomy":"product_cat","embeddable":true,"href":"https:\/\/uj.adatbank.ro\/lexikon\/wp-json\/wp\/v2\/product_cat?post=5304"},{"taxonomy":"product_tag","embeddable":true,"href":"https:\/\/uj.adatbank.ro\/lexikon\/wp-json\/wp\/v2\/product_tag?post=5304"}],"curies":[{"name":"wp","href":"https:\/\/api.w.org\/{rel}","templated":true}]}}

BORSOS Sebestyén, marosvásárhelyi

<p>Székelyvásárhely, ma Mv., 1520 k., † Mv., 1584. szept. 8.: bíró, krónikaíró. – B. Tamás apja. Jómódű kereskedő; Mv.-nek több ízben főbírája (1565–82). Két felesége volt Köpeczi Tamás lánya, Kata (1550–54, meghalt született gyermekével) majd kv.-i Hosszu Krisztina (1555–), akitól 5 gyermeke született köztük Tamás, táblabíró, török követ. – Mv.-en kezdte írni Krónikáját (1556), amelyben az 1562–83 közötti eseményeket tárgyalja, címe: Chronica a világnak lett dolgairól. Az 1571–79 közötti évekről jegyzetei elvesztek. A gyermekkorban vagy korábban történtteket Székely István krónikáját felhasználva írta (1490–1560) és 1560–1583-ig a saját élményanyagát, a hireket, átélt eseményeket írta meg. A politikai események mellett családtörténetet és vagyonleltárt is tartalmaz, így egyedülálló forrás a 16 sz. végi polgári hétköznapokról. Halála után unokája Nagy Szabó Ferenc folytatta, ő az 1580–1658 közötti eseményeket írta le kiegészítve nagyapja munkáját. A török-tatár betörésről írt (1653. febr. 20. – 1658. aug. 29.).</br></p>

<p>Székelyvásárhely, ma Mv., 1520 k., † Mv., 1584. szept. 8.: bíró, krónikaíró. – B. Tamás apja. Jómódű kereskedő; Mv.-nek több ízben főbírája (1565–82). Két felesége volt Köpeczi Tamás lánya, Kata (1550–54, meghalt született gyermekével) majd kv.-i Hosszu Krisztina (1555–), akitól 5 gyermeke született köztük Tamás, táblabíró, török követ. – Mv.-en kezdte írni Krónikáját (1556), amelyben [&hellip;]</p>
