{"id":5316,"date":"2025-06-28T17:11:10","date_gmt":"2025-06-28T15:11:10","guid":{"rendered":"https:\/\/uj.adatbank.ro\/lexikon\/termek\/borzsei-marton\/"},"modified":"2025-06-28T17:11:10","modified_gmt":"2025-06-28T15:11:10","slug":"borzsei-marton","status":"publish","type":"product","link":"https:\/\/uj.adatbank.ro\/lexikon\/termek\/borzsei-marton\/","title":{"rendered":"B\u00d6RZSEI M\u00e1rton"},"content":{"rendered":"<p>Marosszentmikl\u00f3s, 1914. okt. 27., \u2020 G\u00f6rg\u00e9nyszentimre, 1979. m\u00e1rc. 29.: r. k. pap, paptan\u00e1r. \u2013 Paptan\u00e1r, dr., gondjaira b\u00edzt\u00e1k a ny\u00e1r\u00e1dselyei egyh\u00e1zk\u00f6zs\u00e9get (1955\u201357). Ebb\u0151l a szeg\u00e9ny falub\u00f3l G\u00f6rg\u00e9nyszentimr\u00e9re k\u00e9rette mag\u00e1t. A securitate megfigyeltette tev\u00e9kenys\u00e9sg\u00e9t, levelez\u00e9s\u00e9t (1966 k. \u2013). <br \/><strong>Irod.:<\/strong> Bartos 2012; Maros-k\u00fck\u00fcll\u0151i f\u0151esp. B\u0102BEANU Radu, \u00a7 *Samarine\u015fti, 1932. jan. 10.,<\/br><\/p>\n","protected":false},"excerpt":{"rendered":"<p>Marosszentmikl\u00f3s, 1914. okt. 27., \u2020 G\u00f6rg\u00e9nyszentimre, 1979. m\u00e1rc. 29.: r. k. pap, paptan\u00e1r. \u2013 Paptan\u00e1r, dr., gondjaira b\u00edzt\u00e1k a ny\u00e1r\u00e1dselyei egyh\u00e1zk\u00f6zs\u00e9get (1955\u201357). Ebb\u0151l a szeg\u00e9ny falub\u00f3l G\u00f6rg\u00e9nyszentimr\u00e9re k\u00e9rette mag\u00e1t. A securitate megfigyeltette tev\u00e9kenys\u00e9sg\u00e9t, levelez\u00e9s\u00e9t (1966 k. \u2013). Irod.: Bartos 2012; Maros-k\u00fck\u00fcll\u0151i f\u0151esp. B\u0102BEANU Radu, \u00a7 *Samarine\u015fti, 1932. jan. 10.,<\/p>\n","protected":false},"featured_media":0,"comment_status":"open","ping_status":"closed","template":"","meta":[],"product_brand":[],"product_cat":[137],"product_tag":[],"class_list":{"0":"post-5316","1":"product","2":"type-product","3":"status-publish","5":"product_cat-maros-megyei-eletrajzi-lexikon","7":"first","8":"instock","9":"shipping-taxable","10":"product-type-simple"},"_links":{"self":[{"href":"https:\/\/uj.adatbank.ro\/lexikon\/wp-json\/wp\/v2\/product\/5316","targetHints":{"allow":["GET"]}}],"collection":[{"href":"https:\/\/uj.adatbank.ro\/lexikon\/wp-json\/wp\/v2\/product"}],"about":[{"href":"https:\/\/uj.adatbank.ro\/lexikon\/wp-json\/wp\/v2\/types\/product"}],"replies":[{"embeddable":true,"href":"https:\/\/uj.adatbank.ro\/lexikon\/wp-json\/wp\/v2\/comments?post=5316"}],"wp:attachment":[{"href":"https:\/\/uj.adatbank.ro\/lexikon\/wp-json\/wp\/v2\/media?parent=5316"}],"wp:term":[{"taxonomy":"product_brand","embeddable":true,"href":"https:\/\/uj.adatbank.ro\/lexikon\/wp-json\/wp\/v2\/product_brand?post=5316"},{"taxonomy":"product_cat","embeddable":true,"href":"https:\/\/uj.adatbank.ro\/lexikon\/wp-json\/wp\/v2\/product_cat?post=5316"},{"taxonomy":"product_tag","embeddable":true,"href":"https:\/\/uj.adatbank.ro\/lexikon\/wp-json\/wp\/v2\/product_tag?post=5316"}],"curies":[{"name":"wp","href":"https:\/\/api.w.org\/{rel}","templated":true}]}}