{"id":5326,"date":"2025-06-28T17:11:30","date_gmt":"2025-06-28T15:11:30","guid":{"rendered":"https:\/\/uj.adatbank.ro\/lexikon\/termek\/botar-arpad\/"},"modified":"2025-06-28T17:11:30","modified_gmt":"2025-06-28T15:11:30","slug":"botar-arpad","status":"publish","type":"product","link":"https:\/\/uj.adatbank.ro\/lexikon\/termek\/botar-arpad\/","title":{"rendered":"BOT\u00c1R \u00c1rp\u00e1d"},"content":{"rendered":"<p>Dics\u0151szentm\u00e1rton, 1883. jan. 3., \u2020\u00a0? : sz\u00e1zados, h\u00edrlap\u00edr\u00f3. \u2013 Mint a cs. k. mozg\u00f3 h\u00edrszerz\u0151 \u00e1llom\u00e1s vezet\u0151je Buk.-ben a Ziua c. lapban propaganda cikkeket \u00edrt a k\u00f6zponti hatalmak v\u00e9delm\u00e9ben (1915\u201316); B\u00e9csben szerkesztette az Ardealul c. magyarbar\u00e1t lapot (1921\u201322); a Tapolcai Lapok (1925\u2013), a Balatoni Kurir szerk.-je (1933\u2013). \u2013 <strong>F. m.:<\/strong> A rom\u00e1n \u00e1rul\u00e1s okai (Bp., 1917); Le cri d\u00e9s\u00e9sp\u00e9r\u00e9 d\u2019un peuple enchain\u00e9 (1922); A l\u00e1thatalan hadsereg. K\u00e9mek, \u00e1rul\u00f3k, mer\u00e9nyl\u0151k (Tapolca, 1937, 1939.; Bp., 1990); A nagyszebeni csata (1938). <br \/><strong>Irod.:<\/strong> Guly\u00e1s; MNBK<\/br><\/p>\n","protected":false},"excerpt":{"rendered":"<p>Dics\u0151szentm\u00e1rton, 1883. jan. 3., \u2020\u00a0? : sz\u00e1zados, h\u00edrlap\u00edr\u00f3. \u2013 Mint a cs. k. mozg\u00f3 h\u00edrszerz\u0151 \u00e1llom\u00e1s vezet\u0151je Buk.-ben a Ziua c. lapban propaganda cikkeket \u00edrt a k\u00f6zponti hatalmak v\u00e9delm\u00e9ben (1915\u201316); B\u00e9csben szerkesztette az Ardealul c. magyarbar\u00e1t lapot (1921\u201322); a Tapolcai Lapok (1925\u2013), a Balatoni Kurir szerk.-je (1933\u2013). \u2013 F. m.: A rom\u00e1n \u00e1rul\u00e1s okai (Bp., [&hellip;]<\/p>\n","protected":false},"featured_media":0,"comment_status":"open","ping_status":"closed","template":"","meta":[],"product_brand":[],"product_cat":[137],"product_tag":[],"class_list":{"0":"post-5326","1":"product","2":"type-product","3":"status-publish","5":"product_cat-maros-megyei-eletrajzi-lexikon","7":"first","8":"instock","9":"shipping-taxable","10":"product-type-simple"},"_links":{"self":[{"href":"https:\/\/uj.adatbank.ro\/lexikon\/wp-json\/wp\/v2\/product\/5326","targetHints":{"allow":["GET"]}}],"collection":[{"href":"https:\/\/uj.adatbank.ro\/lexikon\/wp-json\/wp\/v2\/product"}],"about":[{"href":"https:\/\/uj.adatbank.ro\/lexikon\/wp-json\/wp\/v2\/types\/product"}],"replies":[{"embeddable":true,"href":"https:\/\/uj.adatbank.ro\/lexikon\/wp-json\/wp\/v2\/comments?post=5326"}],"wp:attachment":[{"href":"https:\/\/uj.adatbank.ro\/lexikon\/wp-json\/wp\/v2\/media?parent=5326"}],"wp:term":[{"taxonomy":"product_brand","embeddable":true,"href":"https:\/\/uj.adatbank.ro\/lexikon\/wp-json\/wp\/v2\/product_brand?post=5326"},{"taxonomy":"product_cat","embeddable":true,"href":"https:\/\/uj.adatbank.ro\/lexikon\/wp-json\/wp\/v2\/product_cat?post=5326"},{"taxonomy":"product_tag","embeddable":true,"href":"https:\/\/uj.adatbank.ro\/lexikon\/wp-json\/wp\/v2\/product_tag?post=5326"}],"curies":[{"name":"wp","href":"https:\/\/api.w.org\/{rel}","templated":true}]}}

BOTÁR Árpád

<p>Dicsőszentmárton, 1883. jan. 3., † ? : százados, hírlapíró. – Mint a cs. k. mozgó hírszerző állomás vezetője Buk.-ben a Ziua c. lapban propaganda cikkeket írt a központi hatalmak védelmében (1915–16); Bécsben szerkesztette az Ardealul c. magyarbarát lapot (1921–22); a Tapolcai Lapok (1925–), a Balatoni Kurir szerk.-je (1933–). – <strong>F. m.:</strong> A román árulás okai (Bp., 1917); Le cri déséspéré d’un peuple enchainé (1922); A láthatalan hadsereg. Kémek, árulók, merénylők (Tapolca, 1937, 1939.; Bp., 1990); A nagyszebeni csata (1938). <br /><strong>Irod.:</strong> Gulyás; MNBK</br></p>

<p>Dicsőszentmárton, 1883. jan. 3., † ? : százados, hírlapíró. – Mint a cs. k. mozgó hírszerző állomás vezetője Buk.-ben a Ziua c. lapban propaganda cikkeket írt a központi hatalmak védelmében (1915–16); Bécsben szerkesztette az Ardealul c. magyarbarát lapot (1921–22); a Tapolcai Lapok (1925–), a Balatoni Kurir szerk.-je (1933–). – F. m.: A román árulás okai (Bp., [&hellip;]</p>
