{"id":5331,"date":"2025-06-28T17:11:39","date_gmt":"2025-06-28T15:11:39","guid":{"rendered":"https:\/\/uj.adatbank.ro\/lexikon\/termek\/both-karoly-2\/"},"modified":"2025-06-28T17:11:39","modified_gmt":"2025-06-28T15:11:39","slug":"both-karoly-2","status":"publish","type":"product","link":"https:\/\/uj.adatbank.ro\/lexikon\/termek\/both-karoly-2\/","title":{"rendered":"BOTH K\u00e1roly"},"content":{"rendered":"<p>1907., \u2020\u00a0Madarasi-Hargita, 1966.: rakt\u00e1ros, turista. \u2013 A mv.-i cukorgy\u00e1r f\u0151rakt\u00e1rosa volt. Az Erd\u00e9lyi K\u00e1rp\u00e1t Egyes\u00fclet t\u00faravezet\u0151je, ir\u00e1ny\u00edtotta a cukorgy\u00e1r term\u00e9szetj\u00e1r\u00f3 csoportj\u00e1t. T\u00e1j\u00e9koz\u00f3d\u00f3 versenyeket is szerveztek. Bar\u00e1tj\u00e1val, Kiss Ern\u0151vel l\u00e9trehozt\u00e1k a mv.-i szakszervezeti h\u00e1z keret\u00e9ben a Turista Kir\u00e1ndul\u00f3 K\u00f6rt (1960 k.- 1990 m\u0171k\u00f6d\u00f6tt), ennek vezet\u0151je volt S\u00edreml\u00e9k\u00e9t a mv.-i ref. temet\u0151ben Szerv\u00e1tiusz Jen\u0151 k\u00e9sz\u00edtette. <br \/><strong>Irod.:<\/strong> Bodolai Gy\u00f6ngyi: \u00c9des \u00e9let? Volt egyszer egy cukorgy\u00e1r (N\u00fa, 2013. jan. 31.); Csekme; In memoriam Kiss Ern\u0151 (N\u00fa., 2016. \u00e1pr. 5.)<\/br><\/p>\n","protected":false},"excerpt":{"rendered":"<p>1907., \u2020\u00a0Madarasi-Hargita, 1966.: rakt\u00e1ros, turista. \u2013 A mv.-i cukorgy\u00e1r f\u0151rakt\u00e1rosa volt. Az Erd\u00e9lyi K\u00e1rp\u00e1t Egyes\u00fclet t\u00faravezet\u0151je, ir\u00e1ny\u00edtotta a cukorgy\u00e1r term\u00e9szetj\u00e1r\u00f3 csoportj\u00e1t. T\u00e1j\u00e9koz\u00f3d\u00f3 versenyeket is szerveztek. Bar\u00e1tj\u00e1val, Kiss Ern\u0151vel l\u00e9trehozt\u00e1k a mv.-i szakszervezeti h\u00e1z keret\u00e9ben a Turista Kir\u00e1ndul\u00f3 K\u00f6rt (1960 k.- 1990 m\u0171k\u00f6d\u00f6tt), ennek vezet\u0151je volt S\u00edreml\u00e9k\u00e9t a mv.-i ref. temet\u0151ben Szerv\u00e1tiusz Jen\u0151 k\u00e9sz\u00edtette. Irod.: Bodolai [&hellip;]<\/p>\n","protected":false},"featured_media":0,"comment_status":"open","ping_status":"closed","template":"","meta":[],"product_brand":[],"product_cat":[137],"product_tag":[],"class_list":{"0":"post-5331","1":"product","2":"type-product","3":"status-publish","5":"product_cat-maros-megyei-eletrajzi-lexikon","7":"first","8":"instock","9":"shipping-taxable","10":"product-type-simple"},"_links":{"self":[{"href":"https:\/\/uj.adatbank.ro\/lexikon\/wp-json\/wp\/v2\/product\/5331","targetHints":{"allow":["GET"]}}],"collection":[{"href":"https:\/\/uj.adatbank.ro\/lexikon\/wp-json\/wp\/v2\/product"}],"about":[{"href":"https:\/\/uj.adatbank.ro\/lexikon\/wp-json\/wp\/v2\/types\/product"}],"replies":[{"embeddable":true,"href":"https:\/\/uj.adatbank.ro\/lexikon\/wp-json\/wp\/v2\/comments?post=5331"}],"wp:attachment":[{"href":"https:\/\/uj.adatbank.ro\/lexikon\/wp-json\/wp\/v2\/media?parent=5331"}],"wp:term":[{"taxonomy":"product_brand","embeddable":true,"href":"https:\/\/uj.adatbank.ro\/lexikon\/wp-json\/wp\/v2\/product_brand?post=5331"},{"taxonomy":"product_cat","embeddable":true,"href":"https:\/\/uj.adatbank.ro\/lexikon\/wp-json\/wp\/v2\/product_cat?post=5331"},{"taxonomy":"product_tag","embeddable":true,"href":"https:\/\/uj.adatbank.ro\/lexikon\/wp-json\/wp\/v2\/product_tag?post=5331"}],"curies":[{"name":"wp","href":"https:\/\/api.w.org\/{rel}","templated":true}]}}

BOTH Károly

<p>1907., † Madarasi-Hargita, 1966.: raktáros, turista. – A mv.-i cukorgyár főraktárosa volt. Az Erdélyi Kárpát Egyesület túravezetője, irányította a cukorgyár természetjáró csoportját. Tájékozódó versenyeket is szerveztek. Barátjával, Kiss Ernővel létrehozták a mv.-i szakszervezeti ház keretében a Turista Kiránduló Kört (1960 k.- 1990 működött), ennek vezetője volt Síremlékét a mv.-i ref. temetőben Szervátiusz Jenő készítette. <br /><strong>Irod.:</strong> Bodolai Gyöngyi: Édes élet? Volt egyszer egy cukorgyár (Nú, 2013. jan. 31.); Csekme; In memoriam Kiss Ernő (Nú., 2016. ápr. 5.)</br></p>

<p>1907., † Madarasi-Hargita, 1966.: raktáros, turista. – A mv.-i cukorgyár főraktárosa volt. Az Erdélyi Kárpát Egyesület túravezetője, irányította a cukorgyár természetjáró csoportját. Tájékozódó versenyeket is szerveztek. Barátjával, Kiss Ernővel létrehozták a mv.-i szakszervezeti ház keretében a Turista Kiránduló Kört (1960 k.- 1990 működött), ennek vezetője volt Síremlékét a mv.-i ref. temetőben Szervátiusz Jenő készítette. Irod.: Bodolai [&hellip;]</p>
