{"id":5335,"date":"2025-06-28T17:11:48","date_gmt":"2025-06-28T15:11:48","guid":{"rendered":"https:\/\/uj.adatbank.ro\/lexikon\/termek\/both-sandor-2\/"},"modified":"2025-06-28T17:11:48","modified_gmt":"2025-06-28T15:11:48","slug":"both-sandor-2","status":"publish","type":"product","link":"https:\/\/uj.adatbank.ro\/lexikon\/termek\/both-sandor-2\/","title":{"rendered":"BOTH S\u00e1ndor"},"content":{"rendered":"<p>? \u2020\u00a02009.: orvos. \u2013 Mv.-en bronchol\u00f3gus szakorvos. Csal\u00e1dj\u00e1val egy\u00fctt N\u00e9meto.-ba \u00e9lt. <br \/><strong>Irod.:<\/strong> Nagy L. BUNU\u015e Teodor, \u00a7 *Mez\u0151szenta, 1896., \u2020 Brass\u00f3, 1988. j\u00fan. 23.: tan\u00edt\u00f3, tanfel\u00fcgyel\u0151. \u2013 Bal\u00e1zsfalv\u00e1n a G\u00f6r.-kat Ped. Int.-ben diplom\u00e1zott (1917). Tek\u00e9re helyezt\u00e9k, igazgat\u00f3v\u00e1 nevezt\u00e9k ki (1921\u2013). \u00daj iskol\u00e1t \u00e9p\u00edttetett. F\u0151tanfel\u00fcgyel\u0151-helyettes lett (1938\u201340). Dics\u0151be menek\u00fclt, ahol szint\u00e9n tanfel\u00fcgyel\u0151-helyettes (1940\u201343). Mv.-re k\u00f6lt\u00f6z\u00f6tt (1945), majd nyugd\u00edjaz\u00e1s\u00e1ig szint\u00e9n az elemi iskol\u00e1k altanfel\u00fcgyel\u0151je (1956). Nyugd\u00edjask\u00e9nt Mv.-en tov\u00e1bbtan\u00edtott az Ipari Szakisk.-ban (1961). Minden tan\u00fcgyi fokozatot megszerzett: I. fokozat (1923), II. (1928), III. (1933), IV. (1938), V. (1943), \u00e9rdemfokozat (1945). Kit\u00fcntett\u00e9k R\u0103splata muncii cl. II. (1937). <br \/><strong>Irod.:<\/strong> Dasc\u0103li mure\u015feni 2; [Nekrol\u00f3g] (V. Z., 1988. j\u00fan. 24.) Cat. Bibl. T.-B.; Id\u0151t\u00e1r 1; Egyed \u00c1. 2013; Erd\u00e9lyi fejedelmek; K\u00e9nosi\u2013Uzoni 1., 2.; M. okl. Rom.; Orb\u00e1n Dezs\u0151; P\u00e1l-Antal 2002; P\u00e1l-Antal 2009; P\u00e1l Antal S\u00e1ndor: Mv. \u2013 a szabad kir\u00e1lyi v\u00e1ros. (N\u00fa., 2016. \u00e1pr. 29.; 2016. m\u00e1j. 20.); Tr\u00f3cs\u00e1nyi 1988<\/br><\/p>\n","protected":false},"excerpt":{"rendered":"<p>? \u2020\u00a02009.: orvos. \u2013 Mv.-en bronchol\u00f3gus szakorvos. Csal\u00e1dj\u00e1val egy\u00fctt N\u00e9meto.-ba \u00e9lt. Irod.: Nagy L. BUNU\u015e Teodor, \u00a7 *Mez\u0151szenta, 1896., \u2020 Brass\u00f3, 1988. j\u00fan. 23.: tan\u00edt\u00f3, tanfel\u00fcgyel\u0151. \u2013 Bal\u00e1zsfalv\u00e1n a G\u00f6r.-kat Ped. Int.-ben diplom\u00e1zott (1917). Tek\u00e9re helyezt\u00e9k, igazgat\u00f3v\u00e1 nevezt\u00e9k ki (1921\u2013). \u00daj iskol\u00e1t \u00e9p\u00edttetett. F\u0151tanfel\u00fcgyel\u0151-helyettes lett (1938\u201340). Dics\u0151be menek\u00fclt, ahol szint\u00e9n tanfel\u00fcgyel\u0151-helyettes (1940\u201343). Mv.-re k\u00f6lt\u00f6z\u00f6tt (1945), [&hellip;]<\/p>\n","protected":false},"featured_media":0,"comment_status":"open","ping_status":"closed","template":"","meta":[],"product_brand":[],"product_cat":[137],"product_tag":[],"class_list":{"0":"post-5335","1":"product","2":"type-product","3":"status-publish","5":"product_cat-maros-megyei-eletrajzi-lexikon","7":"first","8":"instock","9":"shipping-taxable","10":"product-type-simple"},"_links":{"self":[{"href":"https:\/\/uj.adatbank.ro\/lexikon\/wp-json\/wp\/v2\/product\/5335","targetHints":{"allow":["GET"]}}],"collection":[{"href":"https:\/\/uj.adatbank.ro\/lexikon\/wp-json\/wp\/v2\/product"}],"about":[{"href":"https:\/\/uj.adatbank.ro\/lexikon\/wp-json\/wp\/v2\/types\/product"}],"replies":[{"embeddable":true,"href":"https:\/\/uj.adatbank.ro\/lexikon\/wp-json\/wp\/v2\/comments?post=5335"}],"wp:attachment":[{"href":"https:\/\/uj.adatbank.ro\/lexikon\/wp-json\/wp\/v2\/media?parent=5335"}],"wp:term":[{"taxonomy":"product_brand","embeddable":true,"href":"https:\/\/uj.adatbank.ro\/lexikon\/wp-json\/wp\/v2\/product_brand?post=5335"},{"taxonomy":"product_cat","embeddable":true,"href":"https:\/\/uj.adatbank.ro\/lexikon\/wp-json\/wp\/v2\/product_cat?post=5335"},{"taxonomy":"product_tag","embeddable":true,"href":"https:\/\/uj.adatbank.ro\/lexikon\/wp-json\/wp\/v2\/product_tag?post=5335"}],"curies":[{"name":"wp","href":"https:\/\/api.w.org\/{rel}","templated":true}]}}

BOTH Sándor

<p>? † 2009.: orvos. – Mv.-en bronchológus szakorvos. Családjával együtt Németo.-ba élt. <br /><strong>Irod.:</strong> Nagy L. BUNUŞ Teodor, § *Mezőszenta, 1896., † Brassó, 1988. jún. 23.: tanító, tanfelügyelő. – Balázsfalván a Gör.-kat Ped. Int.-ben diplomázott (1917). Tekére helyezték, igazgatóvá nevezték ki (1921–). Új iskolát építtetett. Főtanfelügyelő-helyettes lett (1938–40). Dicsőbe menekült, ahol szintén tanfelügyelő-helyettes (1940–43). Mv.-re költözött (1945), majd nyugdíjazásáig szintén az elemi iskolák altanfelügyelője (1956). Nyugdíjasként Mv.-en továbbtanított az Ipari Szakisk.-ban (1961). Minden tanügyi fokozatot megszerzett: I. fokozat (1923), II. (1928), III. (1933), IV. (1938), V. (1943), érdemfokozat (1945). Kitüntették Răsplata muncii cl. II. (1937). <br /><strong>Irod.:</strong> Dascăli mureşeni 2; [Nekrológ] (V. Z., 1988. jún. 24.) Cat. Bibl. T.-B.; Időtár 1; Egyed Á. 2013; Erdélyi fejedelmek; Kénosi–Uzoni 1., 2.; M. okl. Rom.; Orbán Dezső; Pál-Antal 2002; Pál-Antal 2009; Pál Antal Sándor: Mv. – a szabad királyi város. (Nú., 2016. ápr. 29.; 2016. máj. 20.); Trócsányi 1988</br></p>

<p>? † 2009.: orvos. – Mv.-en bronchológus szakorvos. Családjával együtt Németo.-ba élt. Irod.: Nagy L. BUNUŞ Teodor, § *Mezőszenta, 1896., † Brassó, 1988. jún. 23.: tanító, tanfelügyelő. – Balázsfalván a Gör.-kat Ped. Int.-ben diplomázott (1917). Tekére helyezték, igazgatóvá nevezték ki (1921–). Új iskolát építtetett. Főtanfelügyelő-helyettes lett (1938–40). Dicsőbe menekült, ahol szintén tanfelügyelő-helyettes (1940–43). Mv.-re költözött (1945), [&hellip;]</p>
