{"id":5338,"date":"2025-06-28T17:11:56","date_gmt":"2025-06-28T15:11:56","guid":{"rendered":"https:\/\/uj.adatbank.ro\/lexikon\/termek\/bothos-imre\/"},"modified":"2025-06-28T17:11:56","modified_gmt":"2025-06-28T15:11:56","slug":"bothos-imre","status":"publish","type":"product","link":"https:\/\/uj.adatbank.ro\/lexikon\/termek\/bothos-imre\/","title":{"rendered":"BOTHOS Imre"},"content":{"rendered":"<p>? \u2020 ? : v\u00e1rkapit\u00e1ny. \u2013 A mv.-i v\u00e1r f\u0151kapit\u00e1nya (1703). <br \/><strong>Irod.:<\/strong> Ny\u00e1r\u00e1dszereda k\u00f6zs\u00e9g<\/br><\/p>\n","protected":false},"excerpt":{"rendered":"<p>? \u2020 ? : v\u00e1rkapit\u00e1ny. \u2013 A mv.-i v\u00e1r f\u0151kapit\u00e1nya (1703). Irod.: Ny\u00e1r\u00e1dszereda k\u00f6zs\u00e9g<\/p>\n","protected":false},"featured_media":0,"comment_status":"open","ping_status":"closed","template":"","meta":[],"product_brand":[],"product_cat":[137],"product_tag":[],"class_list":{"0":"post-5338","1":"product","2":"type-product","3":"status-publish","5":"product_cat-maros-megyei-eletrajzi-lexikon","7":"first","8":"instock","9":"shipping-taxable","10":"product-type-simple"},"_links":{"self":[{"href":"https:\/\/uj.adatbank.ro\/lexikon\/wp-json\/wp\/v2\/product\/5338","targetHints":{"allow":["GET"]}}],"collection":[{"href":"https:\/\/uj.adatbank.ro\/lexikon\/wp-json\/wp\/v2\/product"}],"about":[{"href":"https:\/\/uj.adatbank.ro\/lexikon\/wp-json\/wp\/v2\/types\/product"}],"replies":[{"embeddable":true,"href":"https:\/\/uj.adatbank.ro\/lexikon\/wp-json\/wp\/v2\/comments?post=5338"}],"wp:attachment":[{"href":"https:\/\/uj.adatbank.ro\/lexikon\/wp-json\/wp\/v2\/media?parent=5338"}],"wp:term":[{"taxonomy":"product_brand","embeddable":true,"href":"https:\/\/uj.adatbank.ro\/lexikon\/wp-json\/wp\/v2\/product_brand?post=5338"},{"taxonomy":"product_cat","embeddable":true,"href":"https:\/\/uj.adatbank.ro\/lexikon\/wp-json\/wp\/v2\/product_cat?post=5338"},{"taxonomy":"product_tag","embeddable":true,"href":"https:\/\/uj.adatbank.ro\/lexikon\/wp-json\/wp\/v2\/product_tag?post=5338"}],"curies":[{"name":"wp","href":"https:\/\/api.w.org\/{rel}","templated":true}]}}