{"id":5347,"date":"2025-06-28T17:12:16","date_gmt":"2025-06-28T15:12:16","guid":{"rendered":"https:\/\/uj.adatbank.ro\/lexikon\/termek\/botos-imre-siketfalvi\/"},"modified":"2026-02-17T08:15:18","modified_gmt":"2026-02-17T07:15:18","slug":"botos-imre-siketfalvi","status":"publish","type":"product","link":"https:\/\/uj.adatbank.ro\/lexikon\/termek\/botos-imre-siketfalvi\/","title":{"rendered":"BOTOS Imre, siketfalvi"},"content":{"rendered":"<p>? \u2020\u00a0?: f\u0151kir\u00e1lyb\u00edr\u00f3-helyettesnek v\u00e1lasztott\u00e1k a beteg L\u00e1z\u00e1r Gy\u00f6rgy helyettes\u00edt\u00e9s\u00e9re (1714), f\u0151b\u00edr\u00f3v\u00e1 v\u00e1lasztott\u00e1k Cs\u00edkszered\u00e1ban (1780\u00a0?)<br \/>\n<strong>Irod.:<\/strong> Benk\u0151 K.: Mv.; P\u00e1l-Antal 2002<\/p>\n","protected":false},"excerpt":{"rendered":"<p>? \u2020\u00a0?: f\u0151kir\u00e1lyb\u00edr\u00f3-helyettesnek v\u00e1lasztott\u00e1k a beteg L\u00e1z\u00e1r Gy\u00f6rgy helyettes\u00edt\u00e9s\u00e9re (1714), f\u0151b\u00edr\u00f3v\u00e1 v\u00e1lasztott\u00e1k Cs\u00edkszered\u00e1ban (1780\u00a0?) Irod.: Benk\u0151 K.: Mv.; P\u00e1l-Antal 2002<\/p>\n","protected":false},"featured_media":0,"comment_status":"open","ping_status":"closed","template":"","meta":[],"product_brand":[],"product_cat":[137],"product_tag":[],"class_list":{"0":"post-5347","1":"product","2":"type-product","3":"status-publish","5":"product_cat-maros-megyei-eletrajzi-lexikon","7":"first","8":"instock","9":"shipping-taxable","10":"product-type-simple"},"_links":{"self":[{"href":"https:\/\/uj.adatbank.ro\/lexikon\/wp-json\/wp\/v2\/product\/5347","targetHints":{"allow":["GET"]}}],"collection":[{"href":"https:\/\/uj.adatbank.ro\/lexikon\/wp-json\/wp\/v2\/product"}],"about":[{"href":"https:\/\/uj.adatbank.ro\/lexikon\/wp-json\/wp\/v2\/types\/product"}],"replies":[{"embeddable":true,"href":"https:\/\/uj.adatbank.ro\/lexikon\/wp-json\/wp\/v2\/comments?post=5347"}],"wp:attachment":[{"href":"https:\/\/uj.adatbank.ro\/lexikon\/wp-json\/wp\/v2\/media?parent=5347"}],"wp:term":[{"taxonomy":"product_brand","embeddable":true,"href":"https:\/\/uj.adatbank.ro\/lexikon\/wp-json\/wp\/v2\/product_brand?post=5347"},{"taxonomy":"product_cat","embeddable":true,"href":"https:\/\/uj.adatbank.ro\/lexikon\/wp-json\/wp\/v2\/product_cat?post=5347"},{"taxonomy":"product_tag","embeddable":true,"href":"https:\/\/uj.adatbank.ro\/lexikon\/wp-json\/wp\/v2\/product_tag?post=5347"}],"curies":[{"name":"wp","href":"https:\/\/api.w.org\/{rel}","templated":true}]}}