{"id":5351,"date":"2025-06-28T17:12:23","date_gmt":"2025-06-28T15:12:23","guid":{"rendered":"https:\/\/uj.adatbank.ro\/lexikon\/termek\/botskor-lorand\/"},"modified":"2025-06-28T17:12:23","modified_gmt":"2025-06-28T15:12:23","slug":"botskor-lorand","status":"publish","type":"product","link":"https:\/\/uj.adatbank.ro\/lexikon\/termek\/botskor-lorand\/","title":{"rendered":"BOTSKOR L\u00f3r\u00e1nd"},"content":{"rendered":"<p>? \u2020 ? : \u00e9p\u00edt\u00e9sz. \u2013 Segesv\u00e1ri f\u0151\u00e9p\u00edt\u00e9sz. A feh\u00e9regyh\u00e1zi honv\u00e9d eml\u00e9koszlop \u00e9p\u00edt\u00e9s\u00e9nek m\u0171vezet\u0151je (1897. j\u00fal. 31. avatt\u00e1k). <br \/><strong>Irod.:<\/strong> M\u00e1th\u00e9 Attila: M\u00e9g egyszer Pet\u0151fi-falv\u00e1r\u00f3l azaz Feh\u00e9regyh\u00e1z\u00e1r\u00f3l (N\u00fa, 2000. aug. 9); <\/br><\/p>\n","protected":false},"excerpt":{"rendered":"<p>? \u2020 ? : \u00e9p\u00edt\u00e9sz. \u2013 Segesv\u00e1ri f\u0151\u00e9p\u00edt\u00e9sz. A feh\u00e9regyh\u00e1zi honv\u00e9d eml\u00e9koszlop \u00e9p\u00edt\u00e9s\u00e9nek m\u0171vezet\u0151je (1897. j\u00fal. 31. avatt\u00e1k). Irod.: M\u00e1th\u00e9 Attila: M\u00e9g egyszer Pet\u0151fi-falv\u00e1r\u00f3l azaz Feh\u00e9regyh\u00e1z\u00e1r\u00f3l (N\u00fa, 2000. aug. 9);<\/p>\n","protected":false},"featured_media":0,"comment_status":"open","ping_status":"closed","template":"","meta":[],"product_brand":[],"product_cat":[137],"product_tag":[],"class_list":{"0":"post-5351","1":"product","2":"type-product","3":"status-publish","5":"product_cat-maros-megyei-eletrajzi-lexikon","7":"first","8":"instock","9":"shipping-taxable","10":"product-type-simple"},"_links":{"self":[{"href":"https:\/\/uj.adatbank.ro\/lexikon\/wp-json\/wp\/v2\/product\/5351","targetHints":{"allow":["GET"]}}],"collection":[{"href":"https:\/\/uj.adatbank.ro\/lexikon\/wp-json\/wp\/v2\/product"}],"about":[{"href":"https:\/\/uj.adatbank.ro\/lexikon\/wp-json\/wp\/v2\/types\/product"}],"replies":[{"embeddable":true,"href":"https:\/\/uj.adatbank.ro\/lexikon\/wp-json\/wp\/v2\/comments?post=5351"}],"wp:attachment":[{"href":"https:\/\/uj.adatbank.ro\/lexikon\/wp-json\/wp\/v2\/media?parent=5351"}],"wp:term":[{"taxonomy":"product_brand","embeddable":true,"href":"https:\/\/uj.adatbank.ro\/lexikon\/wp-json\/wp\/v2\/product_brand?post=5351"},{"taxonomy":"product_cat","embeddable":true,"href":"https:\/\/uj.adatbank.ro\/lexikon\/wp-json\/wp\/v2\/product_cat?post=5351"},{"taxonomy":"product_tag","embeddable":true,"href":"https:\/\/uj.adatbank.ro\/lexikon\/wp-json\/wp\/v2\/product_tag?post=5351"}],"curies":[{"name":"wp","href":"https:\/\/api.w.org\/{rel}","templated":true}]}}