{"id":5354,"date":"2025-06-28T17:12:29","date_gmt":"2025-06-28T15:12:29","guid":{"rendered":"https:\/\/uj.adatbank.ro\/lexikon\/termek\/bozdog-ioan-%c2%a7-bozdoc-ioan-m-bozdog-ion\/"},"modified":"2025-06-28T17:12:29","modified_gmt":"2025-06-28T15:12:29","slug":"bozdog-ioan-%c2%a7-bozdoc-ioan-m-bozdog-ion","status":"publish","type":"product","link":"https:\/\/uj.adatbank.ro\/lexikon\/termek\/bozdog-ioan-%c2%a7-bozdoc-ioan-m-bozdog-ion\/","title":{"rendered":"BOZDOG Ioan, \u00a7 Bozdoc Ioan M, Bozdog Ion"},"content":{"rendered":"<p>Mez\u0151\u0151rke, 1891. aug. 4., \u2020 Kv., 1967. \u00e1pr. 14.: tan\u00e1r, k\u00e9pvisel\u0151, prefektus. \u2013 Ioan Vescan s\u00f3gora. A k\u00f6z\u00e9piskol\u00e1t \u00e9s teol\u00f3gi\u00e1t Bal\u00e1zsfalv\u00e1n (1910\u201314), a filol\u00f3gi\u00e1t Kv.-on v\u00e9gezte, b\u00f6lcs\u00e9szet \u00e9s filoz\u00f3fia, rom\u00e1n ny. \u00e9s irod. szakon (1922) \u00e9s rom\u00e1n-latin tan\u00e1ri k\u00e9pes\u00edt\u00e9st nyert, doktor\u00e1tust Kv.-on szerzett (1923). Pap \u00e9s iskolaigazgat\u00f3 Magyarderzs\u00e9n (1915\u201319); Mv.-en tan\u00edtott a Kereskedelmi iskol\u00e1ban (1919\u201320), a Papiu Ilarian L\u00edc.-ban tan\u00edtott (1919\u201340.). \u00d3raad\u00f3 tan\u00e1r a mv.-i Ref. Koll.-ban (1928\u201329). Mint az Astra megyei szervezet\u00e9nek eln\u00f6ke (\u20131940) sz\u00e1mos el\u0151ad\u00e1st tartott vid\u00e9ken is. Kiadta \u00e9s szerkesztette az Ogorul (1920\u201323), Mure\u015ful (1923\u201327), Astra (1927\u201329) foly\u00f3iratokat, amelyekben \u00edr\u00e1sai is jelentek meg; cikkei jelentek m\u00e9g meg: Gazeta Mure\u015fului, Gazeta Transilvaniei, Rom\u00e2nia Nou\u0103, stb. lapokban; ir\u00e1ny\u00edtotta a l\u00edc. di\u00e1kjainak Indemnul c. foly\u00f3irat\u00e1t. A tanul\u00f3kat a n\u00e9pi kultura szeretet\u00e9nek, \u00f3v\u00e1s\u00e1nak \u00e9s gy\u0171jt\u00e9s\u00e9nek szellem\u00e9ben nevelve hozz\u00e1j\u00e1rult a rom\u00e1n kult\u00fara fejl\u0151d\u00e9s\u00e9hez. A Nemzeti Parasztp\u00e1rt Marosmegyei szervezet\u00e9nek jeles k\u00e9pvisel\u0151je- titk\u00e1ra, parlementi k\u00e9pvisel\u0151 (1928\u201331, 1932\u201333), a megyei tan\u00e1cs tagja (1930\u201334, 1937), majd eln\u00f6ke (1933. jan. \u2013 1934. \u00e1pr.). A mv.-i Mez\u0151gazdas\u00e1gi Kamara tan\u00e1cs\u00e1nak tagja; Brass\u00f3ba menek\u00fclt (1940), a brass\u00f3i Gazeta Transilvaniei szerkeszt\u0151je. Maros megye prefektusa, f\u0151isp\u00e1nja (1944. szept. 25.- 1944. nov. 15.). A kommunista rendszer bevezet\u00e9se ut\u00e1n letartoztatt\u00e1k, \u00e9s \u00edt\u00e9let n\u00e9lk\u00fcl 9 h\u00f3napig Caracalba deport\u00e1lt\u00e1k, de mivel nem tal\u00e1ltak el\u00edt\u00e9l\u00e9sre val\u00f3 v\u00e1dakat, szabadl\u00e1bra helyezt\u00e9k. Visszat\u00e9rt Mv.-re, ahol a Nemzeti Parasztp\u00e1rt titk\u00e1r\u00e1v\u00e1, majd eln\u00f6k\u00e9v\u00e9 v\u00e1lasztott\u00e1k (1946). A Maniu \u00e9s Br\u0103tianu p\u00e1rt jel\u00f6ltje, Dandeaval egy\u00fctt, a rom\u00e1niai v\u00e1laszt\u00e1sokon (1946. nov. 19.). Megfosztott\u00e1k tan\u00fcgyi \u00e1ll\u00e1s\u00e1t\u00f3l (1947). Kv.-ra k\u00f6lt\u00f6z\u00f6tt. T\u00f6bb alkalommal letart\u00f3ztatt\u00e1k, meghurcolt\u00e1k. Rom\u00e1nia Csillaga (Steaua Rom.) \u00e9s a Munka Jutalma (R\u0103splata Muncii) kit\u00fcntet\u00e9sekben r\u00e9szes\u00fclt. \u2013 <strong>F. m.:<\/strong> <strong>t\u00e1rssz.:<\/strong> Anuarul Liceului de B\u0103ie\u0163i Al Papiu Ilarian din Tg. Mure\u015f (Tg. M., 1936). <br \/><strong>Irod.:<\/strong> Anuarul Lic. Al. Papiu Ilarian (1919\u20131929); Auton\u00f3mist\u00e1k \u00e9s centralist\u00e1k: \u00c9szak-Erd\u00e9ly a k\u00e9t rom\u00e1n bevonul\u00e1s k\u00f6z\u00f6tt, 1944. szept. \u2013 1945. m\u00e1rc. (Kv.-Cs\u00edkszereda, 2004); Ciortea; Congresul cultural al ASTRA (Sibiu, 193]); Cri\u015fan; Dasc\u0103li mure\u015feni, 1; Dasc\u0103lii Papiului; Guly\u00e1s; Id\u0151t\u00e1r 3; Id\u0151t\u00e1r 4.; Ioni\u0163oiu; \u00cenv. comercial econ.; Jurnalul de Mure\u015f (nr. 31, 1995. 18\u201324 szept., nr. 31.); K\u00e9t fasiszta f\u0151isp\u00e1n (Szabad Sz\u00f3, 1945. \u00e1pr. 8.); M\u0103rtina\u015f; Mv. t\u00f6rt. 2., Preda Gheorghe: Activitatea Astrei \u00een 25 ani dela unire (Sibiu, 1944); Suciu, Felician: Desp\u0103r\u0163\u0103m\u00e2ntul \u201eT\u00e2rgu-Mure\u015f\u201d al \u201eAstrei\u201d \u00eentre anii 1913\u20131922 (Marisia, 32\u201333, 2013); Todea 2013; Vi\u015finescu, Valentin; Vescan, Eugen. Dr. Ioan Vescan, 1877\u20131946: micromonografie. (Cluj-Napoca, 2006).<\/br><\/p>\n","protected":false},"excerpt":{"rendered":"<p>Mez\u0151\u0151rke, 1891. aug. 4., \u2020 Kv., 1967. \u00e1pr. 14.: tan\u00e1r, k\u00e9pvisel\u0151, prefektus. \u2013 Ioan Vescan s\u00f3gora. A k\u00f6z\u00e9piskol\u00e1t \u00e9s teol\u00f3gi\u00e1t Bal\u00e1zsfalv\u00e1n (1910\u201314), a filol\u00f3gi\u00e1t Kv.-on v\u00e9gezte, b\u00f6lcs\u00e9szet \u00e9s filoz\u00f3fia, rom\u00e1n ny. \u00e9s irod. szakon (1922) \u00e9s rom\u00e1n-latin tan\u00e1ri k\u00e9pes\u00edt\u00e9st nyert, doktor\u00e1tust Kv.-on szerzett (1923). Pap \u00e9s iskolaigazgat\u00f3 Magyarderzs\u00e9n (1915\u201319); Mv.-en tan\u00edtott a Kereskedelmi iskol\u00e1ban (1919\u201320), [&hellip;]<\/p>\n","protected":false},"featured_media":0,"comment_status":"open","ping_status":"closed","template":"","meta":[],"product_brand":[],"product_cat":[137],"product_tag":[],"class_list":{"0":"post-5354","1":"product","2":"type-product","3":"status-publish","5":"product_cat-maros-megyei-eletrajzi-lexikon","7":"first","8":"instock","9":"shipping-taxable","10":"product-type-simple"},"_links":{"self":[{"href":"https:\/\/uj.adatbank.ro\/lexikon\/wp-json\/wp\/v2\/product\/5354","targetHints":{"allow":["GET"]}}],"collection":[{"href":"https:\/\/uj.adatbank.ro\/lexikon\/wp-json\/wp\/v2\/product"}],"about":[{"href":"https:\/\/uj.adatbank.ro\/lexikon\/wp-json\/wp\/v2\/types\/product"}],"replies":[{"embeddable":true,"href":"https:\/\/uj.adatbank.ro\/lexikon\/wp-json\/wp\/v2\/comments?post=5354"}],"wp:attachment":[{"href":"https:\/\/uj.adatbank.ro\/lexikon\/wp-json\/wp\/v2\/media?parent=5354"}],"wp:term":[{"taxonomy":"product_brand","embeddable":true,"href":"https:\/\/uj.adatbank.ro\/lexikon\/wp-json\/wp\/v2\/product_brand?post=5354"},{"taxonomy":"product_cat","embeddable":true,"href":"https:\/\/uj.adatbank.ro\/lexikon\/wp-json\/wp\/v2\/product_cat?post=5354"},{"taxonomy":"product_tag","embeddable":true,"href":"https:\/\/uj.adatbank.ro\/lexikon\/wp-json\/wp\/v2\/product_tag?post=5354"}],"curies":[{"name":"wp","href":"https:\/\/api.w.org\/{rel}","templated":true}]}}

<p>Mezőőrke, 1891. aug. 4., † Kv., 1967. ápr. 14.: tanár, képviselő, prefektus. – Ioan Vescan sógora. A középiskolát és teológiát Balázsfalván (1910–14), a filológiát Kv.-on végezte, bölcsészet és filozófia, román ny. és irod. szakon (1922) és román-latin tanári képesítést nyert, doktorátust Kv.-on szerzett (1923). Pap és iskolaigazgató Magyarderzsén (1915–19); Mv.-en tanított a Kereskedelmi iskolában (1919–20), a Papiu Ilarian Líc.-ban tanított (1919–40.). Óraadó tanár a mv.-i Ref. Koll.-ban (1928–29). Mint az Astra megyei szervezetének elnöke (–1940) számos előadást tartott vidéken is. Kiadta és szerkesztette az Ogorul (1920–23), Mureşul (1923–27), Astra (1927–29) folyóiratokat, amelyekben írásai is jelentek meg; cikkei jelentek még meg: Gazeta Mureşului, Gazeta Transilvaniei, România Nouă, stb. lapokban; irányította a líc. diákjainak Indemnul c. folyóiratát. A tanulókat a népi kultura szeretetének, óvásának és gyűjtésének szellemében nevelve hozzájárult a román kultúra fejlődéséhez. A Nemzeti Parasztpárt Marosmegyei szervezetének jeles képviselője- titkára, parlementi képviselő (1928–31, 1932–33), a megyei tanács tagja (1930–34, 1937), majd elnöke (1933. jan. – 1934. ápr.). A mv.-i Mezőgazdasági Kamara tanácsának tagja; Brassóba menekült (1940), a brassói Gazeta Transilvaniei szerkesztője. Maros megye prefektusa, főispánja (1944. szept. 25.- 1944. nov. 15.). A kommunista rendszer bevezetése után letartoztatták, és ítélet nélkül 9 hónapig Caracalba deportálták, de mivel nem találtak elítélésre való vádakat, szabadlábra helyezték. Visszatért Mv.-re, ahol a Nemzeti Parasztpárt titkárává, majd elnökévé választották (1946). A Maniu és Brătianu párt jelöltje, Dandeaval együtt, a romániai választásokon (1946. nov. 19.). Megfosztották tanügyi állásától (1947). Kv.-ra költözött. Több alkalommal letartóztatták, meghurcolták. Románia Csillaga (Steaua Rom.) és a Munka Jutalma (Răsplata Muncii) kitüntetésekben részesült. – <strong>F. m.:</strong> <strong>társsz.:</strong> Anuarul Liceului de Băieţi Al Papiu Ilarian din Tg. Mureş (Tg. M., 1936). <br /><strong>Irod.:</strong> Anuarul Lic. Al. Papiu Ilarian (1919–1929); Autonómisták és centralisták: Észak-Erdély a két román bevonulás között, 1944. szept. – 1945. márc. (Kv.-Csíkszereda, 2004); Ciortea; Congresul cultural al ASTRA (Sibiu, 193]); Crişan; Dascăli mureşeni, 1; Dascălii Papiului; Gulyás; Időtár 3; Időtár 4.; Ioniţoiu; Înv. comercial econ.; Jurnalul de Mureş (nr. 31, 1995. 18–24 szept., nr. 31.); Két fasiszta főispán (Szabad Szó, 1945. ápr. 8.); Mărtinaş; Mv. tört. 2., Preda Gheorghe: Activitatea Astrei în 25 ani dela unire (Sibiu, 1944); Suciu, Felician: Despărţământul „Târgu-Mureş” al „Astrei” între anii 1913–1922 (Marisia, 32–33, 2013); Todea 2013; Vişinescu, Valentin; Vescan, Eugen. Dr. Ioan Vescan, 1877–1946: micromonografie. (Cluj-Napoca, 2006).</br></p>

<p>Mezőőrke, 1891. aug. 4., † Kv., 1967. ápr. 14.: tanár, képviselő, prefektus. – Ioan Vescan sógora. A középiskolát és teológiát Balázsfalván (1910–14), a filológiát Kv.-on végezte, bölcsészet és filozófia, román ny. és irod. szakon (1922) és román-latin tanári képesítést nyert, doktorátust Kv.-on szerzett (1923). Pap és iskolaigazgató Magyarderzsén (1915–19); Mv.-en tanított a Kereskedelmi iskolában (1919–20), [&hellip;]</p>
