{"id":5357,"date":"2025-06-28T17:12:33","date_gmt":"2025-06-28T15:12:33","guid":{"rendered":"https:\/\/uj.adatbank.ro\/lexikon\/termek\/bozga-axentie\/"},"modified":"2025-06-28T17:12:33","modified_gmt":"2025-06-28T15:12:33","slug":"bozga-axentie","status":"publish","type":"product","link":"https:\/\/uj.adatbank.ro\/lexikon\/termek\/bozga-axentie\/","title":{"rendered":"BOZGA Axentie"},"content":{"rendered":"<p>? \u2020 ? : hadnagy. \u2013 C. Romanu \u2013 Vivu prefektuss\u00e1ga idej\u00e9n a mv.-i v\u00e1r parancsnoka volt, akire a tekei katonai l\u00e1ger felk\u00e9sz\u00edt\u00e9s\u00e9t is r\u00e1b\u00edzt\u00e1k. Abban a t\u00e1borban kb. 3000 \u00f6nk\u00e9ntesnek a katonai kik\u00e9pz\u00e9se folyt (1848. nov.). <br \/><strong>Irod.:<\/strong> Opri\u015f 1999<\/br><\/p>\n","protected":false},"excerpt":{"rendered":"<p>? \u2020 ? : hadnagy. \u2013 C. Romanu \u2013 Vivu prefektuss\u00e1ga idej\u00e9n a mv.-i v\u00e1r parancsnoka volt, akire a tekei katonai l\u00e1ger felk\u00e9sz\u00edt\u00e9s\u00e9t is r\u00e1b\u00edzt\u00e1k. Abban a t\u00e1borban kb. 3000 \u00f6nk\u00e9ntesnek a katonai kik\u00e9pz\u00e9se folyt (1848. nov.). Irod.: Opri\u015f 1999<\/p>\n","protected":false},"featured_media":0,"comment_status":"open","ping_status":"closed","template":"","meta":[],"product_brand":[],"product_cat":[137],"product_tag":[],"class_list":{"0":"post-5357","1":"product","2":"type-product","3":"status-publish","5":"product_cat-maros-megyei-eletrajzi-lexikon","7":"first","8":"instock","9":"shipping-taxable","10":"product-type-simple"},"_links":{"self":[{"href":"https:\/\/uj.adatbank.ro\/lexikon\/wp-json\/wp\/v2\/product\/5357","targetHints":{"allow":["GET"]}}],"collection":[{"href":"https:\/\/uj.adatbank.ro\/lexikon\/wp-json\/wp\/v2\/product"}],"about":[{"href":"https:\/\/uj.adatbank.ro\/lexikon\/wp-json\/wp\/v2\/types\/product"}],"replies":[{"embeddable":true,"href":"https:\/\/uj.adatbank.ro\/lexikon\/wp-json\/wp\/v2\/comments?post=5357"}],"wp:attachment":[{"href":"https:\/\/uj.adatbank.ro\/lexikon\/wp-json\/wp\/v2\/media?parent=5357"}],"wp:term":[{"taxonomy":"product_brand","embeddable":true,"href":"https:\/\/uj.adatbank.ro\/lexikon\/wp-json\/wp\/v2\/product_brand?post=5357"},{"taxonomy":"product_cat","embeddable":true,"href":"https:\/\/uj.adatbank.ro\/lexikon\/wp-json\/wp\/v2\/product_cat?post=5357"},{"taxonomy":"product_tag","embeddable":true,"href":"https:\/\/uj.adatbank.ro\/lexikon\/wp-json\/wp\/v2\/product_tag?post=5357"}],"curies":[{"name":"wp","href":"https:\/\/api.w.org\/{rel}","templated":true}]}}