{"id":5358,"date":"2025-06-28T17:12:35","date_gmt":"2025-06-28T15:12:35","guid":{"rendered":"https:\/\/uj.adatbank.ro\/lexikon\/termek\/bozodi-adam-samuel\/"},"modified":"2025-06-28T17:12:35","modified_gmt":"2025-06-28T15:12:35","slug":"bozodi-adam-samuel","status":"publish","type":"product","link":"https:\/\/uj.adatbank.ro\/lexikon\/termek\/bozodi-adam-samuel\/","title":{"rendered":"B\u00d6Z\u00d6DI \u00c1d\u00e1m S\u00e1muel"},"content":{"rendered":"<p>B\u00f6z\u00f6d , 1872., \u2020\u00a0?\u00a0: tan\u00edt\u00f3, f\u00f6ldbirtokos. \u2013 Sz\u00e9kelykereszt\u00faron v\u00e9gezte a tan\u00edt\u00f3k\u00e9pz\u0151t (1891), tan\u00edtott Als\u00f3simonfalv\u00e1n, Sept\u00e9ren, Mez\u0151szentmih\u00e1lytelk\u00e9n. Nyugdijba vonul\u00e1sakor (1908) a m. nyelv sikeres tan\u00edt\u00e1s\u00e1\u00e9rt dics\u00e9r\u0151 oklevelet \u00e9s p\u00e9nzjutalmat kapott. Az els\u0151 vh. alatt bevonult katon\u00e1nak Mv. re (1915) a 22. h. gy. ezredhez \u00e9s az orosz fronra ker\u00fclt, megsebes\u00fclt \u00e9s ut\u00e1na irodai szolg\u00e1latot v\u00e9gzett. <br \/><strong>Irod.:<\/strong> Sz\u00e9kelyf\u00f6ld \u00ed. k<\/br><\/p>\n","protected":false},"excerpt":{"rendered":"<p>B\u00f6z\u00f6d , 1872., \u2020\u00a0?\u00a0: tan\u00edt\u00f3, f\u00f6ldbirtokos. \u2013 Sz\u00e9kelykereszt\u00faron v\u00e9gezte a tan\u00edt\u00f3k\u00e9pz\u0151t (1891), tan\u00edtott Als\u00f3simonfalv\u00e1n, Sept\u00e9ren, Mez\u0151szentmih\u00e1lytelk\u00e9n. Nyugdijba vonul\u00e1sakor (1908) a m. nyelv sikeres tan\u00edt\u00e1s\u00e1\u00e9rt dics\u00e9r\u0151 oklevelet \u00e9s p\u00e9nzjutalmat kapott. Az els\u0151 vh. alatt bevonult katon\u00e1nak Mv. re (1915) a 22. h. gy. ezredhez \u00e9s az orosz fronra ker\u00fclt, megsebes\u00fclt \u00e9s ut\u00e1na irodai szolg\u00e1latot v\u00e9gzett. Irod.: [&hellip;]<\/p>\n","protected":false},"featured_media":0,"comment_status":"open","ping_status":"closed","template":"","meta":[],"product_brand":[],"product_cat":[137],"product_tag":[],"class_list":{"0":"post-5358","1":"product","2":"type-product","3":"status-publish","5":"product_cat-maros-megyei-eletrajzi-lexikon","7":"first","8":"instock","9":"shipping-taxable","10":"product-type-simple"},"_links":{"self":[{"href":"https:\/\/uj.adatbank.ro\/lexikon\/wp-json\/wp\/v2\/product\/5358","targetHints":{"allow":["GET"]}}],"collection":[{"href":"https:\/\/uj.adatbank.ro\/lexikon\/wp-json\/wp\/v2\/product"}],"about":[{"href":"https:\/\/uj.adatbank.ro\/lexikon\/wp-json\/wp\/v2\/types\/product"}],"replies":[{"embeddable":true,"href":"https:\/\/uj.adatbank.ro\/lexikon\/wp-json\/wp\/v2\/comments?post=5358"}],"wp:attachment":[{"href":"https:\/\/uj.adatbank.ro\/lexikon\/wp-json\/wp\/v2\/media?parent=5358"}],"wp:term":[{"taxonomy":"product_brand","embeddable":true,"href":"https:\/\/uj.adatbank.ro\/lexikon\/wp-json\/wp\/v2\/product_brand?post=5358"},{"taxonomy":"product_cat","embeddable":true,"href":"https:\/\/uj.adatbank.ro\/lexikon\/wp-json\/wp\/v2\/product_cat?post=5358"},{"taxonomy":"product_tag","embeddable":true,"href":"https:\/\/uj.adatbank.ro\/lexikon\/wp-json\/wp\/v2\/product_tag?post=5358"}],"curies":[{"name":"wp","href":"https:\/\/api.w.org\/{rel}","templated":true}]}}

BÖZÖDI Ádám Sámuel

<p>Bözöd , 1872., † ? : tanító, földbirtokos. – Székelykeresztúron végezte a tanítóképzőt (1891), tanított Alsósimonfalván, Septéren, Mezőszentmihálytelkén. Nyugdijba vonulásakor (1908) a m. nyelv sikeres tanításáért dicsérő oklevelet és pénzjutalmat kapott. Az első vh. alatt bevonult katonának Mv. re (1915) a 22. h. gy. ezredhez és az orosz fronra került, megsebesült és utána irodai szolgálatot végzett. <br /><strong>Irod.:</strong> Székelyföld í. k</br></p>

<p>Bözöd , 1872., † ? : tanító, földbirtokos. – Székelykeresztúron végezte a tanítóképzőt (1891), tanított Alsósimonfalván, Septéren, Mezőszentmihálytelkén. Nyugdijba vonulásakor (1908) a m. nyelv sikeres tanításáért dicsérő oklevelet és pénzjutalmat kapott. Az első vh. alatt bevonult katonának Mv. re (1915) a 22. h. gy. ezredhez és az orosz fronra került, megsebesült és utána irodai szolgálatot végzett. Irod.: [&hellip;]</p>
