{"id":5367,"date":"2025-06-28T17:12:54","date_gmt":"2025-06-28T15:12:54","guid":{"rendered":"https:\/\/uj.adatbank.ro\/lexikon\/termek\/brancovici-sava\/"},"modified":"2025-06-28T17:12:54","modified_gmt":"2025-06-28T15:12:54","slug":"brancovici-sava","status":"publish","type":"product","link":"https:\/\/uj.adatbank.ro\/lexikon\/termek\/brancovici-sava\/","title":{"rendered":"BRANCOVICI Sava"},"content":{"rendered":"<p>Inese, 1620., \u2020 Gyulafeh\u00e1rv\u00e1r, v. V\u00e9cs, 1683. szept. el\u0151tt: erd\u00e9lyi \u00e9rsek. \u2013 Gyulafeh\u00e9rv\u00e1r \u00e9rseke (1656. dec. 28., meger\u0151s\u00edtett\u00e9k 1662 \u00e9s 1679-ben). Neh\u00e9z, ellens\u00e9ges viszonyok k\u00f6z\u00f6tt lelk\u00e9szkedett, egyh\u00e1zker\u00fcleti gy\u00fcl\u00e9seket, l\u00e1togat\u00e1sokat tartott, \u00fajj\u00e1\u00e9p\u00edtette a gyulafeh\u00e9rv\u00e1ri templomot, az orosz c\u00e1rhoz l\u00e1togatott (1668. jan. \u2013aug.) Apaffi Mih\u00e1ly fejedelem idej\u00e9n elt\u00e1vol\u00edtott\u00e1k tiszts\u00e9g\u00e9b\u0151l (1680. j\u00fal. 2), megk\u00ednozt\u00e1k (a radn\u00f3ti kast\u00e9lyban) \u00e9s bez\u00e1rt\u00e1k a marosv\u00e9csi Kem\u00e9ny kast\u00e9lyba ortodox hite miatt, r\u00f3la kapta a falu rom\u00e1n elnevez\u00e9s\u00e9t Br\u00e2ncovene\u015fti. Sok k\u00fclf\u00f6ldi udvart l\u00e1togatott, politiz\u00e1lt, \u00f6sszeesk\u00fcv\u00e9st sz\u0151tt, Leopold cs\u00e1sz\u00e1r b\u00e1r\u00f3i c\u00edmmel jutalmazta meg (1683). <br \/><strong>Irod.:<\/strong> P\u0103curariu M.: Istoria bisericii rom\u00e2ne (Sibiu, 1972); Predescu<\/br><\/p>\n","protected":false},"excerpt":{"rendered":"<p>Inese, 1620., \u2020 Gyulafeh\u00e1rv\u00e1r, v. V\u00e9cs, 1683. szept. el\u0151tt: erd\u00e9lyi \u00e9rsek. \u2013 Gyulafeh\u00e9rv\u00e1r \u00e9rseke (1656. dec. 28., meger\u0151s\u00edtett\u00e9k 1662 \u00e9s 1679-ben). Neh\u00e9z, ellens\u00e9ges viszonyok k\u00f6z\u00f6tt lelk\u00e9szkedett, egyh\u00e1zker\u00fcleti gy\u00fcl\u00e9seket, l\u00e1togat\u00e1sokat tartott, \u00fajj\u00e1\u00e9p\u00edtette a gyulafeh\u00e9rv\u00e1ri templomot, az orosz c\u00e1rhoz l\u00e1togatott (1668. jan. \u2013aug.) Apaffi Mih\u00e1ly fejedelem idej\u00e9n elt\u00e1vol\u00edtott\u00e1k tiszts\u00e9g\u00e9b\u0151l (1680. j\u00fal. 2), megk\u00ednozt\u00e1k (a radn\u00f3ti kast\u00e9lyban) \u00e9s [&hellip;]<\/p>\n","protected":false},"featured_media":0,"comment_status":"open","ping_status":"closed","template":"","meta":[],"product_brand":[],"product_cat":[137],"product_tag":[],"class_list":{"0":"post-5367","1":"product","2":"type-product","3":"status-publish","5":"product_cat-maros-megyei-eletrajzi-lexikon","7":"first","8":"instock","9":"shipping-taxable","10":"product-type-simple"},"_links":{"self":[{"href":"https:\/\/uj.adatbank.ro\/lexikon\/wp-json\/wp\/v2\/product\/5367","targetHints":{"allow":["GET"]}}],"collection":[{"href":"https:\/\/uj.adatbank.ro\/lexikon\/wp-json\/wp\/v2\/product"}],"about":[{"href":"https:\/\/uj.adatbank.ro\/lexikon\/wp-json\/wp\/v2\/types\/product"}],"replies":[{"embeddable":true,"href":"https:\/\/uj.adatbank.ro\/lexikon\/wp-json\/wp\/v2\/comments?post=5367"}],"wp:attachment":[{"href":"https:\/\/uj.adatbank.ro\/lexikon\/wp-json\/wp\/v2\/media?parent=5367"}],"wp:term":[{"taxonomy":"product_brand","embeddable":true,"href":"https:\/\/uj.adatbank.ro\/lexikon\/wp-json\/wp\/v2\/product_brand?post=5367"},{"taxonomy":"product_cat","embeddable":true,"href":"https:\/\/uj.adatbank.ro\/lexikon\/wp-json\/wp\/v2\/product_cat?post=5367"},{"taxonomy":"product_tag","embeddable":true,"href":"https:\/\/uj.adatbank.ro\/lexikon\/wp-json\/wp\/v2\/product_tag?post=5367"}],"curies":[{"name":"wp","href":"https:\/\/api.w.org\/{rel}","templated":true}]}}

<p>Inese, 1620., † Gyulafehárvár, v. Vécs, 1683. szept. előtt: erdélyi érsek. – Gyulafehérvár érseke (1656. dec. 28., megerősítették 1662 és 1679-ben). Nehéz, ellenséges viszonyok között lelkészkedett, egyházkerületi gyüléseket, látogatásokat tartott, újjáépítette a gyulafehérvári templomot, az orosz cárhoz látogatott (1668. jan. –aug.) Apaffi Mihály fejedelem idején eltávolították tisztségéből (1680. júl. 2), megkínozták (a radnóti kastélyban) és bezárták a marosvécsi Kemény kastélyba ortodox hite miatt, róla kapta a falu román elnevezését Brâncoveneşti. Sok külföldi udvart látogatott, politizált, összeesküvést szőtt, Leopold császár bárói címmel jutalmazta meg (1683). <br /><strong>Irod.:</strong> Păcurariu M.: Istoria bisericii române (Sibiu, 1972); Predescu</br></p>

<p>Inese, 1620., † Gyulafehárvár, v. Vécs, 1683. szept. előtt: erdélyi érsek. – Gyulafehérvár érseke (1656. dec. 28., megerősítették 1662 és 1679-ben). Nehéz, ellenséges viszonyok között lelkészkedett, egyházkerületi gyüléseket, látogatásokat tartott, újjáépítette a gyulafehérvári templomot, az orosz cárhoz látogatott (1668. jan. –aug.) Apaffi Mihály fejedelem idején eltávolították tisztségéből (1680. júl. 2), megkínozták (a radnóti kastélyban) és [&hellip;]</p>
