{"id":5370,"date":"2025-06-28T17:12:58","date_gmt":"2025-06-28T15:12:58","guid":{"rendered":"https:\/\/uj.adatbank.ro\/lexikon\/termek\/brandner-sandor\/"},"modified":"2025-06-28T17:12:58","modified_gmt":"2025-06-28T15:12:58","slug":"brandner-sandor","status":"publish","type":"product","link":"https:\/\/uj.adatbank.ro\/lexikon\/termek\/brandner-sandor\/","title":{"rendered":"BRANDNER S\u00e1ndor"},"content":{"rendered":"<p>Dr\u00e1gcs\u00e9ke, 1908. m\u00e1rc. 16., \u2020 ? : r. k. pap. \u2013 A gimn.-ot Sz\u00e9kelykereszt\u00faron \u00e9s Mv.-en, teol\u00f3giai tanulm\u00e1nyait Gyulafeh\u00e9rv\u00e1ron v\u00e9gezte. Papp\u00e1 szentelt\u00e9k (1930. j\u00fal. 27.). K\u00e1pl\u00e1n volt Sepsiszentgy\u00f6rgy\u00f6n, Gelenc\u00e9n \u00e9s Kv.-on (1931), Kerel\u0151szentp\u00e1l pl\u00e9b\u00e1nosa volt felf\u00fcggeszt\u00e9s\u00e9ig (1933\u201347). <br \/><strong>Irod.:<\/strong> Ferenczi S\u00e1ndor 2009; Maros-k\u00fck\u00fcll\u0151i f\u0151esp. B\u0102RBULESCU Toma, P\u0103t\u00e2rlagele (Buz\u0103u), 1906., \u2020 Uzdiszentp\u00e9ter, 1997.: tan\u00edt\u00f3. \u2013 Kv.-on szerzett tan\u00edt\u00f3i okl.-t (1926), Tusonba helyezt\u00e9k, onnan Mez\u0151domra ker\u00fclt, am\u00edg beh\u00edvt\u00e1k katon\u00e1nak, ahol \u0151rmesteri rangot \u00e9rt el (1930 \u2013 1932). Leszerel\u00e9s ut\u00e1n Barlab\u00e1son az I \u2013 IV. oszt. tan\u00edtotta a Pog\u0103ceanu Mar\u0163ian h\u00e1z\u00e1ban, am\u00edg az \u00faj iskol\u00e1t fel\u00e9p\u00edtett\u00e9k (1934\u201335). N\u0151s\u00fcl\u00e9s ut\u00e1n Mez\u0151dombon telepedett le, ahol 15 \u00e9vig tan\u00edtott, am\u00edg a kommunista rendszer f\u00e9lre nem \u00e1ll\u00edtotta (1950). Nyugd\u00edjaz\u00e1sa el\u0151tt \u00fajb\u00f3l Mez\u0151dombon tan\u00edtott (1964 \u2013 1969). A h\u00e1bor\u00faban tanus\u00edtott h\u0151siess\u00e9g\u00e9\u00e9rt a Crucea Comemorativ\u0103 a celui de al II.-lea r\u0103zboi mondial \u00e9rdem\u00e9remmel t\u00fcntett\u00e9k ki. <br \/><strong>Irod.:<\/strong> S\u00e2npetru de C\u00e2mpie<\/br><\/p>\n","protected":false},"excerpt":{"rendered":"<p>Dr\u00e1gcs\u00e9ke, 1908. m\u00e1rc. 16., \u2020 ? : r. k. pap. \u2013 A gimn.-ot Sz\u00e9kelykereszt\u00faron \u00e9s Mv.-en, teol\u00f3giai tanulm\u00e1nyait Gyulafeh\u00e9rv\u00e1ron v\u00e9gezte. Papp\u00e1 szentelt\u00e9k (1930. j\u00fal. 27.). K\u00e1pl\u00e1n volt Sepsiszentgy\u00f6rgy\u00f6n, Gelenc\u00e9n \u00e9s Kv.-on (1931), Kerel\u0151szentp\u00e1l pl\u00e9b\u00e1nosa volt felf\u00fcggeszt\u00e9s\u00e9ig (1933\u201347). Irod.: Ferenczi S\u00e1ndor 2009; Maros-k\u00fck\u00fcll\u0151i f\u0151esp. B\u0102RBULESCU Toma, P\u0103t\u00e2rlagele (Buz\u0103u), 1906., \u2020 Uzdiszentp\u00e9ter, 1997.: tan\u00edt\u00f3. \u2013 Kv.-on szerzett [&hellip;]<\/p>\n","protected":false},"featured_media":0,"comment_status":"open","ping_status":"closed","template":"","meta":[],"product_brand":[],"product_cat":[137],"product_tag":[],"class_list":{"0":"post-5370","1":"product","2":"type-product","3":"status-publish","5":"product_cat-maros-megyei-eletrajzi-lexikon","7":"first","8":"instock","9":"shipping-taxable","10":"product-type-simple"},"_links":{"self":[{"href":"https:\/\/uj.adatbank.ro\/lexikon\/wp-json\/wp\/v2\/product\/5370","targetHints":{"allow":["GET"]}}],"collection":[{"href":"https:\/\/uj.adatbank.ro\/lexikon\/wp-json\/wp\/v2\/product"}],"about":[{"href":"https:\/\/uj.adatbank.ro\/lexikon\/wp-json\/wp\/v2\/types\/product"}],"replies":[{"embeddable":true,"href":"https:\/\/uj.adatbank.ro\/lexikon\/wp-json\/wp\/v2\/comments?post=5370"}],"wp:attachment":[{"href":"https:\/\/uj.adatbank.ro\/lexikon\/wp-json\/wp\/v2\/media?parent=5370"}],"wp:term":[{"taxonomy":"product_brand","embeddable":true,"href":"https:\/\/uj.adatbank.ro\/lexikon\/wp-json\/wp\/v2\/product_brand?post=5370"},{"taxonomy":"product_cat","embeddable":true,"href":"https:\/\/uj.adatbank.ro\/lexikon\/wp-json\/wp\/v2\/product_cat?post=5370"},{"taxonomy":"product_tag","embeddable":true,"href":"https:\/\/uj.adatbank.ro\/lexikon\/wp-json\/wp\/v2\/product_tag?post=5370"}],"curies":[{"name":"wp","href":"https:\/\/api.w.org\/{rel}","templated":true}]}}

BRANDNER Sándor

<p>Drágcséke, 1908. márc. 16., † ? : r. k. pap. – A gimn.-ot Székelykeresztúron és Mv.-en, teológiai tanulmányait Gyulafehérváron végezte. Pappá szentelték (1930. júl. 27.). Káplán volt Sepsiszentgyörgyön, Gelencén és Kv.-on (1931), Kerelőszentpál plébánosa volt felfüggesztéséig (1933–47). <br /><strong>Irod.:</strong> Ferenczi Sándor 2009; Maros-küküllői főesp. BĂRBULESCU Toma, Pătârlagele (Buzău), 1906., † Uzdiszentpéter, 1997.: tanító. – Kv.-on szerzett tanítói okl.-t (1926), Tusonba helyezték, onnan Meződomra került, amíg behívták katonának, ahol őrmesteri rangot ért el (1930 – 1932). Leszerelés után Barlabáson az I – IV. oszt. tanította a Pogăceanu Marţian házában, amíg az új iskolát felépítették (1934–35). Nősülés után Meződombon telepedett le, ahol 15 évig tanított, amíg a kommunista rendszer félre nem állította (1950). Nyugdíjazása előtt újból Meződombon tanított (1964 – 1969). A háborúban tanusított hősiességéért a Crucea Comemorativă a celui de al II.-lea război mondial érdeméremmel tüntették ki. <br /><strong>Irod.:</strong> Sânpetru de Câmpie</br></p>

<p>Drágcséke, 1908. márc. 16., † ? : r. k. pap. – A gimn.-ot Székelykeresztúron és Mv.-en, teológiai tanulmányait Gyulafehérváron végezte. Pappá szentelték (1930. júl. 27.). Káplán volt Sepsiszentgyörgyön, Gelencén és Kv.-on (1931), Kerelőszentpál plébánosa volt felfüggesztéséig (1933–47). Irod.: Ferenczi Sándor 2009; Maros-küküllői főesp. BĂRBULESCU Toma, Pătârlagele (Buzău), 1906., † Uzdiszentpéter, 1997.: tanító. – Kv.-on szerzett [&hellip;]</p>
