{"id":5371,"date":"2025-06-28T17:13:03","date_gmt":"2025-06-28T15:13:03","guid":{"rendered":"https:\/\/uj.adatbank.ro\/lexikon\/termek\/brandsch-heinz\/"},"modified":"2025-06-28T17:13:03","modified_gmt":"2025-06-28T15:13:03","slug":"brandsch-heinz","status":"publish","type":"product","link":"https:\/\/uj.adatbank.ro\/lexikon\/termek\/brandsch-heinz\/","title":{"rendered":"BRANDSCH Heinz"},"content":{"rendered":"<p>1889. m\u00e1j. 21., \u2020\u00a0Segesv\u00e1r, 1953. j\u00fan. 20.: tan\u00e1r, szerk. \u2013 Apja lelk\u00e9sz volt Vurpodon. \u2013 Szebenben az ev. gimn.-ban tanult, folytatta tanulm\u00e1nyait Kv.-on, Berlinben, Z\u00fcrichben, ism\u00e9t Kv.-on (1907\u201311) \u00e9s itt doktor\u00e1lt (1912). K\u00f6halmon ipariskolai rektor (1912\u201317). Segesv\u00e1ron az ev. tan\u00edt\u00f3k\u00e9pz\u0151 tan\u00e1ra (1917) \u00e9s igazgat\u00f3ja (1922\u2013). A segesv\u00e1ri \u00e1llami n\u00e9met tannyelv\u0171 pedag\u00f3giai iskola tan\u00e1ra (1948\u2013). T\u00f6bb helyi lap, k\u00f6nyvsorozat szer.-je. <br \/><strong>Irod.:<\/strong> Szab\u00f3\u2013Simon\u2013Sz\u00f6gi<\/br><\/p>\n","protected":false},"excerpt":{"rendered":"<p>1889. m\u00e1j. 21., \u2020\u00a0Segesv\u00e1r, 1953. j\u00fan. 20.: tan\u00e1r, szerk. \u2013 Apja lelk\u00e9sz volt Vurpodon. \u2013 Szebenben az ev. gimn.-ban tanult, folytatta tanulm\u00e1nyait Kv.-on, Berlinben, Z\u00fcrichben, ism\u00e9t Kv.-on (1907\u201311) \u00e9s itt doktor\u00e1lt (1912). K\u00f6halmon ipariskolai rektor (1912\u201317). Segesv\u00e1ron az ev. tan\u00edt\u00f3k\u00e9pz\u0151 tan\u00e1ra (1917) \u00e9s igazgat\u00f3ja (1922\u2013). A segesv\u00e1ri \u00e1llami n\u00e9met tannyelv\u0171 pedag\u00f3giai iskola tan\u00e1ra (1948\u2013). T\u00f6bb [&hellip;]<\/p>\n","protected":false},"featured_media":0,"comment_status":"open","ping_status":"closed","template":"","meta":[],"product_brand":[],"product_cat":[137],"product_tag":[],"class_list":{"0":"post-5371","1":"product","2":"type-product","3":"status-publish","5":"product_cat-maros-megyei-eletrajzi-lexikon","7":"first","8":"instock","9":"shipping-taxable","10":"product-type-simple"},"_links":{"self":[{"href":"https:\/\/uj.adatbank.ro\/lexikon\/wp-json\/wp\/v2\/product\/5371","targetHints":{"allow":["GET"]}}],"collection":[{"href":"https:\/\/uj.adatbank.ro\/lexikon\/wp-json\/wp\/v2\/product"}],"about":[{"href":"https:\/\/uj.adatbank.ro\/lexikon\/wp-json\/wp\/v2\/types\/product"}],"replies":[{"embeddable":true,"href":"https:\/\/uj.adatbank.ro\/lexikon\/wp-json\/wp\/v2\/comments?post=5371"}],"wp:attachment":[{"href":"https:\/\/uj.adatbank.ro\/lexikon\/wp-json\/wp\/v2\/media?parent=5371"}],"wp:term":[{"taxonomy":"product_brand","embeddable":true,"href":"https:\/\/uj.adatbank.ro\/lexikon\/wp-json\/wp\/v2\/product_brand?post=5371"},{"taxonomy":"product_cat","embeddable":true,"href":"https:\/\/uj.adatbank.ro\/lexikon\/wp-json\/wp\/v2\/product_cat?post=5371"},{"taxonomy":"product_tag","embeddable":true,"href":"https:\/\/uj.adatbank.ro\/lexikon\/wp-json\/wp\/v2\/product_tag?post=5371"}],"curies":[{"name":"wp","href":"https:\/\/api.w.org\/{rel}","templated":true}]}}

<p>1889. máj. 21., † Segesvár, 1953. jún. 20.: tanár, szerk. – Apja lelkész volt Vurpodon. – Szebenben az ev. gimn.-ban tanult, folytatta tanulmányait Kv.-on, Berlinben, Zürichben, ismét Kv.-on (1907–11) és itt doktorált (1912). Köhalmon ipariskolai rektor (1912–17). Segesváron az ev. tanítóképző tanára (1917) és igazgatója (1922–). A segesvári állami német tannyelvű pedagógiai iskola tanára (1948–). Több helyi lap, könyvsorozat szer.-je. <br /><strong>Irod.:</strong> Szabó–Simon–Szögi</br></p>

<p>1889. máj. 21., † Segesvár, 1953. jún. 20.: tanár, szerk. – Apja lelkész volt Vurpodon. – Szebenben az ev. gimn.-ban tanult, folytatta tanulmányait Kv.-on, Berlinben, Zürichben, ismét Kv.-on (1907–11) és itt doktorált (1912). Köhalmon ipariskolai rektor (1912–17). Segesváron az ev. tanítóképző tanára (1917) és igazgatója (1922–). A segesvári állami német tannyelvű pedagógiai iskola tanára (1948–). Több [&hellip;]</p>
