{"id":5372,"date":"2025-06-28T17:13:04","date_gmt":"2025-06-28T15:13:04","guid":{"rendered":"https:\/\/uj.adatbank.ro\/lexikon\/termek\/brandsch-karl-brandsch-karoly\/"},"modified":"2025-06-28T17:13:04","modified_gmt":"2025-06-28T15:13:04","slug":"brandsch-karl-brandsch-karoly","status":"publish","type":"product","link":"https:\/\/uj.adatbank.ro\/lexikon\/termek\/brandsch-karl-brandsch-karoly\/","title":{"rendered":"BRANDSCH Karl, Brandsch K\u00e1roly"},"content":{"rendered":"<p>Medgyes, 1869. okt. 30, \u2020\u00a0Segesv\u00e1r, 1953. j\u00fan. 9.: tan\u00e1r. \u2013 Apja lelk\u00e9sz Sz\u00e1szbud\u00e1n. \u2013 A gimn.-ot Medgyesen, az egyetemen a hittud. karon Kv.-on, Halleban (1887. okt. 19. \u2013), Kv.-on \u00e9s ism\u00e9t Halleban (1889. okt. 23. \u2013 1890. aug. 5.) tanult. Berlinben (1890. okt. 28. \u2013 1891. m\u00e1rc. 10.), J\u00e9n\u00e1ban (1891. m\u00e1j. 5.) teol\u00f3gi\u00e1t \u00e9s klasszika filol\u00f3gia szakot v\u00e9gzett \u00e9s tan\u00e1ri oklevelet szerzett (1893). Tan\u00edtott Nagysinken, Nagydiszn\u00f3don rektor lett (1893\u201397); lelk\u00e9sz S\u00f6v\u00e9nys\u00e9gen (1897\u2013); a segesv\u00e1ri Teutsch-gimn. tan\u00e1ra (1901. szept. 1. \u2013) nyugd\u00edjaz\u00e1s\u00e1ig. \u2013 <strong>F. m.:<\/strong> Progr. d. Bisch. Teutsch-Gymn. in Segesv\u00e1r (1907). <br \/><strong>Irod.:<\/strong> Guly\u00e1s; Szab\u00f3\u2013Simon\u2013Sz\u00f6gi<\/br><\/p>\n","protected":false},"excerpt":{"rendered":"<p>Medgyes, 1869. okt. 30, \u2020\u00a0Segesv\u00e1r, 1953. j\u00fan. 9.: tan\u00e1r. \u2013 Apja lelk\u00e9sz Sz\u00e1szbud\u00e1n. \u2013 A gimn.-ot Medgyesen, az egyetemen a hittud. karon Kv.-on, Halleban (1887. okt. 19. \u2013), Kv.-on \u00e9s ism\u00e9t Halleban (1889. okt. 23. \u2013 1890. aug. 5.) tanult. Berlinben (1890. okt. 28. \u2013 1891. m\u00e1rc. 10.), J\u00e9n\u00e1ban (1891. m\u00e1j. 5.) teol\u00f3gi\u00e1t \u00e9s klasszika [&hellip;]<\/p>\n","protected":false},"featured_media":0,"comment_status":"open","ping_status":"closed","template":"","meta":[],"product_brand":[],"product_cat":[137],"product_tag":[],"class_list":{"0":"post-5372","1":"product","2":"type-product","3":"status-publish","5":"product_cat-maros-megyei-eletrajzi-lexikon","7":"first","8":"instock","9":"shipping-taxable","10":"product-type-simple"},"_links":{"self":[{"href":"https:\/\/uj.adatbank.ro\/lexikon\/wp-json\/wp\/v2\/product\/5372","targetHints":{"allow":["GET"]}}],"collection":[{"href":"https:\/\/uj.adatbank.ro\/lexikon\/wp-json\/wp\/v2\/product"}],"about":[{"href":"https:\/\/uj.adatbank.ro\/lexikon\/wp-json\/wp\/v2\/types\/product"}],"replies":[{"embeddable":true,"href":"https:\/\/uj.adatbank.ro\/lexikon\/wp-json\/wp\/v2\/comments?post=5372"}],"wp:attachment":[{"href":"https:\/\/uj.adatbank.ro\/lexikon\/wp-json\/wp\/v2\/media?parent=5372"}],"wp:term":[{"taxonomy":"product_brand","embeddable":true,"href":"https:\/\/uj.adatbank.ro\/lexikon\/wp-json\/wp\/v2\/product_brand?post=5372"},{"taxonomy":"product_cat","embeddable":true,"href":"https:\/\/uj.adatbank.ro\/lexikon\/wp-json\/wp\/v2\/product_cat?post=5372"},{"taxonomy":"product_tag","embeddable":true,"href":"https:\/\/uj.adatbank.ro\/lexikon\/wp-json\/wp\/v2\/product_tag?post=5372"}],"curies":[{"name":"wp","href":"https:\/\/api.w.org\/{rel}","templated":true}]}}

BRANDSCH Karl, Brandsch Károly

<p>Medgyes, 1869. okt. 30, † Segesvár, 1953. jún. 9.: tanár. – Apja lelkész Szászbudán. – A gimn.-ot Medgyesen, az egyetemen a hittud. karon Kv.-on, Halleban (1887. okt. 19. –), Kv.-on és ismét Halleban (1889. okt. 23. – 1890. aug. 5.) tanult. Berlinben (1890. okt. 28. – 1891. márc. 10.), Jénában (1891. máj. 5.) teológiát és klasszika filológia szakot végzett és tanári oklevelet szerzett (1893). Tanított Nagysinken, Nagydisznódon rektor lett (1893–97); lelkész Sövénységen (1897–); a segesvári Teutsch-gimn. tanára (1901. szept. 1. –) nyugdíjazásáig. – <strong>F. m.:</strong> Progr. d. Bisch. Teutsch-Gymn. in Segesvár (1907). <br /><strong>Irod.:</strong> Gulyás; Szabó–Simon–Szögi</br></p>

<p>Medgyes, 1869. okt. 30, † Segesvár, 1953. jún. 9.: tanár. – Apja lelkész Szászbudán. – A gimn.-ot Medgyesen, az egyetemen a hittud. karon Kv.-on, Halleban (1887. okt. 19. –), Kv.-on és ismét Halleban (1889. okt. 23. – 1890. aug. 5.) tanult. Berlinben (1890. okt. 28. – 1891. márc. 10.), Jénában (1891. máj. 5.) teológiát és klasszika [&hellip;]</p>
