{"id":5378,"date":"2025-06-28T17:13:16","date_gmt":"2025-06-28T15:13:16","guid":{"rendered":"https:\/\/uj.adatbank.ro\/lexikon\/termek\/branea-gavrila\/"},"modified":"2025-06-28T17:13:16","modified_gmt":"2025-06-28T15:13:16","slug":"branea-gavrila","status":"publish","type":"product","link":"https:\/\/uj.adatbank.ro\/lexikon\/termek\/branea-gavrila\/","title":{"rendered":"BRANEA Gavril\u0103"},"content":{"rendered":"<p>? \u2020\u00a0? : ort. pap. \u2013 Idecspatakon szolg\u00e1lt. Abban az id\u0151ben a pap a gyermekek tan\u00edt\u00e1s\u00e1t is v\u00e9gezte. K\u00e9rv\u00e9nyt ny\u00fajtott be a szebeni konziszt\u00f3riumhoz, amelyben anyagi t\u00e1mogat\u00e1st k\u00e9rt az iskol\u00e1nak \u00e9s taner\u0151i fizet\u00e9st (1852). K\u00e9r\u00e9se v\u00e1lasz n\u00e9lk\u00fcl maradt. Beszolg\u00e1l\u00f3 lelk\u00e9sz volt Abaf\u00e1j\u00e1n (1875\u201388). <br \/><strong>Irod.:<\/strong> Abaf\u00e1ja; Chiorean<\/br><\/p>\n","protected":false},"excerpt":{"rendered":"<p>? \u2020\u00a0? : ort. pap. \u2013 Idecspatakon szolg\u00e1lt. Abban az id\u0151ben a pap a gyermekek tan\u00edt\u00e1s\u00e1t is v\u00e9gezte. K\u00e9rv\u00e9nyt ny\u00fajtott be a szebeni konziszt\u00f3riumhoz, amelyben anyagi t\u00e1mogat\u00e1st k\u00e9rt az iskol\u00e1nak \u00e9s taner\u0151i fizet\u00e9st (1852). K\u00e9r\u00e9se v\u00e1lasz n\u00e9lk\u00fcl maradt. Beszolg\u00e1l\u00f3 lelk\u00e9sz volt Abaf\u00e1j\u00e1n (1875\u201388). Irod.: Abaf\u00e1ja; Chiorean<\/p>\n","protected":false},"featured_media":0,"comment_status":"open","ping_status":"closed","template":"","meta":[],"product_brand":[],"product_cat":[137],"product_tag":[],"class_list":{"0":"post-5378","1":"product","2":"type-product","3":"status-publish","5":"product_cat-maros-megyei-eletrajzi-lexikon","7":"first","8":"instock","9":"shipping-taxable","10":"product-type-simple"},"_links":{"self":[{"href":"https:\/\/uj.adatbank.ro\/lexikon\/wp-json\/wp\/v2\/product\/5378","targetHints":{"allow":["GET"]}}],"collection":[{"href":"https:\/\/uj.adatbank.ro\/lexikon\/wp-json\/wp\/v2\/product"}],"about":[{"href":"https:\/\/uj.adatbank.ro\/lexikon\/wp-json\/wp\/v2\/types\/product"}],"replies":[{"embeddable":true,"href":"https:\/\/uj.adatbank.ro\/lexikon\/wp-json\/wp\/v2\/comments?post=5378"}],"wp:attachment":[{"href":"https:\/\/uj.adatbank.ro\/lexikon\/wp-json\/wp\/v2\/media?parent=5378"}],"wp:term":[{"taxonomy":"product_brand","embeddable":true,"href":"https:\/\/uj.adatbank.ro\/lexikon\/wp-json\/wp\/v2\/product_brand?post=5378"},{"taxonomy":"product_cat","embeddable":true,"href":"https:\/\/uj.adatbank.ro\/lexikon\/wp-json\/wp\/v2\/product_cat?post=5378"},{"taxonomy":"product_tag","embeddable":true,"href":"https:\/\/uj.adatbank.ro\/lexikon\/wp-json\/wp\/v2\/product_tag?post=5378"}],"curies":[{"name":"wp","href":"https:\/\/api.w.org\/{rel}","templated":true}]}}