{"id":5387,"date":"2025-06-28T17:13:33","date_gmt":"2025-06-28T15:13:33","guid":{"rendered":"https:\/\/uj.adatbank.ro\/lexikon\/termek\/branis-ladislau-branis-laszlo\/"},"modified":"2025-06-28T17:13:33","modified_gmt":"2025-06-28T15:13:33","slug":"branis-ladislau-branis-laszlo","status":"publish","type":"product","link":"https:\/\/uj.adatbank.ro\/lexikon\/termek\/branis-ladislau-branis-laszlo\/","title":{"rendered":"BRANIS Ladislau, Br\u00e1nis L\u00e1szl\u00f3"},"content":{"rendered":"<p>1928. m\u00e1j. 25., \u2020\u00a0Mv., 1990. jan. 12.: technikus, politikus. \u2013 Tanulm\u00e1nyai: nyolc o.-os f\u00e9mipari szakiskola, V. I. Lenin K\u00f6zgazdas\u00e1gi Int\u00e9zet levelez\u0151 tagozata. \u00c1ltal\u00e1nos k\u00f6zgazdas\u00e1gtan a Buk. Egyetemen. A Cs\u00edk rajoni els\u0151 titk\u00e1r (1952\u201360). Mv.-en a tartom\u00e1nyi P\u00e1rtkonferenci\u00e1n megv\u00e1lasztott vezet\u0151 test\u00fcletben a PB-b\u00fcr\u00f3 egyik tagja (1964. jan. 18\u201319), ipari titk\u00e1r (1966. j\u00fan. 18-ig). RKP KB-nak p\u00f3ttagja (1965. j\u00fal. 25. \u2013 1969. aug. 12.), a MMAT NNGY k\u00e9pvisel\u0151je (1965. m\u00e1rc. 7.), a RMP MMAT-i titk\u00e1ra (1964\u201365), a KB p\u00f3ttagja (1965. j\u00fal. 23. \u2013 1969). A tartom\u00e1nyi N\u00e9ptan\u00e1cs VB eln\u00f6ke (1967. jan, 1.). A mv.-i az IAP volt igazgat\u00f3ja. Kit\u00fcntet\u00e9se: Munka\u00e9rdemrend III. o. (1959); A RKP megalak\u00edt\u00e1s\u00e1nak 4o. \u00e9vfordul\u00f3ja \u00e9rem (1961); A mez\u0151gazdas\u00e1g kollektiv\u00edz\u00e1l\u00e1s\u00e1nak befejez\u00e9se \u00e9rem (1962); az Aug. 23. \u00e9rdemrend IV. fokozata (1964. aug. 20.); a Haza felszabad\u00edt\u00e1s\u00e1nak XX. \u00e9vfordul\u00f3ja \u00e9rem (1964); a N\u00e9pk\u00f6zt\u00e1rsas\u00e1g Csillaga IV. fokozat (1965. j\u00fal. 14.) <br \/><strong>Irod.:<\/strong> Aranykorszak; Cri\u015fan; Id\u0151t\u00e1r 4.; Membrii C. C. al P. C. R; [Nekrol\u00f3g] (N\u00fa., 1990. jan. 13.)<\/br><\/p>\n","protected":false},"excerpt":{"rendered":"<p>1928. m\u00e1j. 25., \u2020\u00a0Mv., 1990. jan. 12.: technikus, politikus. \u2013 Tanulm\u00e1nyai: nyolc o.-os f\u00e9mipari szakiskola, V. I. Lenin K\u00f6zgazdas\u00e1gi Int\u00e9zet levelez\u0151 tagozata. \u00c1ltal\u00e1nos k\u00f6zgazdas\u00e1gtan a Buk. Egyetemen. A Cs\u00edk rajoni els\u0151 titk\u00e1r (1952\u201360). Mv.-en a tartom\u00e1nyi P\u00e1rtkonferenci\u00e1n megv\u00e1lasztott vezet\u0151 test\u00fcletben a PB-b\u00fcr\u00f3 egyik tagja (1964. jan. 18\u201319), ipari titk\u00e1r (1966. j\u00fan. 18-ig). RKP KB-nak p\u00f3ttagja [&hellip;]<\/p>\n","protected":false},"featured_media":0,"comment_status":"open","ping_status":"closed","template":"","meta":[],"product_brand":[],"product_cat":[137],"product_tag":[],"class_list":{"0":"post-5387","1":"product","2":"type-product","3":"status-publish","5":"product_cat-maros-megyei-eletrajzi-lexikon","7":"first","8":"instock","9":"shipping-taxable","10":"product-type-simple"},"_links":{"self":[{"href":"https:\/\/uj.adatbank.ro\/lexikon\/wp-json\/wp\/v2\/product\/5387","targetHints":{"allow":["GET"]}}],"collection":[{"href":"https:\/\/uj.adatbank.ro\/lexikon\/wp-json\/wp\/v2\/product"}],"about":[{"href":"https:\/\/uj.adatbank.ro\/lexikon\/wp-json\/wp\/v2\/types\/product"}],"replies":[{"embeddable":true,"href":"https:\/\/uj.adatbank.ro\/lexikon\/wp-json\/wp\/v2\/comments?post=5387"}],"wp:attachment":[{"href":"https:\/\/uj.adatbank.ro\/lexikon\/wp-json\/wp\/v2\/media?parent=5387"}],"wp:term":[{"taxonomy":"product_brand","embeddable":true,"href":"https:\/\/uj.adatbank.ro\/lexikon\/wp-json\/wp\/v2\/product_brand?post=5387"},{"taxonomy":"product_cat","embeddable":true,"href":"https:\/\/uj.adatbank.ro\/lexikon\/wp-json\/wp\/v2\/product_cat?post=5387"},{"taxonomy":"product_tag","embeddable":true,"href":"https:\/\/uj.adatbank.ro\/lexikon\/wp-json\/wp\/v2\/product_tag?post=5387"}],"curies":[{"name":"wp","href":"https:\/\/api.w.org\/{rel}","templated":true}]}}

BRANIS Ladislau, Bránis László

<p>1928. máj. 25., † Mv., 1990. jan. 12.: technikus, politikus. – Tanulmányai: nyolc o.-os fémipari szakiskola, V. I. Lenin Közgazdasági Intézet levelező tagozata. Általános közgazdaságtan a Buk. Egyetemen. A Csík rajoni első titkár (1952–60). Mv.-en a tartományi Pártkonferencián megválasztott vezető testületben a PB-büró egyik tagja (1964. jan. 18–19), ipari titkár (1966. jún. 18-ig). RKP KB-nak póttagja (1965. júl. 25. – 1969. aug. 12.), a MMAT NNGY képviselője (1965. márc. 7.), a RMP MMAT-i titkára (1964–65), a KB póttagja (1965. júl. 23. – 1969). A tartományi Néptanács VB elnöke (1967. jan, 1.). A mv.-i az IAP volt igazgatója. Kitüntetése: Munkaérdemrend III. o. (1959); A RKP megalakításának 4o. évfordulója érem (1961); A mezőgazdaság kollektivízálásának befejezése érem (1962); az Aug. 23. érdemrend IV. fokozata (1964. aug. 20.); a Haza felszabadításának XX. évfordulója érem (1964); a Népköztársaság Csillaga IV. fokozat (1965. júl. 14.) <br /><strong>Irod.:</strong> Aranykorszak; Crişan; Időtár 4.; Membrii C. C. al P. C. R; [Nekrológ] (Nú., 1990. jan. 13.)</br></p>

<p>1928. máj. 25., † Mv., 1990. jan. 12.: technikus, politikus. – Tanulmányai: nyolc o.-os fémipari szakiskola, V. I. Lenin Közgazdasági Intézet levelező tagozata. Általános közgazdaságtan a Buk. Egyetemen. A Csík rajoni első titkár (1952–60). Mv.-en a tartományi Pártkonferencián megválasztott vezető testületben a PB-büró egyik tagja (1964. jan. 18–19), ipari titkár (1966. jún. 18-ig). RKP KB-nak póttagja [&hellip;]</p>
