{"id":5394,"date":"2025-06-28T17:13:47","date_gmt":"2025-06-28T15:13:47","guid":{"rendered":"https:\/\/uj.adatbank.ro\/lexikon\/termek\/brassai-jozsef-brassay-jozsef\/"},"modified":"2025-06-28T17:13:47","modified_gmt":"2025-06-28T15:13:47","slug":"brassai-jozsef-brassay-jozsef","status":"publish","type":"product","link":"https:\/\/uj.adatbank.ro\/lexikon\/termek\/brassai-jozsef-brassay-jozsef\/","title":{"rendered":"BRASSAI J\u00f3zsef, Brassay J\u00f3zsef"},"content":{"rendered":"<p>1905, ? \u2020\u00a0Mv., 1992. m\u00e1rc. 16.: v\u00e1rosi m\u0171szaki tisztvisel\u0151, labdar\u00fag\u00f3. \u2013 Az MSE labdar\u00fag\u00f3jak\u00e9nt kezde meg sportszerepl\u00e9s\u00e9t (1918), majd a Vasutas csapatban folytatta (1924\u2013). K\u00e9tszer volt ligav\u00e1logatott, \u00e9veken \u00e1t t\u00f6bb alkalommal v\u00e1rosk\u00f6zi v\u00e1logatott. A mv.-i A oszt\u00e1lyos labdar\u00fag\u00f3 csapat tagja (1920\u201330). T\u00f6bb m\u00e9rk\u0151z\u00e9st rendezett a magyar sport fejleszt\u00e9se \u00e9rdek\u00e9ben (1940\u2013). Az MSE v\u00e1lasztm\u00e1nyi tagja \u00e9s j\u00e1t\u00e9kvezet\u0151je volt. <br \/><strong>Irod.:<\/strong> [Nekrol\u00f3g] (N\u00fa., 1992. m\u00e1rc. 17.); Pluh\u00e1r<\/br><\/p>\n","protected":false},"excerpt":{"rendered":"<p>1905, ? \u2020\u00a0Mv., 1992. m\u00e1rc. 16.: v\u00e1rosi m\u0171szaki tisztvisel\u0151, labdar\u00fag\u00f3. \u2013 Az MSE labdar\u00fag\u00f3jak\u00e9nt kezde meg sportszerepl\u00e9s\u00e9t (1918), majd a Vasutas csapatban folytatta (1924\u2013). K\u00e9tszer volt ligav\u00e1logatott, \u00e9veken \u00e1t t\u00f6bb alkalommal v\u00e1rosk\u00f6zi v\u00e1logatott. A mv.-i A oszt\u00e1lyos labdar\u00fag\u00f3 csapat tagja (1920\u201330). T\u00f6bb m\u00e9rk\u0151z\u00e9st rendezett a magyar sport fejleszt\u00e9se \u00e9rdek\u00e9ben (1940\u2013). Az MSE v\u00e1lasztm\u00e1nyi tagja \u00e9s [&hellip;]<\/p>\n","protected":false},"featured_media":0,"comment_status":"open","ping_status":"closed","template":"","meta":[],"product_brand":[],"product_cat":[137],"product_tag":[],"class_list":{"0":"post-5394","1":"product","2":"type-product","3":"status-publish","5":"product_cat-maros-megyei-eletrajzi-lexikon","7":"first","8":"instock","9":"shipping-taxable","10":"product-type-simple"},"_links":{"self":[{"href":"https:\/\/uj.adatbank.ro\/lexikon\/wp-json\/wp\/v2\/product\/5394","targetHints":{"allow":["GET"]}}],"collection":[{"href":"https:\/\/uj.adatbank.ro\/lexikon\/wp-json\/wp\/v2\/product"}],"about":[{"href":"https:\/\/uj.adatbank.ro\/lexikon\/wp-json\/wp\/v2\/types\/product"}],"replies":[{"embeddable":true,"href":"https:\/\/uj.adatbank.ro\/lexikon\/wp-json\/wp\/v2\/comments?post=5394"}],"wp:attachment":[{"href":"https:\/\/uj.adatbank.ro\/lexikon\/wp-json\/wp\/v2\/media?parent=5394"}],"wp:term":[{"taxonomy":"product_brand","embeddable":true,"href":"https:\/\/uj.adatbank.ro\/lexikon\/wp-json\/wp\/v2\/product_brand?post=5394"},{"taxonomy":"product_cat","embeddable":true,"href":"https:\/\/uj.adatbank.ro\/lexikon\/wp-json\/wp\/v2\/product_cat?post=5394"},{"taxonomy":"product_tag","embeddable":true,"href":"https:\/\/uj.adatbank.ro\/lexikon\/wp-json\/wp\/v2\/product_tag?post=5394"}],"curies":[{"name":"wp","href":"https:\/\/api.w.org\/{rel}","templated":true}]}}

BRASSAI József, Brassay József

<p>1905, ? † Mv., 1992. márc. 16.: városi műszaki tisztviselő, labdarúgó. – Az MSE labdarúgójaként kezde meg sportszereplését (1918), majd a Vasutas csapatban folytatta (1924–). Kétszer volt ligaválogatott, éveken át több alkalommal városközi válogatott. A mv.-i A osztályos labdarúgó csapat tagja (1920–30). Több mérkőzést rendezett a magyar sport fejlesztése érdekében (1940–). Az MSE választmányi tagja és játékvezetője volt. <br /><strong>Irod.:</strong> [Nekrológ] (Nú., 1992. márc. 17.); Pluhár</br></p>

<p>1905, ? † Mv., 1992. márc. 16.: városi műszaki tisztviselő, labdarúgó. – Az MSE labdarúgójaként kezde meg sportszereplését (1918), majd a Vasutas csapatban folytatta (1924–). Kétszer volt ligaválogatott, éveken át több alkalommal városközi válogatott. A mv.-i A osztályos labdarúgó csapat tagja (1920–30). Több mérkőzést rendezett a magyar sport fejlesztése érdekében (1940–). Az MSE választmányi tagja és [&hellip;]</p>
