{"id":5396,"date":"2025-06-28T17:13:50","date_gmt":"2025-06-28T15:13:50","guid":{"rendered":"https:\/\/uj.adatbank.ro\/lexikon\/termek\/brassai-zoltan-bela\/"},"modified":"2025-06-28T17:13:50","modified_gmt":"2025-06-28T15:13:50","slug":"brassai-zoltan-bela","status":"publish","type":"product","link":"https:\/\/uj.adatbank.ro\/lexikon\/termek\/brassai-zoltan-bela\/","title":{"rendered":"BRASSAI Zolt\u00e1n B\u00e9la"},"content":{"rendered":"<p>Mv., 1935. m\u00e1rc. 27., \u2020 ?: orvos, dr. egyetemi tan\u00e1r, akad\u00e9mikus., szak\u00edr\u00f3. \u2013 Sz\u00fclei. Mikl\u00f3s, p\u00e9nz\u00fcgyi f\u0151ellen\u0151r \u00e9s M\u00e1ria, f\u0151k\u00f6nyvel\u0151. Feles\u00e9ge. Dar\u00f3czy Erzs\u00e9bet, orvos. \u2013 Gyermekeik: Attila (1961), orvos, Zolt\u00e1n (1962) m\u00e9rn\u00f6k, Erzs\u00e9bet (1969) gy\u00f3gyszer\u00e9sz. \u2013 Mv.-en a 2. sz. Magyar Fi\u00falic.-ban \u00e9retts\u00e9gizett. A MOGYI orvos kar\u00e1n v\u00e9gzett (1958). Munkahelyei: Gyulakuta Rajoni k\u00f3rh\u00e1z, Sz\u00e1szr\u00e9gen Poliklinika, II. sz. Belklinika, a MOGYI klinik\u00e1kon internk\u00e9nt dolgozott, belgy\u00f3gy\u00e1sz alorvos (1961\u201364). Az orvostudom\u00e1nyok doktora. (1979). A MOGYI-n tan\u00edtott, majd tansz\u00e9kvezet\u0151 egyetemi tan\u00e1r, az V. Belgy\u00f3gy\u00e1szati klinika vezet\u0151je, az orvosi kar d\u00e9k\u00e1nja, professor emeritus Genersich d\u00edj (2005). <br \/><strong>Irod.:<\/strong> Bodolai Gy\u00f6ngyi: Pr\u00f3f\u00e9ta a saj\u00e1t haz\u00e1j\u00e1ban (N\u00fa., 2015. \u00e1pr. 9.); D\u00edjazottaink; EMKK 2010, Genersich Alap; Magy kutat\u00f3k;. MOGYE<\/br><\/p>\n","protected":false},"excerpt":{"rendered":"<p>Mv., 1935. m\u00e1rc. 27., \u2020 ?: orvos, dr. egyetemi tan\u00e1r, akad\u00e9mikus., szak\u00edr\u00f3. \u2013 Sz\u00fclei. Mikl\u00f3s, p\u00e9nz\u00fcgyi f\u0151ellen\u0151r \u00e9s M\u00e1ria, f\u0151k\u00f6nyvel\u0151. Feles\u00e9ge. Dar\u00f3czy Erzs\u00e9bet, orvos. \u2013 Gyermekeik: Attila (1961), orvos, Zolt\u00e1n (1962) m\u00e9rn\u00f6k, Erzs\u00e9bet (1969) gy\u00f3gyszer\u00e9sz. \u2013 Mv.-en a 2. sz. Magyar Fi\u00falic.-ban \u00e9retts\u00e9gizett. A MOGYI orvos kar\u00e1n v\u00e9gzett (1958). Munkahelyei: Gyulakuta Rajoni k\u00f3rh\u00e1z, Sz\u00e1szr\u00e9gen Poliklinika, [&hellip;]<\/p>\n","protected":false},"featured_media":0,"comment_status":"open","ping_status":"closed","template":"","meta":[],"product_brand":[],"product_cat":[137],"product_tag":[],"class_list":{"0":"post-5396","1":"product","2":"type-product","3":"status-publish","5":"product_cat-maros-megyei-eletrajzi-lexikon","7":"first","8":"instock","9":"shipping-taxable","10":"product-type-simple"},"_links":{"self":[{"href":"https:\/\/uj.adatbank.ro\/lexikon\/wp-json\/wp\/v2\/product\/5396","targetHints":{"allow":["GET"]}}],"collection":[{"href":"https:\/\/uj.adatbank.ro\/lexikon\/wp-json\/wp\/v2\/product"}],"about":[{"href":"https:\/\/uj.adatbank.ro\/lexikon\/wp-json\/wp\/v2\/types\/product"}],"replies":[{"embeddable":true,"href":"https:\/\/uj.adatbank.ro\/lexikon\/wp-json\/wp\/v2\/comments?post=5396"}],"wp:attachment":[{"href":"https:\/\/uj.adatbank.ro\/lexikon\/wp-json\/wp\/v2\/media?parent=5396"}],"wp:term":[{"taxonomy":"product_brand","embeddable":true,"href":"https:\/\/uj.adatbank.ro\/lexikon\/wp-json\/wp\/v2\/product_brand?post=5396"},{"taxonomy":"product_cat","embeddable":true,"href":"https:\/\/uj.adatbank.ro\/lexikon\/wp-json\/wp\/v2\/product_cat?post=5396"},{"taxonomy":"product_tag","embeddable":true,"href":"https:\/\/uj.adatbank.ro\/lexikon\/wp-json\/wp\/v2\/product_tag?post=5396"}],"curies":[{"name":"wp","href":"https:\/\/api.w.org\/{rel}","templated":true}]}}

BRASSAI Zoltán Béla

<p>Mv., 1935. márc. 27., † ?: orvos, dr. egyetemi tanár, akadémikus., szakíró. – Szülei. Miklós, pénzügyi főellenőr és Mária, főkönyvelő. Felesége. Daróczy Erzsébet, orvos. – Gyermekeik: Attila (1961), orvos, Zoltán (1962) mérnök, Erzsébet (1969) gyógyszerész. – Mv.-en a 2. sz. Magyar Fiúlic.-ban érettségizett. A MOGYI orvos karán végzett (1958). Munkahelyei: Gyulakuta Rajoni kórház, Szászrégen Poliklinika, II. sz. Belklinika, a MOGYI klinikákon internként dolgozott, belgyógyász alorvos (1961–64). Az orvostudományok doktora. (1979). A MOGYI-n tanított, majd tanszékvezető egyetemi tanár, az V. Belgyógyászati klinika vezetője, az orvosi kar dékánja, professor emeritus Genersich díj (2005). <br /><strong>Irod.:</strong> Bodolai Gyöngyi: Próféta a saját hazájában (Nú., 2015. ápr. 9.); Díjazottaink; EMKK 2010, Genersich Alap; Magy kutatók;. MOGYE</br></p>

<p>Mv., 1935. márc. 27., † ?: orvos, dr. egyetemi tanár, akadémikus., szakíró. – Szülei. Miklós, pénzügyi főellenőr és Mária, főkönyvelő. Felesége. Daróczy Erzsébet, orvos. – Gyermekeik: Attila (1961), orvos, Zoltán (1962) mérnök, Erzsébet (1969) gyógyszerész. – Mv.-en a 2. sz. Magyar Fiúlic.-ban érettségizett. A MOGYI orvos karán végzett (1958). Munkahelyei: Gyulakuta Rajoni kórház, Szászrégen Poliklinika, [&hellip;]</p>
