{"id":5397,"date":"2025-06-28T17:13:51","date_gmt":"2025-06-28T15:13:51","guid":{"rendered":"https:\/\/uj.adatbank.ro\/lexikon\/termek\/brassay-doczi-rozalia-doczi-rozalia-b-doczi-rozalia\/"},"modified":"2025-06-28T17:13:51","modified_gmt":"2025-06-28T15:13:51","slug":"brassay-doczi-rozalia-doczi-rozalia-b-doczi-rozalia","status":"publish","type":"product","link":"https:\/\/uj.adatbank.ro\/lexikon\/termek\/brassay-doczi-rozalia-doczi-rozalia-b-doczi-rozalia\/","title":{"rendered":"BRASSAY D\u00d3CZI Roz\u00e1lia; D\u00f3czi Roz\u00e1lia; B. D\u00f3czi Roz\u00e1lia"},"content":{"rendered":"<p>Mv., 1920. dec. 4., \u2020 Mv., ?: fest\u0151m\u0171v\u00e9sz. \u2013 D\u00f3czi Gy\u00f6rgy vasutas \u00e9s Bodoni Zsuzsanna le\u00e1nya. F\u00e9rje: B. S\u00e1ndor \u00e9p\u00edt\u00e9sztechnikus. \u2013 Tanult a mv.-i \u00e1llami n\u00e9pi iskol\u00e1ban (1927\u201331), a Ref. Le\u00e1nygimn.-ban (1931\u201336); a mv.-i V\u00e1rosi Szabad Fest\u0151iskol\u00e1ban Aurel Ciupe (1936\u201337), majd Bordi Andr\u00e1s (1940\u201343) tan\u00edtv\u00e1nya. A Rom\u00e1n K\u00e9pz\u0151m\u0171v\u00e9szeti Sz\u00f6vets\u00e9g \u00e9s a K\u00e9pz\u0151m\u0171v\u00e9szeti Alap tagja (1953\u201378). Ki\u00e1ll\u00edt\u00e1sai\u00a0voltak megyei \u00e9s orsz\u00e1gos szint\u0171 t\u00e1rlatokon (1940\u201374). <br \/><strong>Irod.:<\/strong> 20. sz.-i k\u00e9pz\u0151m\u0171v\u00e9szet; Banner; KKACs; Kusz\u00e1lik; Moln\u00e1r<br \/><strong>Irod.:<\/strong> Makkai J\u00e1nos: Mi foglalkoztatja a biok\u00e9mikust\u00a0? (V. Z., 1988. nov. 6); N\u00fa., 2020. szept. 25.<\/br><\/p>\n","protected":false},"excerpt":{"rendered":"<p>Mv., 1920. dec. 4., \u2020 Mv., ?: fest\u0151m\u0171v\u00e9sz. \u2013 D\u00f3czi Gy\u00f6rgy vasutas \u00e9s Bodoni Zsuzsanna le\u00e1nya. F\u00e9rje: B. S\u00e1ndor \u00e9p\u00edt\u00e9sztechnikus. \u2013 Tanult a mv.-i \u00e1llami n\u00e9pi iskol\u00e1ban (1927\u201331), a Ref. Le\u00e1nygimn.-ban (1931\u201336); a mv.-i V\u00e1rosi Szabad Fest\u0151iskol\u00e1ban Aurel Ciupe (1936\u201337), majd Bordi Andr\u00e1s (1940\u201343) tan\u00edtv\u00e1nya. A Rom\u00e1n K\u00e9pz\u0151m\u0171v\u00e9szeti Sz\u00f6vets\u00e9g \u00e9s a K\u00e9pz\u0151m\u0171v\u00e9szeti Alap tagja (1953\u201378). [&hellip;]<\/p>\n","protected":false},"featured_media":0,"comment_status":"open","ping_status":"closed","template":"","meta":[],"product_brand":[],"product_cat":[137],"product_tag":[],"class_list":{"0":"post-5397","1":"product","2":"type-product","3":"status-publish","5":"product_cat-maros-megyei-eletrajzi-lexikon","7":"first","8":"instock","9":"shipping-taxable","10":"product-type-simple"},"_links":{"self":[{"href":"https:\/\/uj.adatbank.ro\/lexikon\/wp-json\/wp\/v2\/product\/5397","targetHints":{"allow":["GET"]}}],"collection":[{"href":"https:\/\/uj.adatbank.ro\/lexikon\/wp-json\/wp\/v2\/product"}],"about":[{"href":"https:\/\/uj.adatbank.ro\/lexikon\/wp-json\/wp\/v2\/types\/product"}],"replies":[{"embeddable":true,"href":"https:\/\/uj.adatbank.ro\/lexikon\/wp-json\/wp\/v2\/comments?post=5397"}],"wp:attachment":[{"href":"https:\/\/uj.adatbank.ro\/lexikon\/wp-json\/wp\/v2\/media?parent=5397"}],"wp:term":[{"taxonomy":"product_brand","embeddable":true,"href":"https:\/\/uj.adatbank.ro\/lexikon\/wp-json\/wp\/v2\/product_brand?post=5397"},{"taxonomy":"product_cat","embeddable":true,"href":"https:\/\/uj.adatbank.ro\/lexikon\/wp-json\/wp\/v2\/product_cat?post=5397"},{"taxonomy":"product_tag","embeddable":true,"href":"https:\/\/uj.adatbank.ro\/lexikon\/wp-json\/wp\/v2\/product_tag?post=5397"}],"curies":[{"name":"wp","href":"https:\/\/api.w.org\/{rel}","templated":true}]}}

BRASSAY DÓCZI Rozália; Dóczi Rozália; B. Dóczi Rozália

<p>Mv., 1920. dec. 4., † Mv., ?: festőművész. – Dóczi György vasutas és Bodoni Zsuzsanna leánya. Férje: B. Sándor építésztechnikus. – Tanult a mv.-i állami népi iskolában (1927–31), a Ref. Leánygimn.-ban (1931–36); a mv.-i Városi Szabad Festőiskolában Aurel Ciupe (1936–37), majd Bordi András (1940–43) tanítványa. A Román Képzőművészeti Szövetség és a Képzőművészeti Alap tagja (1953–78). Kiállításai voltak megyei és országos szintű tárlatokon (1940–74). <br /><strong>Irod.:</strong> 20. sz.-i képzőművészet; Banner; KKACs; Kuszálik; Molnár<br /><strong>Irod.:</strong> Makkai János: Mi foglalkoztatja a biokémikust ? (V. Z., 1988. nov. 6); Nú., 2020. szept. 25.</br></p>

<p>Mv., 1920. dec. 4., † Mv., ?: festőművész. – Dóczi György vasutas és Bodoni Zsuzsanna leánya. Férje: B. Sándor építésztechnikus. – Tanult a mv.-i állami népi iskolában (1927–31), a Ref. Leánygimn.-ban (1931–36); a mv.-i Városi Szabad Festőiskolában Aurel Ciupe (1936–37), majd Bordi András (1940–43) tanítványa. A Román Képzőművészeti Szövetség és a Képzőművészeti Alap tagja (1953–78). [&hellip;]</p>
