{"id":5398,"date":"2025-06-28T17:13:53","date_gmt":"2025-06-28T15:13:53","guid":{"rendered":"https:\/\/uj.adatbank.ro\/lexikon\/termek\/brassay-sandor-%c2%a7\/"},"modified":"2025-06-28T17:13:53","modified_gmt":"2025-06-28T15:13:53","slug":"brassay-sandor-%c2%a7","status":"publish","type":"product","link":"https:\/\/uj.adatbank.ro\/lexikon\/termek\/brassay-sandor-%c2%a7\/","title":{"rendered":"BRASSAY S\u00e1ndor, \u00a7"},"content":{"rendered":"<p>? \u2020 ? : \u00e9p\u00edt\u00e9sz. \u2013 B\u00e1nyafelm\u00e9r\u0151, \u00e9p\u00edt\u00e9sz. A mv.- i N\u00e9ptan\u00e1cs v\u00e1rosrend\u00e9szeti oszt\u00e1ly\u00e1n dolgozott \u00e9vt\u00edzedeken kereszt\u00fcl. T\u00e1rsszerz\u0151je a Mv. t\u00e9rk\u00e9p\u00e9nek elk\u00e9sz\u00edt\u00e9s\u00e9ben, a balesetmegel\u0151z\u00e9sr\u0151l k\u00e9sz\u00fclt orsz\u00e1gosan els\u0151 keskenyfilmje (1962). Nagy fot\u00f3gy\u0171jtem\u00e9ny\u00e9ben Mv. minden nevezetesebb \u00e9p\u00fclet\u00e9t meg\u00f6r\u00f6k\u00edtette. <br \/><strong>Irod.:<\/strong> Gy\u00e1rf\u00e1s 2013; Gy\u00e1rf\u00e1s L. Mikl\u00f3s: B. S. (V. Z., 1980. nov. 16.)<\/br><\/p>\n","protected":false},"excerpt":{"rendered":"<p>? \u2020 ? : \u00e9p\u00edt\u00e9sz. \u2013 B\u00e1nyafelm\u00e9r\u0151, \u00e9p\u00edt\u00e9sz. A mv.- i N\u00e9ptan\u00e1cs v\u00e1rosrend\u00e9szeti oszt\u00e1ly\u00e1n dolgozott \u00e9vt\u00edzedeken kereszt\u00fcl. T\u00e1rsszerz\u0151je a Mv. t\u00e9rk\u00e9p\u00e9nek elk\u00e9sz\u00edt\u00e9s\u00e9ben, a balesetmegel\u0151z\u00e9sr\u0151l k\u00e9sz\u00fclt orsz\u00e1gosan els\u0151 keskenyfilmje (1962). Nagy fot\u00f3gy\u0171jtem\u00e9ny\u00e9ben Mv. minden nevezetesebb \u00e9p\u00fclet\u00e9t meg\u00f6r\u00f6k\u00edtette. Irod.: Gy\u00e1rf\u00e1s 2013; Gy\u00e1rf\u00e1s L. Mikl\u00f3s: B. S. (V. Z., 1980. nov. 16.)<\/p>\n","protected":false},"featured_media":0,"comment_status":"open","ping_status":"closed","template":"","meta":[],"product_brand":[],"product_cat":[137],"product_tag":[],"class_list":{"0":"post-5398","1":"product","2":"type-product","3":"status-publish","5":"product_cat-maros-megyei-eletrajzi-lexikon","7":"first","8":"instock","9":"shipping-taxable","10":"product-type-simple"},"_links":{"self":[{"href":"https:\/\/uj.adatbank.ro\/lexikon\/wp-json\/wp\/v2\/product\/5398","targetHints":{"allow":["GET"]}}],"collection":[{"href":"https:\/\/uj.adatbank.ro\/lexikon\/wp-json\/wp\/v2\/product"}],"about":[{"href":"https:\/\/uj.adatbank.ro\/lexikon\/wp-json\/wp\/v2\/types\/product"}],"replies":[{"embeddable":true,"href":"https:\/\/uj.adatbank.ro\/lexikon\/wp-json\/wp\/v2\/comments?post=5398"}],"wp:attachment":[{"href":"https:\/\/uj.adatbank.ro\/lexikon\/wp-json\/wp\/v2\/media?parent=5398"}],"wp:term":[{"taxonomy":"product_brand","embeddable":true,"href":"https:\/\/uj.adatbank.ro\/lexikon\/wp-json\/wp\/v2\/product_brand?post=5398"},{"taxonomy":"product_cat","embeddable":true,"href":"https:\/\/uj.adatbank.ro\/lexikon\/wp-json\/wp\/v2\/product_cat?post=5398"},{"taxonomy":"product_tag","embeddable":true,"href":"https:\/\/uj.adatbank.ro\/lexikon\/wp-json\/wp\/v2\/product_tag?post=5398"}],"curies":[{"name":"wp","href":"https:\/\/api.w.org\/{rel}","templated":true}]}}

BRASSAY Sándor, §

<p>? † ? : építész. – Bányafelmérő, építész. A mv.- i Néptanács városrendészeti osztályán dolgozott évtízedeken keresztül. Társszerzője a Mv. térképének elkészítésében, a balesetmegelőzésről készült országosan első keskenyfilmje (1962). Nagy fotógyűjteményében Mv. minden nevezetesebb épületét megörökítette. <br /><strong>Irod.:</strong> Gyárfás 2013; Gyárfás L. Miklós: B. S. (V. Z., 1980. nov. 16.)</br></p>

<p>? † ? : építész. – Bányafelmérő, építész. A mv.- i Néptanács városrendészeti osztályán dolgozott évtízedeken keresztül. Társszerzője a Mv. térképének elkészítésében, a balesetmegelőzésről készült országosan első keskenyfilmje (1962). Nagy fotógyűjteményében Mv. minden nevezetesebb épületét megörökítette. Irod.: Gyárfás 2013; Gyárfás L. Miklós: B. S. (V. Z., 1980. nov. 16.)</p>
