{"id":5401,"date":"2025-06-28T17:14:00","date_gmt":"2025-06-28T15:14:00","guid":{"rendered":"https:\/\/uj.adatbank.ro\/lexikon\/termek\/brateanu-mihai\/"},"modified":"2025-06-28T17:14:00","modified_gmt":"2025-06-28T15:14:00","slug":"brateanu-mihai","status":"publish","type":"product","link":"https:\/\/uj.adatbank.ro\/lexikon\/termek\/brateanu-mihai\/","title":{"rendered":"BR\u0102TEANU Mihai"},"content":{"rendered":"<p>? \u2020 ?: ort. pap. \u2013 Oroszidecsen (1873\u201325) \u00e9s k\u00f6zben G\u00f6rg\u00e9nys\u00f3akn\u00e1n is ell\u00e1tta az ort. lelk\u00e9szi teend\u0151ket (1883\u201385). <br \/><strong>Irod.:<\/strong> Reghin, Protopopiat BUC\u015eA Victor Vasile, \u00a7 *Kisszentl\u0151rinc, 1886. szept. 12., \u2020 Temesv\u00e1r, 1973. j\u00fal. 17.: tan\u00edt\u00f3. \u2013 A tan\u00edt\u00f3k\u00e9pz\u0151t Bal\u00e1zsfalv\u00e1n v\u00e9gezte. G\u00f6rg\u00e9nyoroszfaluban (1906-09) \u00e9s Szentkir\u00e1lyon tan\u00edtott. Marosszentgy\u00f6rgyre helyezt\u00e9k igazgat\u00f3tan\u00edt\u00f3nak a Rom\u00e1n Egyh\u00e1zi Iskol\u00e1ba (1919\u2013), majd az \u00c1llami Rom\u00e1n Elemi Iskol\u00e1ba (1922. \u00e1pr. 1. \u2013). K\u00f3rust, sz\u00ednj\u00e1tsz\u00f3 csoportot alap\u00edtott. \u00daj n\u00e9gytantermes iskol\u00e1t \u00e9s tan\u00edt\u00f3i lak\u00e1st \u00e9p\u00edttetett (1928. szept. 23. avatt\u00e1k fel). Nagyenyedre k\u00f6lt\u00f6z\u00f6tt (1940\u2013), visszat\u00e9rt Mv.-re, ahol tan\u00edtott (1946\u201356). Nyugdijaz\u00e1sa ut\u00e1n Temesv\u00e1rra k\u00f6lt\u00f6z\u00f6tt. <br \/><strong>Irod.:<\/strong> Dasc\u0103li mure\u015feni, 1.; Gurghiul; Opri\u015f-Moldovan; S\u00e2ngeorgiu de Mure\u015f; S\u00e2ngeorgiu de Mure\u015f \u2013 \u015ecoala egy I., n\u00e9gy II. \u00e9s h\u00e1rom III. helyet \u00e9rtek el (1993\u201394). Igazgat\u00f3s\u00e1ga ideje alatt \u00faj\u00edtott\u00e1k fel a Papiu Lic. \u00e9p\u00fclet\u00e9t, visszaadva annak eredeti kin\u00e9z\u00e9s\u00e9t, \u00e9s korszer\u0171s\u00edt\u00e9si munk\u00e1latokat is v\u00e9geztek. <br \/><strong>Irod.:<\/strong> Bui-Borda-Opri\u015f; Dasc\u0103li mure\u015feni 5.; Papiu<\/br><\/p>\n","protected":false},"excerpt":{"rendered":"<p>? \u2020 ?: ort. pap. \u2013 Oroszidecsen (1873\u201325) \u00e9s k\u00f6zben G\u00f6rg\u00e9nys\u00f3akn\u00e1n is ell\u00e1tta az ort. lelk\u00e9szi teend\u0151ket (1883\u201385). Irod.: Reghin, Protopopiat BUC\u015eA Victor Vasile, \u00a7 *Kisszentl\u0151rinc, 1886. szept. 12., \u2020 Temesv\u00e1r, 1973. j\u00fal. 17.: tan\u00edt\u00f3. \u2013 A tan\u00edt\u00f3k\u00e9pz\u0151t Bal\u00e1zsfalv\u00e1n v\u00e9gezte. G\u00f6rg\u00e9nyoroszfaluban (1906-09) \u00e9s Szentkir\u00e1lyon tan\u00edtott. Marosszentgy\u00f6rgyre helyezt\u00e9k igazgat\u00f3tan\u00edt\u00f3nak a Rom\u00e1n Egyh\u00e1zi Iskol\u00e1ba (1919\u2013), majd az [&hellip;]<\/p>\n","protected":false},"featured_media":0,"comment_status":"open","ping_status":"closed","template":"","meta":[],"product_brand":[],"product_cat":[137],"product_tag":[],"class_list":{"0":"post-5401","1":"product","2":"type-product","3":"status-publish","5":"product_cat-maros-megyei-eletrajzi-lexikon","7":"first","8":"instock","9":"shipping-taxable","10":"product-type-simple"},"_links":{"self":[{"href":"https:\/\/uj.adatbank.ro\/lexikon\/wp-json\/wp\/v2\/product\/5401","targetHints":{"allow":["GET"]}}],"collection":[{"href":"https:\/\/uj.adatbank.ro\/lexikon\/wp-json\/wp\/v2\/product"}],"about":[{"href":"https:\/\/uj.adatbank.ro\/lexikon\/wp-json\/wp\/v2\/types\/product"}],"replies":[{"embeddable":true,"href":"https:\/\/uj.adatbank.ro\/lexikon\/wp-json\/wp\/v2\/comments?post=5401"}],"wp:attachment":[{"href":"https:\/\/uj.adatbank.ro\/lexikon\/wp-json\/wp\/v2\/media?parent=5401"}],"wp:term":[{"taxonomy":"product_brand","embeddable":true,"href":"https:\/\/uj.adatbank.ro\/lexikon\/wp-json\/wp\/v2\/product_brand?post=5401"},{"taxonomy":"product_cat","embeddable":true,"href":"https:\/\/uj.adatbank.ro\/lexikon\/wp-json\/wp\/v2\/product_cat?post=5401"},{"taxonomy":"product_tag","embeddable":true,"href":"https:\/\/uj.adatbank.ro\/lexikon\/wp-json\/wp\/v2\/product_tag?post=5401"}],"curies":[{"name":"wp","href":"https:\/\/api.w.org\/{rel}","templated":true}]}}

BRĂTEANU Mihai

<p>? † ?: ort. pap. – Oroszidecsen (1873–25) és közben Görgénysóaknán is ellátta az ort. lelkészi teendőket (1883–85). <br /><strong>Irod.:</strong> Reghin, Protopopiat BUCŞA Victor Vasile, § *Kisszentlőrinc, 1886. szept. 12., † Temesvár, 1973. júl. 17.: tanító. – A tanítóképzőt Balázsfalván végezte. Görgényoroszfaluban (1906-09) és Szentkirályon tanított. Marosszentgyörgyre helyezték igazgatótanítónak a Román Egyházi Iskolába (1919–), majd az Állami Román Elemi Iskolába (1922. ápr. 1. –). Kórust, színjátszó csoportot alapított. Új négytantermes iskolát és tanítói lakást építtetett (1928. szept. 23. avatták fel). Nagyenyedre költözött (1940–), visszatért Mv.-re, ahol tanított (1946–56). Nyugdijazása után Temesvárra költözött. <br /><strong>Irod.:</strong> Dascăli mureşeni, 1.; Gurghiul; Opriş-Moldovan; Sângeorgiu de Mureş; Sângeorgiu de Mureş – Şcoala egy I., négy II. és három III. helyet értek el (1993–94). Igazgatósága ideje alatt újították fel a Papiu Lic. épületét, visszaadva annak eredeti kinézését, és korszerűsítési munkálatokat is végeztek. <br /><strong>Irod.:</strong> Bui-Borda-Opriş; Dascăli mureşeni 5.; Papiu</br></p>

<p>? † ?: ort. pap. – Oroszidecsen (1873–25) és közben Görgénysóaknán is ellátta az ort. lelkészi teendőket (1883–85). Irod.: Reghin, Protopopiat BUCŞA Victor Vasile, § *Kisszentlőrinc, 1886. szept. 12., † Temesvár, 1973. júl. 17.: tanító. – A tanítóképzőt Balázsfalván végezte. Görgényoroszfaluban (1906-09) és Szentkirályon tanított. Marosszentgyörgyre helyezték igazgatótanítónak a Román Egyházi Iskolába (1919–), majd az [&hellip;]</p>
