{"id":5404,"date":"2025-06-28T17:14:12","date_gmt":"2025-06-28T15:14:12","guid":{"rendered":"https:\/\/uj.adatbank.ro\/lexikon\/termek\/braun-gyula\/"},"modified":"2025-06-28T17:14:12","modified_gmt":"2025-06-28T15:14:12","slug":"braun-gyula","status":"publish","type":"product","link":"https:\/\/uj.adatbank.ro\/lexikon\/termek\/braun-gyula\/","title":{"rendered":"BRAUN Gyula"},"content":{"rendered":"<p>? \u2020 ? : m\u00e9rn\u00f6k. \u2013 A marostordai vicin\u00e1lis vagyis a ny\u00e1r\u00e1dmenti \u00e9s mez\u0151s\u00e9gi vasut terveit \u0151 kezdem\u00e9nyezte \u00e9s k\u00e9sz\u00edtette el (1897), az \u00e9p\u00edt\u00e9s\u00e9t Bern\u00e1dy Gy\u00f6rgy polg\u00e1rmester t\u00e1mogat\u00e1s\u00e1val hat\u00e1rozt\u00e1k el \u00e9s kapt\u00e1k meg a korm\u00e1ny kedvez\u0151 beleegyez\u00e9s\u00e9t, az \u00e9p\u00edtkez\u00e9s elkezd\u00e9s\u00e9re (1912\u2013). \u00c9p\u00edtkez\u00e9si v\u00e1llalat-tulajdonos Luczer \u00c1rminnal k\u00f6z\u00f6sen Mv.-en a (20. sz. els\u0151 fel\u00e9n). <br \/><strong>Irod.:<\/strong> Id\u0151t\u00e1r 2; Man: Tg. M. 3.; Mv.-i Almanach, 1912.<\/br><\/p>\n","protected":false},"excerpt":{"rendered":"<p>? \u2020 ? : m\u00e9rn\u00f6k. \u2013 A marostordai vicin\u00e1lis vagyis a ny\u00e1r\u00e1dmenti \u00e9s mez\u0151s\u00e9gi vasut terveit \u0151 kezdem\u00e9nyezte \u00e9s k\u00e9sz\u00edtette el (1897), az \u00e9p\u00edt\u00e9s\u00e9t Bern\u00e1dy Gy\u00f6rgy polg\u00e1rmester t\u00e1mogat\u00e1s\u00e1val hat\u00e1rozt\u00e1k el \u00e9s kapt\u00e1k meg a korm\u00e1ny kedvez\u0151 beleegyez\u00e9s\u00e9t, az \u00e9p\u00edtkez\u00e9s elkezd\u00e9s\u00e9re (1912\u2013). \u00c9p\u00edtkez\u00e9si v\u00e1llalat-tulajdonos Luczer \u00c1rminnal k\u00f6z\u00f6sen Mv.-en a (20. sz. els\u0151 fel\u00e9n). Irod.: Id\u0151t\u00e1r 2; [&hellip;]<\/p>\n","protected":false},"featured_media":0,"comment_status":"open","ping_status":"closed","template":"","meta":[],"product_brand":[],"product_cat":[137],"product_tag":[],"class_list":{"0":"post-5404","1":"product","2":"type-product","3":"status-publish","5":"product_cat-maros-megyei-eletrajzi-lexikon","7":"first","8":"instock","9":"shipping-taxable","10":"product-type-simple"},"_links":{"self":[{"href":"https:\/\/uj.adatbank.ro\/lexikon\/wp-json\/wp\/v2\/product\/5404","targetHints":{"allow":["GET"]}}],"collection":[{"href":"https:\/\/uj.adatbank.ro\/lexikon\/wp-json\/wp\/v2\/product"}],"about":[{"href":"https:\/\/uj.adatbank.ro\/lexikon\/wp-json\/wp\/v2\/types\/product"}],"replies":[{"embeddable":true,"href":"https:\/\/uj.adatbank.ro\/lexikon\/wp-json\/wp\/v2\/comments?post=5404"}],"wp:attachment":[{"href":"https:\/\/uj.adatbank.ro\/lexikon\/wp-json\/wp\/v2\/media?parent=5404"}],"wp:term":[{"taxonomy":"product_brand","embeddable":true,"href":"https:\/\/uj.adatbank.ro\/lexikon\/wp-json\/wp\/v2\/product_brand?post=5404"},{"taxonomy":"product_cat","embeddable":true,"href":"https:\/\/uj.adatbank.ro\/lexikon\/wp-json\/wp\/v2\/product_cat?post=5404"},{"taxonomy":"product_tag","embeddable":true,"href":"https:\/\/uj.adatbank.ro\/lexikon\/wp-json\/wp\/v2\/product_tag?post=5404"}],"curies":[{"name":"wp","href":"https:\/\/api.w.org\/{rel}","templated":true}]}}

<p>? † ? : mérnök. – A marostordai vicinális vagyis a nyárádmenti és mezőségi vasut terveit ő kezdeményezte és készítette el (1897), az építését Bernády György polgármester támogatásával határozták el és kapták meg a kormány kedvező beleegyezését, az építkezés elkezdésére (1912–). Építkezési vállalat-tulajdonos Luczer Árminnal közösen Mv.-en a (20. sz. első felén). <br /><strong>Irod.:</strong> Időtár 2; Man: Tg. M. 3.; Mv.-i Almanach, 1912.</br></p>

<p>? † ? : mérnök. – A marostordai vicinális vagyis a nyárádmenti és mezőségi vasut terveit ő kezdeményezte és készítette el (1897), az építését Bernády György polgármester támogatásával határozták el és kapták meg a kormány kedvező beleegyezését, az építkezés elkezdésére (1912–). Építkezési vállalat-tulajdonos Luczer Árminnal közösen Mv.-en a (20. sz. első felén). Irod.: Időtár 2; [&hellip;]</p>
