{"id":5407,"date":"2025-06-28T17:14:16","date_gmt":"2025-06-28T15:14:16","guid":{"rendered":"https:\/\/uj.adatbank.ro\/lexikon\/termek\/braun-jeno\/"},"modified":"2025-06-28T17:14:16","modified_gmt":"2025-06-28T15:14:16","slug":"braun-jeno","status":"publish","type":"product","link":"https:\/\/uj.adatbank.ro\/lexikon\/termek\/braun-jeno\/","title":{"rendered":"BRAUN Jen\u0151"},"content":{"rendered":"<p>T\u0151k\u00e9s, 1950. nov. 16., \u2020 Mv., 2010. m\u00e1rc. 9. T\u0151k\u00e9sen temett\u00e9k: r. k. pap. \u2013 K\u00f6z\u00e9piskolai \u00e9s teol\u00f3giai tanulm\u00e1nyait a k\u00e1ntoriskol\u00e1ban, a Hittudom\u00e1nyi F\u0151iskol\u00e1n Gyulafeh\u00e9rv\u00e1ron v\u00e9gezte, ahol papp\u00e1 szentelte M\u00e1rton \u00c1ron p\u00fcsp\u00f6k (1974. j\u00fan. 23.). Seg\u00e9dlelk\u00e9sz, pl\u00e9b\u00e1nos, esperes-pl\u00e9b\u00e1nos (36 \u00e9ven kereszt\u00fcl). K\u00e1pl\u00e1n Gyergy\u00f3szentmikl\u00f3son (1974), K\u00e9zdiv\u00e1s\u00e1rhelyen (1975). Pl\u00e9b\u00e1nos volt a szenth\u00e1roms\u00e1gi egyh\u00e1zk\u00f6zs\u00e9gben (1977\u2013), a nyom\u00e1ti k\u00e1polna \u00e9p\u00fclt az \u0151 idej\u00e9ben \u00e9s Ny\u00e1r\u00e1dszentl\u00e1szl\u00f3n is \u00faj katolikus templomot emelt h\u00edveinek. Mv.-en pl\u00e9b\u00e1nos a Szt. Kozma \u00e9s Damj\u00e1n-templomban. Tb. esperes (2000\u2013). <br \/><strong>Irod.:<\/strong> Ferenczi S\u00e1ndor 2009; Maros-k\u00fck\u00fcll\u0151i f\u0151esp; Ny\u00e1r\u00e1dszentl\u00e1szl\u00f3; [Nekrol\u00f3g] (N\u00fa., 2010. m\u00e1rc. 10.); Sebesty\u00e9n P\u00e9ter: Nekrol\u00f3g helyett (N\u00fa., 2010. m\u00e1rc. 17.)<\/br><\/p>\n","protected":false},"excerpt":{"rendered":"<p>T\u0151k\u00e9s, 1950. nov. 16., \u2020 Mv., 2010. m\u00e1rc. 9. T\u0151k\u00e9sen temett\u00e9k: r. k. pap. \u2013 K\u00f6z\u00e9piskolai \u00e9s teol\u00f3giai tanulm\u00e1nyait a k\u00e1ntoriskol\u00e1ban, a Hittudom\u00e1nyi F\u0151iskol\u00e1n Gyulafeh\u00e9rv\u00e1ron v\u00e9gezte, ahol papp\u00e1 szentelte M\u00e1rton \u00c1ron p\u00fcsp\u00f6k (1974. j\u00fan. 23.). Seg\u00e9dlelk\u00e9sz, pl\u00e9b\u00e1nos, esperes-pl\u00e9b\u00e1nos (36 \u00e9ven kereszt\u00fcl). K\u00e1pl\u00e1n Gyergy\u00f3szentmikl\u00f3son (1974), K\u00e9zdiv\u00e1s\u00e1rhelyen (1975). Pl\u00e9b\u00e1nos volt a szenth\u00e1roms\u00e1gi egyh\u00e1zk\u00f6zs\u00e9gben (1977\u2013), a nyom\u00e1ti k\u00e1polna [&hellip;]<\/p>\n","protected":false},"featured_media":0,"comment_status":"open","ping_status":"closed","template":"","meta":[],"product_brand":[],"product_cat":[137],"product_tag":[],"class_list":{"0":"post-5407","1":"product","2":"type-product","3":"status-publish","5":"product_cat-maros-megyei-eletrajzi-lexikon","7":"first","8":"instock","9":"shipping-taxable","10":"product-type-simple"},"_links":{"self":[{"href":"https:\/\/uj.adatbank.ro\/lexikon\/wp-json\/wp\/v2\/product\/5407","targetHints":{"allow":["GET"]}}],"collection":[{"href":"https:\/\/uj.adatbank.ro\/lexikon\/wp-json\/wp\/v2\/product"}],"about":[{"href":"https:\/\/uj.adatbank.ro\/lexikon\/wp-json\/wp\/v2\/types\/product"}],"replies":[{"embeddable":true,"href":"https:\/\/uj.adatbank.ro\/lexikon\/wp-json\/wp\/v2\/comments?post=5407"}],"wp:attachment":[{"href":"https:\/\/uj.adatbank.ro\/lexikon\/wp-json\/wp\/v2\/media?parent=5407"}],"wp:term":[{"taxonomy":"product_brand","embeddable":true,"href":"https:\/\/uj.adatbank.ro\/lexikon\/wp-json\/wp\/v2\/product_brand?post=5407"},{"taxonomy":"product_cat","embeddable":true,"href":"https:\/\/uj.adatbank.ro\/lexikon\/wp-json\/wp\/v2\/product_cat?post=5407"},{"taxonomy":"product_tag","embeddable":true,"href":"https:\/\/uj.adatbank.ro\/lexikon\/wp-json\/wp\/v2\/product_tag?post=5407"}],"curies":[{"name":"wp","href":"https:\/\/api.w.org\/{rel}","templated":true}]}}

BRAUN Jenő

<p>Tőkés, 1950. nov. 16., † Mv., 2010. márc. 9. Tőkésen temették: r. k. pap. – Középiskolai és teológiai tanulmányait a kántoriskolában, a Hittudományi Főiskolán Gyulafehérváron végezte, ahol pappá szentelte Márton Áron püspök (1974. jún. 23.). Segédlelkész, plébános, esperes-plébános (36 éven keresztül). Káplán Gyergyószentmiklóson (1974), Kézdivásárhelyen (1975). Plébános volt a szentháromsági egyházközségben (1977–), a nyomáti kápolna épült az ő idejében és Nyárádszentlászlón is új katolikus templomot emelt híveinek. Mv.-en plébános a Szt. Kozma és Damján-templomban. Tb. esperes (2000–). <br /><strong>Irod.:</strong> Ferenczi Sándor 2009; Maros-küküllői főesp; Nyárádszentlászló; [Nekrológ] (Nú., 2010. márc. 10.); Sebestyén Péter: Nekrológ helyett (Nú., 2010. márc. 17.)</br></p>

<p>Tőkés, 1950. nov. 16., † Mv., 2010. márc. 9. Tőkésen temették: r. k. pap. – Középiskolai és teológiai tanulmányait a kántoriskolában, a Hittudományi Főiskolán Gyulafehérváron végezte, ahol pappá szentelte Márton Áron püspök (1974. jún. 23.). Segédlelkész, plébános, esperes-plébános (36 éven keresztül). Káplán Gyergyószentmiklóson (1974), Kézdivásárhelyen (1975). Plébános volt a szentháromsági egyházközségben (1977–), a nyomáti kápolna [&hellip;]</p>
