{"id":5410,"date":"2025-06-28T17:14:21","date_gmt":"2025-06-28T15:14:21","guid":{"rendered":"https:\/\/uj.adatbank.ro\/lexikon\/termek\/brecher-zsigmond\/"},"modified":"2025-06-28T17:14:21","modified_gmt":"2025-06-28T15:14:21","slug":"brecher-zsigmond","status":"publish","type":"product","link":"https:\/\/uj.adatbank.ro\/lexikon\/termek\/brecher-zsigmond\/","title":{"rendered":"BRECHER Zsigmond"},"content":{"rendered":"<p>Visnica, 1890, \u2020\u00a0?\u00a0: banktisztvisel\u0151. \u2013 Apja s\u00f6r- \u00e9s szeszgy\u00e1ros volt. \u2013 Beszterceb\u00e1ny\u00e1n \u00e9retts\u00e9gizett, jogot Bp.-en \u00e9s Kv.-on tanult, kereskedelmi akad.-t B\u00e9csben v\u00e9gzett. P\u00e1ly\u00e1j\u00e1t a Maramarosch Bank-n\u00e1l kezdte, ahol 4 \u00e9vig c\u00e9gjegyz\u0151 \u00e9s \u00e1r\u00faoszt\u00e1lyf\u0151n\u00f6k, majd a Chrisoveloni Bank kv.-i fi\u00f3kj\u00e1n\u00e1l dolgozott ugyanilyen min\u0151s\u00e9gben. Innen \u00e1tker\u00fclt az Erd\u00e9lyi Bank \u00e9s Takar\u00e9kp\u00e9nzt\u00e1r fi\u00f3kj\u00e1hoz, majd a mv.-i fi\u00f3khoz (1929), melynek f\u0151n\u00f6ke lett (1930). \u00c9l\u00e9nk t\u00e1rsadalmi \u00e9letet \u00e9lt, sz\u00e1mos t\u00e1rsadalmi \u00e9s kultur\u00e1lis egyes\u00fclet munk\u00e1j\u00e1ban vett r\u00e9szt. <br \/><strong>Irod.:<\/strong> Ki kicsoda ?<\/br><\/p>\n","protected":false},"excerpt":{"rendered":"<p>Visnica, 1890, \u2020\u00a0?\u00a0: banktisztvisel\u0151. \u2013 Apja s\u00f6r- \u00e9s szeszgy\u00e1ros volt. \u2013 Beszterceb\u00e1ny\u00e1n \u00e9retts\u00e9gizett, jogot Bp.-en \u00e9s Kv.-on tanult, kereskedelmi akad.-t B\u00e9csben v\u00e9gzett. P\u00e1ly\u00e1j\u00e1t a Maramarosch Bank-n\u00e1l kezdte, ahol 4 \u00e9vig c\u00e9gjegyz\u0151 \u00e9s \u00e1r\u00faoszt\u00e1lyf\u0151n\u00f6k, majd a Chrisoveloni Bank kv.-i fi\u00f3kj\u00e1n\u00e1l dolgozott ugyanilyen min\u0151s\u00e9gben. Innen \u00e1tker\u00fclt az Erd\u00e9lyi Bank \u00e9s Takar\u00e9kp\u00e9nzt\u00e1r fi\u00f3kj\u00e1hoz, majd a mv.-i fi\u00f3khoz (1929), [&hellip;]<\/p>\n","protected":false},"featured_media":0,"comment_status":"open","ping_status":"closed","template":"","meta":[],"product_brand":[],"product_cat":[137],"product_tag":[],"class_list":{"0":"post-5410","1":"product","2":"type-product","3":"status-publish","5":"product_cat-maros-megyei-eletrajzi-lexikon","7":"first","8":"instock","9":"shipping-taxable","10":"product-type-simple"},"_links":{"self":[{"href":"https:\/\/uj.adatbank.ro\/lexikon\/wp-json\/wp\/v2\/product\/5410","targetHints":{"allow":["GET"]}}],"collection":[{"href":"https:\/\/uj.adatbank.ro\/lexikon\/wp-json\/wp\/v2\/product"}],"about":[{"href":"https:\/\/uj.adatbank.ro\/lexikon\/wp-json\/wp\/v2\/types\/product"}],"replies":[{"embeddable":true,"href":"https:\/\/uj.adatbank.ro\/lexikon\/wp-json\/wp\/v2\/comments?post=5410"}],"wp:attachment":[{"href":"https:\/\/uj.adatbank.ro\/lexikon\/wp-json\/wp\/v2\/media?parent=5410"}],"wp:term":[{"taxonomy":"product_brand","embeddable":true,"href":"https:\/\/uj.adatbank.ro\/lexikon\/wp-json\/wp\/v2\/product_brand?post=5410"},{"taxonomy":"product_cat","embeddable":true,"href":"https:\/\/uj.adatbank.ro\/lexikon\/wp-json\/wp\/v2\/product_cat?post=5410"},{"taxonomy":"product_tag","embeddable":true,"href":"https:\/\/uj.adatbank.ro\/lexikon\/wp-json\/wp\/v2\/product_tag?post=5410"}],"curies":[{"name":"wp","href":"https:\/\/api.w.org\/{rel}","templated":true}]}}

<p>Visnica, 1890, † ? : banktisztviselő. – Apja sör- és szeszgyáros volt. – Besztercebányán érettségizett, jogot Bp.-en és Kv.-on tanult, kereskedelmi akad.-t Bécsben végzett. Pályáját a Maramarosch Bank-nál kezdte, ahol 4 évig cégjegyző és árúosztályfőnök, majd a Chrisoveloni Bank kv.-i fiókjánál dolgozott ugyanilyen minőségben. Innen átkerült az Erdélyi Bank és Takarékpénztár fiókjához, majd a mv.-i fiókhoz (1929), melynek főnöke lett (1930). Élénk társadalmi életet élt, számos társadalmi és kulturális egyesület munkájában vett részt. <br /><strong>Irod.:</strong> Ki kicsoda ?</br></p>

<p>Visnica, 1890, † ? : banktisztviselő. – Apja sör- és szeszgyáros volt. – Besztercebányán érettségizett, jogot Bp.-en és Kv.-on tanult, kereskedelmi akad.-t Bécsben végzett. Pályáját a Maramarosch Bank-nál kezdte, ahol 4 évig cégjegyző és árúosztályfőnök, majd a Chrisoveloni Bank kv.-i fiókjánál dolgozott ugyanilyen minőségben. Innen átkerült az Erdélyi Bank és Takarékpénztár fiókjához, majd a mv.-i fiókhoz (1929), [&hellip;]</p>
