{"id":5411,"date":"2025-06-28T17:14:23","date_gmt":"2025-06-28T15:14:23","guid":{"rendered":"https:\/\/uj.adatbank.ro\/lexikon\/termek\/breckner-egon\/"},"modified":"2025-06-28T17:14:23","modified_gmt":"2025-06-28T15:14:23","slug":"breckner-egon","status":"publish","type":"product","link":"https:\/\/uj.adatbank.ro\/lexikon\/termek\/breckner-egon\/","title":{"rendered":"BRECKNER Egon"},"content":{"rendered":"<p>Mv., ?\u00a0\u2020\u00a0? : g\u00e9p\u00e9szm\u00e9rn\u00f6k, sportol\u00f3. \u2013 B. Vilmos (1894\u20131952) \u00e9s M\u00e9sz\u00e1ros Ilona nagyobbik fia. Testv\u00e9re: Guszt\u00e1v. \u2013 \u00dasz\u00f3versenyz\u0151 \u00e9s ez\u00fcstkoszor\u00fas vitorl\u00e1z\u00f3rep\u00fcl\u0151 az eur\u00f3pai h\u00edr\u0171 mv.-i Vitorl\u00e1z\u00f3 Rep\u00fcl\u0151 Klubban (1940-es \u00e9vek). Ezermesterk\u00e9nt volt nyilv\u00e1ntartva, amit kamatoztatott Pesten a m\u0171egyetemen. A m\u00e1sodik vh. ut\u00e1n Amerik\u00e1ban \u00e9lt. H\u00e1z\u00e1t saj\u00e1tkez\u0171leg \u00e9p\u00edtette, az anyag \u00e1r\u00e1t \u00fasz\u00f3edz\u0151i munk\u00e1j\u00e1val kereste. Az aut\u00f3jav\u00edt\u00e1st megk\u00f6nny\u00edt\u0151, m\u00e1r itthon felfedezett, tal\u00e1lm\u00e1ny\u00e1t m\u0171hely\u00e9ben haszn\u00e1lta. <br \/><strong>Irod.:<\/strong> Sipos<\/br><\/p>\n","protected":false},"excerpt":{"rendered":"<p>Mv., ?\u00a0\u2020\u00a0? : g\u00e9p\u00e9szm\u00e9rn\u00f6k, sportol\u00f3. \u2013 B. Vilmos (1894\u20131952) \u00e9s M\u00e9sz\u00e1ros Ilona nagyobbik fia. Testv\u00e9re: Guszt\u00e1v. \u2013 \u00dasz\u00f3versenyz\u0151 \u00e9s ez\u00fcstkoszor\u00fas vitorl\u00e1z\u00f3rep\u00fcl\u0151 az eur\u00f3pai h\u00edr\u0171 mv.-i Vitorl\u00e1z\u00f3 Rep\u00fcl\u0151 Klubban (1940-es \u00e9vek). Ezermesterk\u00e9nt volt nyilv\u00e1ntartva, amit kamatoztatott Pesten a m\u0171egyetemen. A m\u00e1sodik vh. ut\u00e1n Amerik\u00e1ban \u00e9lt. H\u00e1z\u00e1t saj\u00e1tkez\u0171leg \u00e9p\u00edtette, az anyag \u00e1r\u00e1t \u00fasz\u00f3edz\u0151i munk\u00e1j\u00e1val kereste. Az aut\u00f3jav\u00edt\u00e1st [&hellip;]<\/p>\n","protected":false},"featured_media":0,"comment_status":"open","ping_status":"closed","template":"","meta":[],"product_brand":[],"product_cat":[137],"product_tag":[],"class_list":{"0":"post-5411","1":"product","2":"type-product","3":"status-publish","5":"product_cat-maros-megyei-eletrajzi-lexikon","7":"first","8":"instock","9":"shipping-taxable","10":"product-type-simple"},"_links":{"self":[{"href":"https:\/\/uj.adatbank.ro\/lexikon\/wp-json\/wp\/v2\/product\/5411","targetHints":{"allow":["GET"]}}],"collection":[{"href":"https:\/\/uj.adatbank.ro\/lexikon\/wp-json\/wp\/v2\/product"}],"about":[{"href":"https:\/\/uj.adatbank.ro\/lexikon\/wp-json\/wp\/v2\/types\/product"}],"replies":[{"embeddable":true,"href":"https:\/\/uj.adatbank.ro\/lexikon\/wp-json\/wp\/v2\/comments?post=5411"}],"wp:attachment":[{"href":"https:\/\/uj.adatbank.ro\/lexikon\/wp-json\/wp\/v2\/media?parent=5411"}],"wp:term":[{"taxonomy":"product_brand","embeddable":true,"href":"https:\/\/uj.adatbank.ro\/lexikon\/wp-json\/wp\/v2\/product_brand?post=5411"},{"taxonomy":"product_cat","embeddable":true,"href":"https:\/\/uj.adatbank.ro\/lexikon\/wp-json\/wp\/v2\/product_cat?post=5411"},{"taxonomy":"product_tag","embeddable":true,"href":"https:\/\/uj.adatbank.ro\/lexikon\/wp-json\/wp\/v2\/product_tag?post=5411"}],"curies":[{"name":"wp","href":"https:\/\/api.w.org\/{rel}","templated":true}]}}

<p>Mv., ? † ? : gépészmérnök, sportoló. – B. Vilmos (1894–1952) és Mészáros Ilona nagyobbik fia. Testvére: Gusztáv. – Úszóversenyző és ezüstkoszorús vitorlázórepülő az európai hírű mv.-i Vitorlázó Repülő Klubban (1940-es évek). Ezermesterként volt nyilvántartva, amit kamatoztatott Pesten a műegyetemen. A második vh. után Amerikában élt. Házát sajátkezűleg építette, az anyag árát úszóedzői munkájával kereste. Az autójavítást megkönnyítő, már itthon felfedezett, találmányát műhelyében használta. <br /><strong>Irod.:</strong> Sipos</br></p>

<p>Mv., ? † ? : gépészmérnök, sportoló. – B. Vilmos (1894–1952) és Mészáros Ilona nagyobbik fia. Testvére: Gusztáv. – Úszóversenyző és ezüstkoszorús vitorlázórepülő az európai hírű mv.-i Vitorlázó Repülő Klubban (1940-es évek). Ezermesterként volt nyilvántartva, amit kamatoztatott Pesten a műegyetemen. A második vh. után Amerikában élt. Házát sajátkezűleg építette, az anyag árát úszóedzői munkájával kereste. Az autójavítást [&hellip;]</p>
