{"id":5412,"date":"2025-06-28T17:14:26","date_gmt":"2025-06-28T15:14:26","guid":{"rendered":"https:\/\/uj.adatbank.ro\/lexikon\/termek\/breckner-friedrich-a\/"},"modified":"2025-06-28T17:14:26","modified_gmt":"2025-06-28T15:14:26","slug":"breckner-friedrich-a","status":"publish","type":"product","link":"https:\/\/uj.adatbank.ro\/lexikon\/termek\/breckner-friedrich-a\/","title":{"rendered":"BRECKNER Friedrich A."},"content":{"rendered":"<p>Segesv\u00e1r, 1913. \u00e1pr. 2., \u2020\u00a0? : k\u00f6zgazd\u00e1sz, politikus. \u2013 Jogi \u00e9s \u00e1llamk\u00f6zigazgat\u00e1si tanulm\u00e1nyokat Kv.-on, k\u00f6zgazdas\u00e1got Lipcs\u00e9ben \u00e9s Breslauban v\u00e9gzett. Egyetemi asszisztens Lipcs\u00e9ben, helyettes oszt. vezet\u0151 a Kelet-Eur\u00f3pai Int\u00e9zetben Breslauban. Hadiszolg\u00e1lat \u00e9s fogs\u00e1g ut\u00e1n a bajororsz\u00e1gi Gazdas\u00e1gi Min.-ban dolgozott, majd a Sz\u00f6vets\u00e9gi Gazdas\u00e1gi Min.-ban (1950\u201357), ahol min.-i tan\u00e1csos (1963\u2013) \u00e9s kidolgozta a sz\u00f6vets\u00e9gi gazdas\u00e1gpolitika alapelveit. Szaklapokban k\u00f6z\u00f6lt: Marktwirtschaft. Az NSzK \u00c9rdemkeresztj\u00e9nek els\u0151 fokozat\u00fa kit\u00fcntetettje. \u2013 <strong>F. m.:<\/strong> <strong>t\u00e1rssz.:<\/strong> Ostraum-Berichte, Schriftenreihe f\u00fcr Wirtschaftskunde und Wirtschaftspolitik, neue Folge 1943\/44 (Berlin, 1944); Epoche der Entscheidungen, die Siebenb\u00fcrger Sachsen im 20. Jahrhundert \/ (O. Schuster; K\u00f6ln\/Wien, 1983). <br \/><strong>Irod.:<\/strong> LSS<\/br><\/p>\n","protected":false},"excerpt":{"rendered":"<p>Segesv\u00e1r, 1913. \u00e1pr. 2., \u2020\u00a0? : k\u00f6zgazd\u00e1sz, politikus. \u2013 Jogi \u00e9s \u00e1llamk\u00f6zigazgat\u00e1si tanulm\u00e1nyokat Kv.-on, k\u00f6zgazdas\u00e1got Lipcs\u00e9ben \u00e9s Breslauban v\u00e9gzett. Egyetemi asszisztens Lipcs\u00e9ben, helyettes oszt. vezet\u0151 a Kelet-Eur\u00f3pai Int\u00e9zetben Breslauban. Hadiszolg\u00e1lat \u00e9s fogs\u00e1g ut\u00e1n a bajororsz\u00e1gi Gazdas\u00e1gi Min.-ban dolgozott, majd a Sz\u00f6vets\u00e9gi Gazdas\u00e1gi Min.-ban (1950\u201357), ahol min.-i tan\u00e1csos (1963\u2013) \u00e9s kidolgozta a sz\u00f6vets\u00e9gi gazdas\u00e1gpolitika alapelveit. Szaklapokban [&hellip;]<\/p>\n","protected":false},"featured_media":0,"comment_status":"open","ping_status":"closed","template":"","meta":[],"product_brand":[],"product_cat":[137],"product_tag":[],"class_list":{"0":"post-5412","1":"product","2":"type-product","3":"status-publish","5":"product_cat-maros-megyei-eletrajzi-lexikon","7":"first","8":"instock","9":"shipping-taxable","10":"product-type-simple"},"_links":{"self":[{"href":"https:\/\/uj.adatbank.ro\/lexikon\/wp-json\/wp\/v2\/product\/5412","targetHints":{"allow":["GET"]}}],"collection":[{"href":"https:\/\/uj.adatbank.ro\/lexikon\/wp-json\/wp\/v2\/product"}],"about":[{"href":"https:\/\/uj.adatbank.ro\/lexikon\/wp-json\/wp\/v2\/types\/product"}],"replies":[{"embeddable":true,"href":"https:\/\/uj.adatbank.ro\/lexikon\/wp-json\/wp\/v2\/comments?post=5412"}],"wp:attachment":[{"href":"https:\/\/uj.adatbank.ro\/lexikon\/wp-json\/wp\/v2\/media?parent=5412"}],"wp:term":[{"taxonomy":"product_brand","embeddable":true,"href":"https:\/\/uj.adatbank.ro\/lexikon\/wp-json\/wp\/v2\/product_brand?post=5412"},{"taxonomy":"product_cat","embeddable":true,"href":"https:\/\/uj.adatbank.ro\/lexikon\/wp-json\/wp\/v2\/product_cat?post=5412"},{"taxonomy":"product_tag","embeddable":true,"href":"https:\/\/uj.adatbank.ro\/lexikon\/wp-json\/wp\/v2\/product_tag?post=5412"}],"curies":[{"name":"wp","href":"https:\/\/api.w.org\/{rel}","templated":true}]}}

<p>Segesvár, 1913. ápr. 2., † ? : közgazdász, politikus. – Jogi és államközigazgatási tanulmányokat Kv.-on, közgazdaságot Lipcsében és Breslauban végzett. Egyetemi asszisztens Lipcsében, helyettes oszt. vezető a Kelet-Európai Intézetben Breslauban. Hadiszolgálat és fogság után a bajorországi Gazdasági Min.-ban dolgozott, majd a Szövetségi Gazdasági Min.-ban (1950–57), ahol min.-i tanácsos (1963–) és kidolgozta a szövetségi gazdaságpolitika alapelveit. Szaklapokban közölt: Marktwirtschaft. Az NSzK Érdemkeresztjének első fokozatú kitüntetettje. – <strong>F. m.:</strong> <strong>társsz.:</strong> Ostraum-Berichte, Schriftenreihe für Wirtschaftskunde und Wirtschaftspolitik, neue Folge 1943/44 (Berlin, 1944); Epoche der Entscheidungen, die Siebenbürger Sachsen im 20. Jahrhundert / (O. Schuster; Köln/Wien, 1983). <br /><strong>Irod.:</strong> LSS</br></p>

<p>Segesvár, 1913. ápr. 2., † ? : közgazdász, politikus. – Jogi és államközigazgatási tanulmányokat Kv.-on, közgazdaságot Lipcsében és Breslauban végzett. Egyetemi asszisztens Lipcsében, helyettes oszt. vezető a Kelet-Európai Intézetben Breslauban. Hadiszolgálat és fogság után a bajorországi Gazdasági Min.-ban dolgozott, majd a Szövetségi Gazdasági Min.-ban (1950–57), ahol min.-i tanácsos (1963–) és kidolgozta a szövetségi gazdaságpolitika alapelveit. Szaklapokban [&hellip;]</p>
