{"id":5418,"date":"2025-06-28T17:14:37","date_gmt":"2025-06-28T15:14:37","guid":{"rendered":"https:\/\/uj.adatbank.ro\/lexikon\/termek\/brejan-patriche-bresan-patriciu\/"},"modified":"2025-06-28T17:14:37","modified_gmt":"2025-06-28T15:14:37","slug":"brejan-patriche-bresan-patriciu","status":"publish","type":"product","link":"https:\/\/uj.adatbank.ro\/lexikon\/termek\/brejan-patriche-bresan-patriciu\/","title":{"rendered":"BREJAN Patriche, Bresan, Patriciu"},"content":{"rendered":"<p>1829., \u2020\u00a01894.: ort. pap. \u2013 Andrei \u015eaguna szentelte papp\u00e1 (1850). Gernyeszegen \u00e9s K\u00f6rtv\u00e9lyf\u00e1j\u00e1n szolg\u00e1lt (1850\u201390).<br \/><strong>Irod.:<\/strong> Dobozi; \u015eincan 2006<\/br><\/p>\n","protected":false},"excerpt":{"rendered":"<p>1829., \u2020\u00a01894.: ort. pap. \u2013 Andrei \u015eaguna szentelte papp\u00e1 (1850). Gernyeszegen \u00e9s K\u00f6rtv\u00e9lyf\u00e1j\u00e1n szolg\u00e1lt (1850\u201390).Irod.: Dobozi; \u015eincan 2006<\/p>\n","protected":false},"featured_media":0,"comment_status":"open","ping_status":"closed","template":"","meta":[],"product_brand":[],"product_cat":[137],"product_tag":[],"class_list":{"0":"post-5418","1":"product","2":"type-product","3":"status-publish","5":"product_cat-maros-megyei-eletrajzi-lexikon","7":"first","8":"instock","9":"shipping-taxable","10":"product-type-simple"},"_links":{"self":[{"href":"https:\/\/uj.adatbank.ro\/lexikon\/wp-json\/wp\/v2\/product\/5418","targetHints":{"allow":["GET"]}}],"collection":[{"href":"https:\/\/uj.adatbank.ro\/lexikon\/wp-json\/wp\/v2\/product"}],"about":[{"href":"https:\/\/uj.adatbank.ro\/lexikon\/wp-json\/wp\/v2\/types\/product"}],"replies":[{"embeddable":true,"href":"https:\/\/uj.adatbank.ro\/lexikon\/wp-json\/wp\/v2\/comments?post=5418"}],"wp:attachment":[{"href":"https:\/\/uj.adatbank.ro\/lexikon\/wp-json\/wp\/v2\/media?parent=5418"}],"wp:term":[{"taxonomy":"product_brand","embeddable":true,"href":"https:\/\/uj.adatbank.ro\/lexikon\/wp-json\/wp\/v2\/product_brand?post=5418"},{"taxonomy":"product_cat","embeddable":true,"href":"https:\/\/uj.adatbank.ro\/lexikon\/wp-json\/wp\/v2\/product_cat?post=5418"},{"taxonomy":"product_tag","embeddable":true,"href":"https:\/\/uj.adatbank.ro\/lexikon\/wp-json\/wp\/v2\/product_tag?post=5418"}],"curies":[{"name":"wp","href":"https:\/\/api.w.org\/{rel}","templated":true}]}}