{"id":5421,"date":"2025-06-28T17:14:42","date_gmt":"2025-06-28T15:14:42","guid":{"rendered":"https:\/\/uj.adatbank.ro\/lexikon\/termek\/bressler-gustav-adolf\/"},"modified":"2025-06-28T17:14:42","modified_gmt":"2025-06-28T15:14:42","slug":"bressler-gustav-adolf","status":"publish","type":"product","link":"https:\/\/uj.adatbank.ro\/lexikon\/termek\/bressler-gustav-adolf\/","title":{"rendered":"BRESSLER Gustav Adolf"},"content":{"rendered":"<p>Nagyszeben, 1889. j\u00fal. 8., \u2020\u00a0Sz\u00e1szbog\u00e1cs, 1945. m\u00e1rc. 30.: ev. lelk\u00e9sz. \u2013 Apja banktisztvisel\u0151. \u2013 Segesv\u00e1ron, Kv.-on tanult, a berni egy.-en b\u00f6lcs\u00e9szetet (1908. okt. 20. \u2013 1909. j\u00fal. 20.) \u00e9s Lipcs\u00e9ben (1911. \u00e1pr. 25. \u2013). K\u00e1pl\u00e1n volt Sellenbergben, lelk\u00e9sz Longod\u00e1ron (1914\u201331) \u00e9s hal\u00e1l\u00e1ig Sz\u00e1szbog\u00e1cson szolg\u00e1lt (1931\u201345. m\u00e1rc.). <br \/><strong>Irod.:<\/strong> Szab\u00f3\u2013Simon\u2013Sz\u00f6gi BUSTYA Ferenc, \u00a7 *Mv., 1897., \u2020\u00a0? : tisztvisel\u0151, alhadnagy. \u2013 R\u00e9szt vett az els\u0151 vh.-ban, a 62. k. gy. e-be vonult be, (1914\u2013) A tisztiiskol\u00e1t Gyulafeh\u00e9rv\u00e1ron v\u00e9gezte, az olasz fronton harcolt. Hat h\u00f3napig szolg\u00e1lt a sz\u00e9kely hadoszt\u00e1lyban, majd rom\u00e1n fogs\u00e1gban volt (1916). A K\u00e1roly Csapatkereszt kit\u00fcntet\u00e9ssel mint alhadnagy szerelt le. Tisztvisel\u0151 volt Mv.-en. <br \/><strong>Irod.:<\/strong> Erd\u00e9lyi ezredek<\/br><\/p>\n","protected":false},"excerpt":{"rendered":"<p>Nagyszeben, 1889. j\u00fal. 8., \u2020\u00a0Sz\u00e1szbog\u00e1cs, 1945. m\u00e1rc. 30.: ev. lelk\u00e9sz. \u2013 Apja banktisztvisel\u0151. \u2013 Segesv\u00e1ron, Kv.-on tanult, a berni egy.-en b\u00f6lcs\u00e9szetet (1908. okt. 20. \u2013 1909. j\u00fal. 20.) \u00e9s Lipcs\u00e9ben (1911. \u00e1pr. 25. \u2013). K\u00e1pl\u00e1n volt Sellenbergben, lelk\u00e9sz Longod\u00e1ron (1914\u201331) \u00e9s hal\u00e1l\u00e1ig Sz\u00e1szbog\u00e1cson szolg\u00e1lt (1931\u201345. m\u00e1rc.). Irod.: Szab\u00f3\u2013Simon\u2013Sz\u00f6gi BUSTYA Ferenc, \u00a7 *Mv., 1897., \u2020\u00a0? : [&hellip;]<\/p>\n","protected":false},"featured_media":0,"comment_status":"open","ping_status":"closed","template":"","meta":[],"product_brand":[],"product_cat":[137],"product_tag":[],"class_list":{"0":"post-5421","1":"product","2":"type-product","3":"status-publish","5":"product_cat-maros-megyei-eletrajzi-lexikon","7":"first","8":"instock","9":"shipping-taxable","10":"product-type-simple"},"_links":{"self":[{"href":"https:\/\/uj.adatbank.ro\/lexikon\/wp-json\/wp\/v2\/product\/5421","targetHints":{"allow":["GET"]}}],"collection":[{"href":"https:\/\/uj.adatbank.ro\/lexikon\/wp-json\/wp\/v2\/product"}],"about":[{"href":"https:\/\/uj.adatbank.ro\/lexikon\/wp-json\/wp\/v2\/types\/product"}],"replies":[{"embeddable":true,"href":"https:\/\/uj.adatbank.ro\/lexikon\/wp-json\/wp\/v2\/comments?post=5421"}],"wp:attachment":[{"href":"https:\/\/uj.adatbank.ro\/lexikon\/wp-json\/wp\/v2\/media?parent=5421"}],"wp:term":[{"taxonomy":"product_brand","embeddable":true,"href":"https:\/\/uj.adatbank.ro\/lexikon\/wp-json\/wp\/v2\/product_brand?post=5421"},{"taxonomy":"product_cat","embeddable":true,"href":"https:\/\/uj.adatbank.ro\/lexikon\/wp-json\/wp\/v2\/product_cat?post=5421"},{"taxonomy":"product_tag","embeddable":true,"href":"https:\/\/uj.adatbank.ro\/lexikon\/wp-json\/wp\/v2\/product_tag?post=5421"}],"curies":[{"name":"wp","href":"https:\/\/api.w.org\/{rel}","templated":true}]}}

<p>Nagyszeben, 1889. júl. 8., † Szászbogács, 1945. márc. 30.: ev. lelkész. – Apja banktisztviselő. – Segesváron, Kv.-on tanult, a berni egy.-en bölcsészetet (1908. okt. 20. – 1909. júl. 20.) és Lipcsében (1911. ápr. 25. –). Káplán volt Sellenbergben, lelkész Longodáron (1914–31) és haláláig Szászbogácson szolgált (1931–45. márc.). <br /><strong>Irod.:</strong> Szabó–Simon–Szögi BUSTYA Ferenc, § *Mv., 1897., † ? : tisztviselő, alhadnagy. – Részt vett az első vh.-ban, a 62. k. gy. e-be vonult be, (1914–) A tisztiiskolát Gyulafehérváron végezte, az olasz fronton harcolt. Hat hónapig szolgált a székely hadosztályban, majd román fogságban volt (1916). A Károly Csapatkereszt kitüntetéssel mint alhadnagy szerelt le. Tisztviselő volt Mv.-en. <br /><strong>Irod.:</strong> Erdélyi ezredek</br></p>

<p>Nagyszeben, 1889. júl. 8., † Szászbogács, 1945. márc. 30.: ev. lelkész. – Apja banktisztviselő. – Segesváron, Kv.-on tanult, a berni egy.-en bölcsészetet (1908. okt. 20. – 1909. júl. 20.) és Lipcsében (1911. ápr. 25. –). Káplán volt Sellenbergben, lelkész Longodáron (1914–31) és haláláig Szászbogácson szolgált (1931–45. márc.). Irod.: Szabó–Simon–Szögi BUSTYA Ferenc, § *Mv., 1897., † ? : [&hellip;]</p>
