{"id":5422,"date":"2025-06-28T17:14:43","date_gmt":"2025-06-28T15:14:43","guid":{"rendered":"https:\/\/uj.adatbank.ro\/lexikon\/termek\/brestowski-artur-leo\/"},"modified":"2025-06-28T17:14:43","modified_gmt":"2025-06-28T15:14:43","slug":"brestowski-artur-leo","status":"publish","type":"product","link":"https:\/\/uj.adatbank.ro\/lexikon\/termek\/brestowski-artur-leo\/","title":{"rendered":"BRESTOWSKI Artur Leo"},"content":{"rendered":"<p>Dics\u0151szentm\u00e1rton, 1859., \u2020\u00a0? : gy\u00f3gyszer\u00e9sz. \u2013 B\u00e9csben tanulta a gy\u00f3gyszer\u00e9szetet. Beutazta Tuniszt, Egyiptomot, T\u00f6r\u00f6ko, Palesztin\u00e1t (1881\/83), t\u00f6bb keleti gy\u00f3gyszert\u00e1rban dolgozott. B\u00e9csben telepedett le ahol mint szak\u00edr\u00f3 m\u0171k\u00f6d\u00f6tt. Cikkei a Pharmazeut. Pos., Zeitschrift f. Nachrungsmittel-Untersuchung-ban melyet \u0151 szerkesztett, elentek meg. <br \/><strong>Irod.:<\/strong> Guly\u00e1s<\/br><\/p>\n","protected":false},"excerpt":{"rendered":"<p>Dics\u0151szentm\u00e1rton, 1859., \u2020\u00a0? : gy\u00f3gyszer\u00e9sz. \u2013 B\u00e9csben tanulta a gy\u00f3gyszer\u00e9szetet. Beutazta Tuniszt, Egyiptomot, T\u00f6r\u00f6ko, Palesztin\u00e1t (1881\/83), t\u00f6bb keleti gy\u00f3gyszert\u00e1rban dolgozott. B\u00e9csben telepedett le ahol mint szak\u00edr\u00f3 m\u0171k\u00f6d\u00f6tt. Cikkei a Pharmazeut. Pos., Zeitschrift f. Nachrungsmittel-Untersuchung-ban melyet \u0151 szerkesztett, elentek meg. Irod.: Guly\u00e1s<\/p>\n","protected":false},"featured_media":0,"comment_status":"open","ping_status":"closed","template":"","meta":[],"product_brand":[],"product_cat":[137],"product_tag":[],"class_list":{"0":"post-5422","1":"product","2":"type-product","3":"status-publish","5":"product_cat-maros-megyei-eletrajzi-lexikon","7":"first","8":"instock","9":"shipping-taxable","10":"product-type-simple"},"_links":{"self":[{"href":"https:\/\/uj.adatbank.ro\/lexikon\/wp-json\/wp\/v2\/product\/5422","targetHints":{"allow":["GET"]}}],"collection":[{"href":"https:\/\/uj.adatbank.ro\/lexikon\/wp-json\/wp\/v2\/product"}],"about":[{"href":"https:\/\/uj.adatbank.ro\/lexikon\/wp-json\/wp\/v2\/types\/product"}],"replies":[{"embeddable":true,"href":"https:\/\/uj.adatbank.ro\/lexikon\/wp-json\/wp\/v2\/comments?post=5422"}],"wp:attachment":[{"href":"https:\/\/uj.adatbank.ro\/lexikon\/wp-json\/wp\/v2\/media?parent=5422"}],"wp:term":[{"taxonomy":"product_brand","embeddable":true,"href":"https:\/\/uj.adatbank.ro\/lexikon\/wp-json\/wp\/v2\/product_brand?post=5422"},{"taxonomy":"product_cat","embeddable":true,"href":"https:\/\/uj.adatbank.ro\/lexikon\/wp-json\/wp\/v2\/product_cat?post=5422"},{"taxonomy":"product_tag","embeddable":true,"href":"https:\/\/uj.adatbank.ro\/lexikon\/wp-json\/wp\/v2\/product_tag?post=5422"}],"curies":[{"name":"wp","href":"https:\/\/api.w.org\/{rel}","templated":true}]}}