{"id":5424,"date":"2025-06-28T17:14:46","date_gmt":"2025-06-28T15:14:46","guid":{"rendered":"https:\/\/uj.adatbank.ro\/lexikon\/termek\/bretter-rudolf-%c2%a7\/"},"modified":"2025-06-28T17:14:46","modified_gmt":"2025-06-28T15:14:46","slug":"bretter-rudolf-%c2%a7","status":"publish","type":"product","link":"https:\/\/uj.adatbank.ro\/lexikon\/termek\/bretter-rudolf-%c2%a7\/","title":{"rendered":"BRETTER Rudolf, \u00a7"},"content":{"rendered":"<p>1890., \u2020\u00a0? : dr. \u2013 A mv.-i cionista mozgalom els\u0151 n\u00e9pszer\u0171s\u00edt\u0151je, a zsid\u00f3 nemzeti g\u00e1rda egyik parancsnoka. Az Erd\u00e9lyi Zsid\u00f3 Nemzeti Sz\u00f6vets\u00e9g v\u00e1s\u00e1rhelyi csoportja k\u00f6vetek\u00e9nt r\u00e9szt vett az els\u0151 erd\u00e9lyi cionista kongresszuson (1920). A sz\u00f6vets\u00e9g f\u0151titk\u00e1ra (1921). Mv.-r\u0151l deport\u00e1lt\u00e1k (1944. m\u00e1j. 29.). <br \/><strong>Irod.:<\/strong> Id\u0151t\u00e1r 3; Mv. zsid\u00f3s\u00e1ga<\/br><\/p>\n","protected":false},"excerpt":{"rendered":"<p>1890., \u2020\u00a0? : dr. \u2013 A mv.-i cionista mozgalom els\u0151 n\u00e9pszer\u0171s\u00edt\u0151je, a zsid\u00f3 nemzeti g\u00e1rda egyik parancsnoka. Az Erd\u00e9lyi Zsid\u00f3 Nemzeti Sz\u00f6vets\u00e9g v\u00e1s\u00e1rhelyi csoportja k\u00f6vetek\u00e9nt r\u00e9szt vett az els\u0151 erd\u00e9lyi cionista kongresszuson (1920). A sz\u00f6vets\u00e9g f\u0151titk\u00e1ra (1921). Mv.-r\u0151l deport\u00e1lt\u00e1k (1944. m\u00e1j. 29.). Irod.: Id\u0151t\u00e1r 3; Mv. zsid\u00f3s\u00e1ga<\/p>\n","protected":false},"featured_media":0,"comment_status":"open","ping_status":"closed","template":"","meta":[],"product_brand":[],"product_cat":[137],"product_tag":[],"class_list":{"0":"post-5424","1":"product","2":"type-product","3":"status-publish","5":"product_cat-maros-megyei-eletrajzi-lexikon","7":"first","8":"instock","9":"shipping-taxable","10":"product-type-simple"},"_links":{"self":[{"href":"https:\/\/uj.adatbank.ro\/lexikon\/wp-json\/wp\/v2\/product\/5424","targetHints":{"allow":["GET"]}}],"collection":[{"href":"https:\/\/uj.adatbank.ro\/lexikon\/wp-json\/wp\/v2\/product"}],"about":[{"href":"https:\/\/uj.adatbank.ro\/lexikon\/wp-json\/wp\/v2\/types\/product"}],"replies":[{"embeddable":true,"href":"https:\/\/uj.adatbank.ro\/lexikon\/wp-json\/wp\/v2\/comments?post=5424"}],"wp:attachment":[{"href":"https:\/\/uj.adatbank.ro\/lexikon\/wp-json\/wp\/v2\/media?parent=5424"}],"wp:term":[{"taxonomy":"product_brand","embeddable":true,"href":"https:\/\/uj.adatbank.ro\/lexikon\/wp-json\/wp\/v2\/product_brand?post=5424"},{"taxonomy":"product_cat","embeddable":true,"href":"https:\/\/uj.adatbank.ro\/lexikon\/wp-json\/wp\/v2\/product_cat?post=5424"},{"taxonomy":"product_tag","embeddable":true,"href":"https:\/\/uj.adatbank.ro\/lexikon\/wp-json\/wp\/v2\/product_tag?post=5424"}],"curies":[{"name":"wp","href":"https:\/\/api.w.org\/{rel}","templated":true}]}}

<p>1890., † ? : dr. – A mv.-i cionista mozgalom első népszerűsítője, a zsidó nemzeti gárda egyik parancsnoka. Az Erdélyi Zsidó Nemzeti Szövetség vásárhelyi csoportja követeként részt vett az első erdélyi cionista kongresszuson (1920). A szövetség főtitkára (1921). Mv.-ről deportálták (1944. máj. 29.). <br /><strong>Irod.:</strong> Időtár 3; Mv. zsidósága</br></p>

<p>1890., † ? : dr. – A mv.-i cionista mozgalom első népszerűsítője, a zsidó nemzeti gárda egyik parancsnoka. Az Erdélyi Zsidó Nemzeti Szövetség vásárhelyi csoportja követeként részt vett az első erdélyi cionista kongresszuson (1920). A szövetség főtitkára (1921). Mv.-ről deportálták (1944. máj. 29.). Irod.: Időtár 3; Mv. zsidósága</p>
