{"id":5425,"date":"2025-06-28T17:14:48","date_gmt":"2025-06-28T15:14:48","guid":{"rendered":"https:\/\/uj.adatbank.ro\/lexikon\/termek\/bretter-vilmos\/"},"modified":"2025-06-28T17:14:48","modified_gmt":"2025-06-28T15:14:48","slug":"bretter-vilmos","status":"publish","type":"product","link":"https:\/\/uj.adatbank.ro\/lexikon\/termek\/bretter-vilmos\/","title":{"rendered":"BRETTER Vilmos"},"content":{"rendered":"<p>? \u2020\u00a0?: keresked\u0151. \u2013 F\u0171szerkeresked\u00e9se volt Mv.-en, ami rt.-g\u00e1 alakult Colonial Rt. n\u00e9ven (1919). A Keresked\u0151 T\u00e1rsas\u00e1g eln\u00f6ke (1920\u201330). A cionista mozgalom egyik mv.-i el\u0151lj\u00e1r\u00f3ja az izraelita hitk\u00f6zs\u00e9g vezet\u0151je (1926). Korm\u00e1nykit\u00fcntet\u00e9sben r\u00e9szes\u00fclt (1930). <br \/><strong>Irod.:<\/strong> Id\u0151t\u00e1r 3<\/br><\/p>\n","protected":false},"excerpt":{"rendered":"<p>? \u2020\u00a0?: keresked\u0151. \u2013 F\u0171szerkeresked\u00e9se volt Mv.-en, ami rt.-g\u00e1 alakult Colonial Rt. n\u00e9ven (1919). A Keresked\u0151 T\u00e1rsas\u00e1g eln\u00f6ke (1920\u201330). A cionista mozgalom egyik mv.-i el\u0151lj\u00e1r\u00f3ja az izraelita hitk\u00f6zs\u00e9g vezet\u0151je (1926). Korm\u00e1nykit\u00fcntet\u00e9sben r\u00e9szes\u00fclt (1930). Irod.: Id\u0151t\u00e1r 3<\/p>\n","protected":false},"featured_media":0,"comment_status":"open","ping_status":"closed","template":"","meta":[],"product_brand":[],"product_cat":[137],"product_tag":[],"class_list":{"0":"post-5425","1":"product","2":"type-product","3":"status-publish","5":"product_cat-maros-megyei-eletrajzi-lexikon","7":"first","8":"instock","9":"shipping-taxable","10":"product-type-simple"},"_links":{"self":[{"href":"https:\/\/uj.adatbank.ro\/lexikon\/wp-json\/wp\/v2\/product\/5425","targetHints":{"allow":["GET"]}}],"collection":[{"href":"https:\/\/uj.adatbank.ro\/lexikon\/wp-json\/wp\/v2\/product"}],"about":[{"href":"https:\/\/uj.adatbank.ro\/lexikon\/wp-json\/wp\/v2\/types\/product"}],"replies":[{"embeddable":true,"href":"https:\/\/uj.adatbank.ro\/lexikon\/wp-json\/wp\/v2\/comments?post=5425"}],"wp:attachment":[{"href":"https:\/\/uj.adatbank.ro\/lexikon\/wp-json\/wp\/v2\/media?parent=5425"}],"wp:term":[{"taxonomy":"product_brand","embeddable":true,"href":"https:\/\/uj.adatbank.ro\/lexikon\/wp-json\/wp\/v2\/product_brand?post=5425"},{"taxonomy":"product_cat","embeddable":true,"href":"https:\/\/uj.adatbank.ro\/lexikon\/wp-json\/wp\/v2\/product_cat?post=5425"},{"taxonomy":"product_tag","embeddable":true,"href":"https:\/\/uj.adatbank.ro\/lexikon\/wp-json\/wp\/v2\/product_tag?post=5425"}],"curies":[{"name":"wp","href":"https:\/\/api.w.org\/{rel}","templated":true}]}}