{"id":5429,"date":"2025-06-28T17:14:56","date_gmt":"2025-06-28T15:14:56","guid":{"rendered":"https:\/\/uj.adatbank.ro\/lexikon\/termek\/briebrecher-ernst\/"},"modified":"2025-06-28T17:14:56","modified_gmt":"2025-06-28T15:14:56","slug":"briebrecher-ernst","status":"publish","type":"product","link":"https:\/\/uj.adatbank.ro\/lexikon\/termek\/briebrecher-ernst\/","title":{"rendered":"BRIEBRECHER Ernst"},"content":{"rendered":"<p>Kem\u00e9nynagysz\u0151ll\u0151s, 1872. nov. 7., \u2020 Szeben, 1951. m\u00e1j. 23.: tan\u00e1r. \u2013 Apja ev. lelk\u00e9sz. \u2013 A medgyesi ev. gimn.-ban, \u00e9s a kv.-i egy.-en tanult (1895-ig). A hallei egy.-en teologiai, b\u00f6lcs\u00e9sz hallgat\u00f3 (1891. okt. 20. \u201392. okt. 29.) \u00e9s Lipcs\u00e9ben is (1892. nov. 10. \u2013). Tan\u00e1r volt Sz\u00e1szsebesen (1895\u201398), a segesv\u00e1ri ev. polg\u00e1ri fi\u00faiskol\u00e1ban (1899-ig), Szebenben r\u00f6vid ideig az ev. polg\u00e1ri l\u00e1nyiskol\u00e1ban, majd a teol\u00f3giai int\u00e9zetben tan\u00e1r (1899\u20131916) \u00e9s nyugd\u00edjaz\u00e1s\u00e1ig igazgat\u00f3 (1939-ig). <br \/><strong>Irod.:<\/strong> Szab\u00f3\u2013Simon\u2013Sz\u00f6gi<\/br><\/p>\n","protected":false},"excerpt":{"rendered":"<p>Kem\u00e9nynagysz\u0151ll\u0151s, 1872. nov. 7., \u2020 Szeben, 1951. m\u00e1j. 23.: tan\u00e1r. \u2013 Apja ev. lelk\u00e9sz. \u2013 A medgyesi ev. gimn.-ban, \u00e9s a kv.-i egy.-en tanult (1895-ig). A hallei egy.-en teologiai, b\u00f6lcs\u00e9sz hallgat\u00f3 (1891. okt. 20. \u201392. okt. 29.) \u00e9s Lipcs\u00e9ben is (1892. nov. 10. \u2013). Tan\u00e1r volt Sz\u00e1szsebesen (1895\u201398), a segesv\u00e1ri ev. polg\u00e1ri fi\u00faiskol\u00e1ban (1899-ig), Szebenben [&hellip;]<\/p>\n","protected":false},"featured_media":0,"comment_status":"open","ping_status":"closed","template":"","meta":[],"product_brand":[],"product_cat":[137],"product_tag":[],"class_list":{"0":"post-5429","1":"product","2":"type-product","3":"status-publish","5":"product_cat-maros-megyei-eletrajzi-lexikon","7":"first","8":"instock","9":"shipping-taxable","10":"product-type-simple"},"_links":{"self":[{"href":"https:\/\/uj.adatbank.ro\/lexikon\/wp-json\/wp\/v2\/product\/5429","targetHints":{"allow":["GET"]}}],"collection":[{"href":"https:\/\/uj.adatbank.ro\/lexikon\/wp-json\/wp\/v2\/product"}],"about":[{"href":"https:\/\/uj.adatbank.ro\/lexikon\/wp-json\/wp\/v2\/types\/product"}],"replies":[{"embeddable":true,"href":"https:\/\/uj.adatbank.ro\/lexikon\/wp-json\/wp\/v2\/comments?post=5429"}],"wp:attachment":[{"href":"https:\/\/uj.adatbank.ro\/lexikon\/wp-json\/wp\/v2\/media?parent=5429"}],"wp:term":[{"taxonomy":"product_brand","embeddable":true,"href":"https:\/\/uj.adatbank.ro\/lexikon\/wp-json\/wp\/v2\/product_brand?post=5429"},{"taxonomy":"product_cat","embeddable":true,"href":"https:\/\/uj.adatbank.ro\/lexikon\/wp-json\/wp\/v2\/product_cat?post=5429"},{"taxonomy":"product_tag","embeddable":true,"href":"https:\/\/uj.adatbank.ro\/lexikon\/wp-json\/wp\/v2\/product_tag?post=5429"}],"curies":[{"name":"wp","href":"https:\/\/api.w.org\/{rel}","templated":true}]}}